# ************************************************************
# Sequel Pro SQL dump
# Version 4096
#
# http://www.sequelpro.com/
# http://code.google.com/p/sequel-pro/
#
# Host: 103.23.20.164 (MySQL 5.1.73)
# Database: bukatoko_141019kedaibat
# Generation Time: 2014-10-19 02:28:05 +0000
# ************************************************************




# Dump of table address
# ------------------------------------------------------------


CREATE TABLE `address` (
  `address_id` int(11) NOT NULL AUTO_INCREMENT,
  `customer_id` int(11) NOT NULL,
  `firstname` varchar(32) COLLATE utf8_bin NOT NULL DEFAULT '',
  `lastname` varchar(32) COLLATE utf8_bin NOT NULL DEFAULT '',
  `company` varchar(32) COLLATE utf8_bin NOT NULL,
  `company_id` varchar(32) COLLATE utf8_bin NOT NULL,
  `tax_id` varchar(32) COLLATE utf8_bin NOT NULL,
  `address_1` varchar(128) COLLATE utf8_bin NOT NULL,
  `address_2` varchar(128) COLLATE utf8_bin NOT NULL,
  `city` varchar(128) COLLATE utf8_bin NOT NULL,
  `postcode` varchar(10) COLLATE utf8_bin NOT NULL,
  `country_id` int(11) NOT NULL DEFAULT '0',
  `zone_id` int(11) NOT NULL DEFAULT '0',
  PRIMARY KEY (`address_id`),
  KEY `customer_id` (`customer_id`)
) ENGINE=MyISAM DEFAULT CHARSET=utf8 COLLATE=utf8_bin;



# Dump of table affiliate_transaction
# ------------------------------------------------------------


CREATE TABLE `affiliate_transaction` (
  `affiliate_transaction_id` int(11) NOT NULL AUTO_INCREMENT,
  `affiliate_id` int(11) NOT NULL,
  `order_id` int(11) NOT NULL,
  `description` text COLLATE utf8_bin NOT NULL,
  `amount` decimal(15,4) NOT NULL,
  `date_added` datetime NOT NULL,
  PRIMARY KEY (`affiliate_transaction_id`)
) ENGINE=MyISAM DEFAULT CHARSET=utf8 COLLATE=utf8_bin;



# Dump of table attribute
# ------------------------------------------------------------


CREATE TABLE `attribute` (
  `attribute_id` int(11) NOT NULL AUTO_INCREMENT,
  `attribute_group_id` int(11) NOT NULL,
  `sort_order` int(3) NOT NULL,
  PRIMARY KEY (`attribute_id`)
) ENGINE=MyISAM DEFAULT CHARSET=utf8 COLLATE=utf8_bin;



# Dump of table attribute_description
# ------------------------------------------------------------


CREATE TABLE `attribute_description` (
  `attribute_id` int(11) NOT NULL,
  `language_id` int(11) NOT NULL,
  `name` varchar(64) COLLATE utf8_bin NOT NULL,
  PRIMARY KEY (`attribute_id`,`language_id`)
) ENGINE=MyISAM DEFAULT CHARSET=utf8 COLLATE=utf8_bin;



# Dump of table attribute_group
# ------------------------------------------------------------


CREATE TABLE `attribute_group` (
  `attribute_group_id` int(11) NOT NULL AUTO_INCREMENT,
  `sort_order` int(3) NOT NULL,
  PRIMARY KEY (`attribute_group_id`)
) ENGINE=MyISAM DEFAULT CHARSET=utf8 COLLATE=utf8_bin;



# Dump of table attribute_group_description
# ------------------------------------------------------------


CREATE TABLE `attribute_group_description` (
  `attribute_group_id` int(11) NOT NULL,
  `language_id` int(11) NOT NULL,
  `name` varchar(64) COLLATE utf8_bin NOT NULL,
  PRIMARY KEY (`attribute_group_id`,`language_id`)
) ENGINE=MyISAM DEFAULT CHARSET=utf8 COLLATE=utf8_bin;



# Dump of table banks
# ------------------------------------------------------------


CREATE TABLE `banks` (
  `bank_id` int(11) NOT NULL AUTO_INCREMENT,
  `bank_logo_image` varchar(128) NOT NULL,
  `name` varchar(32) CHARACTER SET utf8 COLLATE utf8_bin NOT NULL,
  `branch` varchar(128) CHARACTER SET utf8 COLLATE utf8_bin NOT NULL,
  `account_number` varchar(32) CHARACTER SET utf8 COLLATE utf8_bin NOT NULL,
  `account_holder` varchar(128) CHARACTER SET utf8 COLLATE utf8_bin NOT NULL,
  `sort_order` int(3) NOT NULL,
  `status` int(1) NOT NULL DEFAULT '1',
  PRIMARY KEY (`bank_id`)
) ENGINE=MyISAM DEFAULT CHARSET=latin1;


INSERT INTO `banks` (`bank_id`, `bank_logo_image`, `name`, `branch`, `account_number`, `account_holder`, `sort_order`, `status`)
VALUES
	(1,'',X'424341',X'4D617472616D616E',X'323337383633343837363233383734',X'42616D62616E672059756C69616E746F',1,1),
	(2,'',X'4D616E64697269',X'4D617472616D616E',X'3435363930383435303935363435',X'42616D62616E672059756C69616E746F',2,1);



# Dump of table banks_name
# ------------------------------------------------------------


CREATE TABLE `banks_name` (
  `bank_id` int(11) NOT NULL AUTO_INCREMENT,
  `name` varchar(128) CHARACTER SET utf8 COLLATE utf8_bin NOT NULL,
  `sort_order` int(3) NOT NULL,
  `status` int(1) NOT NULL DEFAULT '1',
  PRIMARY KEY (`bank_id`)
) ENGINE=MyISAM DEFAULT CHARSET=latin1;


INSERT INTO `banks_name` (`bank_id`, `name`, `sort_order`, `status`)
VALUES
	(1,X'424341',1,1),
	(2,X'4D616E64697269',2,1);



# Dump of table banner
# ------------------------------------------------------------


CREATE TABLE `banner` (
  `banner_id` int(11) NOT NULL AUTO_INCREMENT,
  `name` varchar(64) COLLATE utf8_bin NOT NULL,
  `status` tinyint(1) NOT NULL DEFAULT '0',
  PRIMARY KEY (`banner_id`)
) ENGINE=MyISAM DEFAULT CHARSET=utf8 COLLATE=utf8_bin;


INSERT INTO `banner` (`banner_id`, `name`, `status`)
VALUES
	(9,X'46726F6E7470616765202D20536C69646573686F77',1),
	(20,X'48656164657220496D616765202D2041626F7574207573',1),
	(19,X'48656164657220496D616765202D2053616C65',1),
	(23,X'48656164657220496D616765202D20436F6E74616374207573',1),
	(24,X'48656164657220496D616765202D20426C6F67',1),
	(27,X'46726F6E74706167652042616E6E657273202842696729',1),
	(28,X'46726F6E74706167652042616E6E6572732028536D616C6C29',1),
	(32,X'536964652042616E6E6572',1),
	(33,X'46726F6E74706167652042616E6E657220546F70',1);



# Dump of table banner_image
# ------------------------------------------------------------


CREATE TABLE `banner_image` (
  `banner_image_id` int(11) NOT NULL AUTO_INCREMENT,
  `banner_id` int(11) NOT NULL,
  `link` varchar(255) COLLATE utf8_bin NOT NULL,
  `image` varchar(255) COLLATE utf8_bin NOT NULL,
  `heading` varchar(64) COLLATE utf8_bin NOT NULL,
  `sort_order` int(3) DEFAULT NULL,
  PRIMARY KEY (`banner_image_id`)
) ENGINE=MyISAM DEFAULT CHARSET=utf8 COLLATE=utf8_bin;


INSERT INTO `banner_image` (`banner_image_id`, `banner_id`, `link`, `image`, `heading`, `sort_order`)
VALUES
	(241,19,X'',X'646174612F7468656D65732F757262616E2F757262616E2D73616C652E6A7067',X'53616C65',NULL),
	(268,9,X'',X'646174612F7468656D65732F6D6F726F63636F2F62616E6E65722D302E6A7067',X'536C6964652031',NULL),
	(240,23,X'',X'646174612F7468656D65732F757262616E2F757262616E2D636F6E746163742D75732E6A7067',X'436F6E74616374205573',NULL),
	(239,24,X'',X'646174612F7468656D65732F757262616E2F757262616E2D626C6F672E6A7067',X'426C6F67',NULL),
	(238,20,X'',X'646174612F7468656D65732F757262616E2F757262616E2D61626F75742D75732E6A7067',X'41626F7574205573',NULL),
	(263,27,X'',X'646174612F7468656D65732F6D6F726F63636F2F62616E6E65722D352E6A7067',X'42616E6E65722031',NULL),
	(261,28,X'',X'646174612F7468656D65732F6D6F726F63636F2F62616E6E65722D342E6A7067',X'',NULL),
	(257,32,X'',X'646174612F7468656D65732F757262616E2F757262616E2D62616E6E65722D332E6A7067',X'',NULL),
	(256,32,X'',X'646174612F7468656D65732F757262616E2F757262616E2D62616E6E65722D322E6A7067',X'',NULL),
	(255,32,X'',X'646174612F7468656D65732F757262616E2F757262616E2D62616E6E65722D312E6A7067',X'',NULL),
	(260,28,X'',X'646174612F7468656D65732F6D6F726F63636F2F62616E6E65722D332E6A7067',X'',NULL),
	(259,28,X'',X'646174612F7468656D65732F6D6F726F63636F2F62616E6E65722D322E6A7067',X'',NULL),
	(258,28,X'',X'646174612F7468656D65732F6D6F726F63636F2F62616E6E65722D312E6A7067',X'42616E6E65722032',NULL),
	(264,33,X'',X'646174612F7468656D65732F6D6F726F63636F2F62616E6E65722D362E6A7067',X'',NULL),
	(265,33,X'',X'646174612F7468656D65732F6D6F726F63636F2F62616E6E65722D372E6A7067',X'',NULL),
	(266,33,X'',X'646174612F7468656D65732F6D6F726F63636F2F62616E6E65722D382E6A7067',X'',NULL),
	(267,33,X'',X'646174612F7468656D65732F6D6F726F63636F2F62616E6E65722D392E6A7067',X'',NULL);



# Dump of table banner_image_description
# ------------------------------------------------------------


CREATE TABLE `banner_image_description` (
  `banner_image_id` int(11) NOT NULL,
  `language_id` int(11) NOT NULL,
  `banner_id` int(11) NOT NULL,
  `title` varchar(350) COLLATE utf8_bin NOT NULL,
  PRIMARY KEY (`banner_image_id`,`language_id`)
) ENGINE=MyISAM DEFAULT CHARSET=utf8 COLLATE=utf8_bin;


INSERT INTO `banner_image_description` (`banner_image_id`, `language_id`, `banner_id`, `title`)
VALUES
	(241,1,19,X''),
	(238,1,20,X''),
	(239,1,24,X''),
	(268,1,9,X''),
	(240,1,23,X''),
	(261,1,28,X''),
	(263,1,27,X''),
	(257,1,32,X''),
	(256,1,32,X''),
	(260,1,28,X''),
	(255,1,32,X''),
	(259,1,28,X''),
	(267,1,33,X''),
	(266,1,33,X''),
	(258,1,28,X''),
	(265,1,33,X''),
	(264,1,33,X'');



# Dump of table blog_article
# ------------------------------------------------------------


CREATE TABLE `blog_article` (
  `article_id` int(11) NOT NULL AUTO_INCREMENT,
  `author_id` int(11) NOT NULL DEFAULT '0',
  `image` varchar(255) COLLATE utf8_bin DEFAULT NULL,
  `sort_order` int(11) NOT NULL DEFAULT '0',
  `status` int(11) NOT NULL DEFAULT '0',
  `available` date NOT NULL,
  `created` datetime NOT NULL DEFAULT '0000-00-00 00:00:00',
  `modified` datetime NOT NULL DEFAULT '0000-00-00 00:00:00',
  `viewed` int(11) NOT NULL DEFAULT '0',
  PRIMARY KEY (`article_id`)
) ENGINE=MyISAM DEFAULT CHARSET=utf8 COLLATE=utf8_bin;


INSERT INTO `blog_article` (`article_id`, `author_id`, `image`, `sort_order`, `status`, `available`, `created`, `modified`, `viewed`)
VALUES
	(1,2,X'',0,1,'2012-10-20','2012-10-21 09:49:00','2013-05-17 11:18:00',6),
	(2,2,X'',0,1,'2012-10-20','2012-10-21 09:49:00','2013-05-17 11:18:00',1),
	(3,2,X'',0,1,'2013-05-16','2013-05-17 11:24:00','2013-05-17 11:24:00',1),
	(4,2,X'',0,1,'2013-05-16','2013-05-17 11:39:00','2013-05-17 11:39:00',1);



# Dump of table blog_article_description
# ------------------------------------------------------------


CREATE TABLE `blog_article_description` (
  `article_id` int(11) NOT NULL,
  `language_id` int(11) NOT NULL,
  `title` varchar(128) COLLATE utf8_bin NOT NULL,
  `meta_keyword` varchar(255) COLLATE utf8_bin NOT NULL,
  `meta_description` varchar(255) COLLATE utf8_bin NOT NULL,
  `description` text COLLATE utf8_bin NOT NULL,
  PRIMARY KEY (`article_id`,`language_id`),
  KEY `name` (`title`)
) ENGINE=MyISAM DEFAULT CHARSET=utf8 COLLATE=utf8_bin;


INSERT INTO `blog_article_description` (`article_id`, `language_id`, `title`, `meta_keyword`, `meta_description`, `description`)
VALUES
	(3,1,X'457469616D20706F7274612073656D206D616C657375616461206D61676E61206D6F6C6C697320657569736D6F64',X'',X'',X'[BLOB]'),
	(1,1,X'446F6E656320756C6C616D636F72706572206E756C6C61206E6F6E206D6574757320617563746F72206672696E67696C6C61',X'',X'',X'[BLOB]'),
	(2,1,X'43726173206A7573746F206F64696F2C206461706962757320616320666163696C6973697320696E2C20656765737461732065676574207175616D',X'',X'',X'[BLOB]'),
	(4,1,X'43756D20736F63696973206E61746F7175652070656E617469627573206574206D61676E6973206469732070617274757269656E74206D6F6E746573',X'',X'',X'[BLOB]');



# Dump of table blog_article_related
# ------------------------------------------------------------


CREATE TABLE `blog_article_related` (
  `article_id` int(11) NOT NULL,
  `related_id` int(11) NOT NULL,
  PRIMARY KEY (`article_id`,`related_id`)
) ENGINE=MyISAM DEFAULT CHARSET=utf8 COLLATE=utf8_bin;


INSERT INTO `blog_article_related` (`article_id`, `related_id`)
VALUES
	(3,1);



# Dump of table blog_article_tag
# ------------------------------------------------------------


CREATE TABLE `blog_article_tag` (
  `tag_id` int(11) NOT NULL AUTO_INCREMENT,
  `article_id` int(11) NOT NULL,
  `language_id` int(11) NOT NULL,
  `tag` varchar(128) COLLATE utf8_bin NOT NULL,
  PRIMARY KEY (`tag_id`),
  KEY `article_id` (`article_id`),
  KEY `language_id` (`language_id`),
  KEY `tag` (`tag`)
) ENGINE=MyISAM DEFAULT CHARSET=utf8 COLLATE=utf8_bin;


INSERT INTO `blog_article_tag` (`tag_id`, `article_id`, `language_id`, `tag`)
VALUES
	(41,1,1,X'6D6F64'),
	(40,1,1,X'6C6F6F6B'),
	(39,1,1,X'3630'),
	(38,1,1,X'6D616B65207570'),
	(43,2,1,X'666162726963'),
	(42,2,1,X'74616B652063617265'),
	(37,1,1,X'6D6164'),
	(44,2,1,X'7375656465');



# Dump of table blog_article_to_category
# ------------------------------------------------------------


CREATE TABLE `blog_article_to_category` (
  `article_id` int(11) NOT NULL,
  `category_id` int(11) NOT NULL,
  PRIMARY KEY (`article_id`,`category_id`)
) ENGINE=MyISAM DEFAULT CHARSET=utf8 COLLATE=utf8_bin;


INSERT INTO `blog_article_to_category` (`article_id`, `category_id`)
VALUES
	(1,2),
	(2,1),
	(3,1),
	(4,2);



# Dump of table blog_article_to_layout
# ------------------------------------------------------------


CREATE TABLE `blog_article_to_layout` (
  `article_id` int(11) NOT NULL,
  `store_id` int(11) NOT NULL,
  `layout_id` int(11) NOT NULL,
  PRIMARY KEY (`article_id`,`store_id`)
) ENGINE=MyISAM DEFAULT CHARSET=utf8 COLLATE=utf8_bin;


INSERT INTO `blog_article_to_layout` (`article_id`, `store_id`, `layout_id`)
VALUES
	(1,0,0),
	(2,0,0),
	(3,0,0),
	(4,0,0);



# Dump of table blog_article_to_store
# ------------------------------------------------------------


CREATE TABLE `blog_article_to_store` (
  `article_id` int(11) NOT NULL,
  `store_id` int(11) NOT NULL,
  PRIMARY KEY (`article_id`,`store_id`)
) ENGINE=MyISAM DEFAULT CHARSET=utf8 COLLATE=utf8_bin;


INSERT INTO `blog_article_to_store` (`article_id`, `store_id`)
VALUES
	(1,0),
	(2,0),
	(3,0),
	(4,0);



# Dump of table blog_author
# ------------------------------------------------------------


CREATE TABLE `blog_author` (
  `author_id` int(11) NOT NULL AUTO_INCREMENT,
  `author_group_id` int(11) NOT NULL DEFAULT '0',
  `user_id` int(11) NOT NULL DEFAULT '0',
  `name` varchar(128) COLLATE utf8_bin NOT NULL,
  PRIMARY KEY (`author_id`)
) ENGINE=MyISAM DEFAULT CHARSET=utf8 COLLATE=utf8_bin;


INSERT INTO `blog_author` (`author_id`, `author_group_id`, `user_id`, `name`)
VALUES
	(2,1,1,X'42756B61746F6B6F'),
	(3,3,2,X'48656E6479');



# Dump of table blog_author_group
# ------------------------------------------------------------


CREATE TABLE `blog_author_group` (
  `author_group_id` int(11) NOT NULL AUTO_INCREMENT,
  `name` varchar(64) COLLATE utf8_bin NOT NULL,
  `permission` text COLLATE utf8_bin NOT NULL,
  PRIMARY KEY (`author_group_id`)
) ENGINE=MyISAM DEFAULT CHARSET=utf8 COLLATE=utf8_bin;


INSERT INTO `blog_author_group` (`author_group_id`, `name`, `permission`)
VALUES
	(3,X'417574686F72',X'613A323A7B693A303B733A31303A2261646441727469636C65223B693A313B733A31343A22656469744F776E41727469636C65223B7D'),
	(2,X'456469746F72',X'[BLOB]'),
	(1,X'41646D696E',X'[BLOB]');



# Dump of table blog_category
# ------------------------------------------------------------


CREATE TABLE `blog_category` (
  `category_id` int(11) NOT NULL AUTO_INCREMENT,
  `parent_id` int(11) NOT NULL DEFAULT '0',
  `image` varchar(255) COLLATE utf8_bin DEFAULT NULL,
  `sort_order` int(11) NOT NULL DEFAULT '0',
  `article_order` varchar(64) COLLATE utf8_bin NOT NULL,
  `width` int(11) NOT NULL,
  `height` int(11) NOT NULL,
  `desc_limit` int(11) NOT NULL,
  `status` int(11) NOT NULL DEFAULT '0',
  `suffix` varchar(128) COLLATE utf8_bin NOT NULL,
  `created` date NOT NULL,
  `modified` date NOT NULL,
  PRIMARY KEY (`category_id`)
) ENGINE=MyISAM DEFAULT CHARSET=utf8 COLLATE=utf8_bin;


INSERT INTO `blog_category` (`category_id`, `parent_id`, `image`, `sort_order`, `article_order`, `width`, `height`, `desc_limit`, `status`, `suffix`, `created`, `modified`)
VALUES
	(1,0,X'',0,X'6461746544657363',0,0,0,1,X'','2012-10-21','2013-01-03'),
	(2,0,X'',0,X'6461746544657363',0,0,0,1,X'','2012-10-21','2013-01-03'),
	(3,1,X'',0,X'6461746544657363',0,0,0,1,X'','2013-03-02','2013-03-02');



# Dump of table blog_category_description
# ------------------------------------------------------------


CREATE TABLE `blog_category_description` (
  `category_id` int(11) NOT NULL,
  `language_id` int(11) NOT NULL,
  `name` varchar(128) COLLATE utf8_bin NOT NULL,
  `meta_keyword` varchar(255) COLLATE utf8_bin NOT NULL,
  `meta_description` varchar(255) COLLATE utf8_bin NOT NULL,
  `description` text COLLATE utf8_bin NOT NULL,
  PRIMARY KEY (`category_id`,`language_id`),
  KEY `name` (`name`)
) ENGINE=MyISAM DEFAULT CHARSET=utf8 COLLATE=utf8_bin;


INSERT INTO `blog_category_description` (`category_id`, `language_id`, `name`, `meta_keyword`, `meta_description`, `description`)
VALUES
	(1,1,X'4E657773',X'',X'',''),
	(2,1,X'426C6F67',X'',X'',''),
	(3,1,X'4576656E74',X'',X'','');



# Dump of table blog_category_to_layout
# ------------------------------------------------------------


CREATE TABLE `blog_category_to_layout` (
  `category_id` int(11) NOT NULL,
  `store_id` int(11) NOT NULL,
  `layout_id` int(11) NOT NULL,
  PRIMARY KEY (`category_id`,`store_id`)
) ENGINE=MyISAM DEFAULT CHARSET=utf8 COLLATE=utf8_bin;



# Dump of table blog_category_to_store
# ------------------------------------------------------------


CREATE TABLE `blog_category_to_store` (
  `category_id` int(11) NOT NULL,
  `store_id` int(11) NOT NULL,
  UNIQUE KEY `category_id` (`category_id`,`store_id`)
) ENGINE=MyISAM DEFAULT CHARSET=utf8 COLLATE=utf8_bin;


INSERT INTO `blog_category_to_store` (`category_id`, `store_id`)
VALUES
	(1,0),
	(2,0),
	(3,0);



# Dump of table blog_comment
# ------------------------------------------------------------


CREATE TABLE `blog_comment` (
  `comment_id` int(11) NOT NULL AUTO_INCREMENT,
  `parent_id` int(11) NOT NULL,
  `customer_id` int(11) NOT NULL,
  `article_id` int(11) NOT NULL,
  `name` varchar(64) COLLATE utf8_bin NOT NULL,
  `email` varchar(96) COLLATE utf8_bin NOT NULL,
  `website` varchar(128) COLLATE utf8_bin NOT NULL,
  `content` text COLLATE utf8_bin NOT NULL,
  `status` tinyint(1) NOT NULL,
  `staff_id` int(11) NOT NULL,
  `created` datetime NOT NULL DEFAULT '0000-00-00 00:00:00',
  UNIQUE KEY `comment_id` (`comment_id`)
) ENGINE=MyISAM DEFAULT CHARSET=utf8 COLLATE=utf8_bin;


INSERT INTO `blog_comment` (`comment_id`, `parent_id`, `customer_id`, `article_id`, `name`, `email`, `website`, `content`, `status`, `staff_id`, `created`)
VALUES
	(1,0,0,1,X'4469616E',X'6469616E40676D61696C2E636F6D',X'',X'[BLOB]',1,0,'2013-01-03 20:29:10'),
	(2,0,0,1,X'53757369',X'7375736940676D61696C2E636F6D',X'',X'[BLOB]',1,0,'2013-01-04 12:42:20'),
	(3,0,0,1,X'4A6F68616E',X'6A6F68616E40676D61696C2E636F6D',X'',X'[BLOB]',1,0,'2013-05-17 19:56:03'),
	(4,1,0,1,X'42756469',X'6275646940676D61696C2E636F6D',X'',X'[BLOB]',1,0,'2013-05-17 19:57:14');



# Dump of table blog_product_related
# ------------------------------------------------------------


CREATE TABLE `blog_product_related` (
  `article_id` int(11) NOT NULL,
  `product_id` int(11) NOT NULL,
  PRIMARY KEY (`article_id`,`product_id`)
) ENGINE=MyISAM DEFAULT CHARSET=utf8 COLLATE=utf8_bin;


INSERT INTO `blog_product_related` (`article_id`, `product_id`)
VALUES
	(3,403),
	(3,411),
	(4,409),
	(4,412);



# Dump of table category
# ------------------------------------------------------------


CREATE TABLE `category` (
  `category_id` int(11) NOT NULL AUTO_INCREMENT,
  `image` varchar(255) COLLATE utf8_bin DEFAULT NULL,
  `parent_id` int(11) NOT NULL DEFAULT '0',
  `left` int(11) NOT NULL DEFAULT '0',
  `right` int(11) NOT NULL DEFAULT '0',
  `top` tinyint(1) NOT NULL DEFAULT '0',
  `column` int(3) NOT NULL,
  `sort_order` int(3) NOT NULL DEFAULT '0',
  `discounts` varchar(255) COLLATE utf8_bin NOT NULL DEFAULT '',
  `status` tinyint(1) NOT NULL DEFAULT '0',
  `date_added` datetime NOT NULL DEFAULT '0000-00-00 00:00:00',
  `date_modified` datetime NOT NULL DEFAULT '0000-00-00 00:00:00',
  PRIMARY KEY (`category_id`)
) ENGINE=MyISAM DEFAULT CHARSET=utf8 COLLATE=utf8_bin;


INSERT INTO `category` (`category_id`, `image`, `parent_id`, `left`, `right`, `top`, `column`, `sort_order`, `discounts`, `status`, `date_added`, `date_modified`)
VALUES
	(1,X'',0,0,0,1,1,0,X'317C20327C',1,'2013-08-11 10:03:07','2013-12-11 12:26:18'),
	(2,X'',1,0,0,0,1,0,X'317C20327C',1,'2013-12-01 07:58:46','2013-12-11 12:26:51'),
	(3,X'',1,0,0,0,1,0,X'317C20327C',1,'2013-12-01 07:58:54','2013-12-11 12:26:35'),
	(6,X'',1,0,0,0,1,0,X'317C20327C',1,'2013-12-01 08:15:16','2013-12-01 08:15:16'),
	(7,X'',0,0,0,1,1,0,X'317C20327C',1,'2013-12-01 08:21:16','2013-12-11 12:27:28'),
	(8,X'',0,0,0,1,1,0,X'317C20327C',1,'2013-12-01 08:21:31','2013-12-11 12:27:06'),
	(9,X'',0,0,0,1,1,0,X'317C20327C',1,'2013-12-01 08:21:40','2013-12-11 12:27:15'),
	(10,X'',0,0,0,1,1,0,X'317C20327C',1,'2013-12-01 08:22:00','2013-12-11 12:25:34');



# Dump of table category_description
# ------------------------------------------------------------


CREATE TABLE `category_description` (
  `category_id` int(11) NOT NULL,
  `language_id` int(11) NOT NULL,
  `name` varchar(255) COLLATE utf8_bin NOT NULL DEFAULT '',
  `description` text COLLATE utf8_bin NOT NULL,
  `meta_description` varchar(255) COLLATE utf8_bin NOT NULL,
  `meta_keyword` varchar(255) COLLATE utf8_bin NOT NULL,
  PRIMARY KEY (`category_id`,`language_id`),
  KEY `name` (`name`)
) ENGINE=MyISAM DEFAULT CHARSET=utf8 COLLATE=utf8_bin;


INSERT INTO `category_description` (`category_id`, `language_id`, `name`, `description`, `meta_description`, `meta_keyword`)
VALUES
	(1,1,X'48696A616273',X'[BLOB]',X'',X''),
	(2,1,X'5072696E7465642026616D703B20447965642048696A616273','',X'',X''),
	(3,1,X'506C61696E2048696A616273','',X'',X''),
	(6,1,X'436F6C6C656374696F6E73','',X'',X''),
	(7,1,X'4A6577656C657279','',X'',X''),
	(8,1,X'436F6C6C656374696F6E73','',X'',X''),
	(9,1,X'4163636573736F72696573','',X'',X''),
	(10,1,X'436C6F7468696E67','',X'',X'');



# Dump of table category_special
# ------------------------------------------------------------


CREATE TABLE `category_special` (
  `category_special_id` int(11) NOT NULL AUTO_INCREMENT,
  `category_id` int(11) NOT NULL,
  `customer_group_id` int(11) NOT NULL,
  `priority` int(5) NOT NULL DEFAULT '1',
  `discount` decimal(15,4) NOT NULL DEFAULT '0.0000',
  `discount_type` tinyint(1) NOT NULL DEFAULT '0',
  `date_start` date NOT NULL DEFAULT '0000-00-00',
  `date_end` date NOT NULL DEFAULT '0000-00-00',
  PRIMARY KEY (`category_special_id`),
  KEY `category_id` (`category_id`)
) ENGINE=MyISAM DEFAULT CHARSET=utf8 COLLATE=utf8_bin;



# Dump of table category_special_to_product_special
# ------------------------------------------------------------


CREATE TABLE `category_special_to_product_special` (
  `category_special_id` int(11) NOT NULL,
  `product_special_id` int(11) NOT NULL,
  PRIMARY KEY (`category_special_id`,`product_special_id`)
) ENGINE=MyISAM DEFAULT CHARSET=utf8 COLLATE=utf8_bin;



# Dump of table category_to_layout
# ------------------------------------------------------------


CREATE TABLE `category_to_layout` (
  `category_id` int(11) NOT NULL,
  `store_id` int(11) NOT NULL,
  `layout_id` int(11) NOT NULL,
  PRIMARY KEY (`category_id`,`store_id`)
) ENGINE=MyISAM DEFAULT CHARSET=utf8 COLLATE=utf8_bin;



# Dump of table category_to_store
# ------------------------------------------------------------


CREATE TABLE `category_to_store` (
  `category_id` int(11) NOT NULL,
  `store_id` int(11) NOT NULL,
  PRIMARY KEY (`category_id`,`store_id`)
) ENGINE=MyISAM DEFAULT CHARSET=utf8 COLLATE=utf8_bin;


INSERT INTO `category_to_store` (`category_id`, `store_id`)
VALUES
	(1,0),
	(2,0),
	(3,0),
	(6,0),
	(7,0),
	(8,0),
	(9,0),
	(10,0);



# Dump of table city
# ------------------------------------------------------------


CREATE TABLE `city` (
  `city_id` int(11) NOT NULL AUTO_INCREMENT,
  `country_id` int(11) NOT NULL DEFAULT '100',
  `zone_id` int(11) NOT NULL,
  `code` varchar(32) CHARACTER SET utf8 COLLATE utf8_bin NOT NULL,
  `name` varchar(128) NOT NULL,
  `status` int(1) NOT NULL DEFAULT '1',
  PRIMARY KEY (`city_id`)
) ENGINE=MyISAM DEFAULT CHARSET=latin1;


INSERT INTO `city` (`city_id`, `country_id`, `zone_id`, `code`, `name`, `status`)
VALUES
	(1,100,1507,X'','Banda Aceh',1),
	(2,100,1507,X'','Langsa',1),
	(3,100,1507,X'','Lhokseumawe',1),
	(4,100,1507,X'','Kab. Aceh Besar',1),
	(5,100,1507,X'','Kab. Bireuen',1),
	(6,100,1507,X'','Kab. Aceh Tenggara',1),
	(7,100,1507,X'','Kab. Aceh Barat',1),
	(8,100,1507,X'','Kab. Pidie',1),
	(9,100,1507,X'','Kab. Aceh Tengah',1),
	(10,100,1507,X'','Kab. Aceh Selatan',1),
	(11,100,1507,X'','Sabang',1),
	(12,100,1507,X'','Kab. Aceh Barat Daya',1),
	(13,100,1507,X'','Kab. Aceh Jaya',1),
	(14,100,1507,X'','Kab. Aceh Singkil',1),
	(15,100,1507,X'','Kab. Aceh Tamiang',1),
	(16,100,1507,X'','Kab. Aceh Timur',1),
	(17,100,1507,X'','Kab. Aceh Utara',1),
	(18,100,1507,X'','Kab. Bener Meriah',1),
	(19,100,1507,X'','Kab. Gayo Lues',1),
	(20,100,1507,X'','Kab. Nagan Raya',1),
	(21,100,1507,X'','Kab. Pidie Jaya',1),
	(22,100,1507,X'','Kab. Simeuleu',1),
	(23,100,1507,X'','Subulussalam',1),
	(24,100,1508,X'','Denpasar',1),
	(25,100,1508,X'','Kab. Karangasem',1),
	(26,100,1508,X'','Kab. Bangli',1),
	(27,100,1508,X'','Kab. Gianyar',1),
	(28,100,1508,X'','Kab. Jembrana',1),
	(29,100,1508,X'','Kab. Klungkung',1),
	(30,100,1508,X'','Kab. Buleleng',1),
	(31,100,1508,X'','Kab. Tabanan',1),
	(32,100,1508,X'','Kab. Badung',1),
	(33,100,1509,X'','Cilegon',1),
	(34,100,1509,X'','Kab. Pandeglang',1),
	(35,100,1509,X'','Kab. Lebak',1),
	(36,100,1509,X'','Serang',1),
	(37,100,1509,X'','Kab. Serang',1),
	(38,100,1509,X'','Tangerang',1),
	(39,100,1509,X'','Kab. Tangerang',1),
	(40,100,1510,X'','Bengkulu',1),
	(41,100,1510,X'','Kab. Bengkulu Utara',1),
	(42,100,1510,X'','Kab. Rejang Lebong',1),
	(43,100,1510,X'','Kab. Bengkulu Selatan',1),
	(44,100,1510,X'','Kab. Kaur',1),
	(45,100,1510,X'','Kab. Kepahiang',1),
	(46,100,1510,X'','Kab. Lebong',1),
	(47,100,1510,X'','Kab. Muko-Muko',1),
	(48,100,1510,X'','Kab. Seluma',1),
	(49,100,1511,X'','Gorontalo',1),
	(50,100,1511,X'','Kab. Gorontalo',1),
	(51,100,1511,X'','Kab. Boalemo',1),
	(52,100,1511,X'','Bone Bolango',1),
	(53,100,1511,X'','Kab. Gorontalo Utara',1),
	(54,100,1511,X'','Kab. Pahuwalo',1),
	(55,100,1512,X'','DKI Jakarta',1),
	(56,100,1512,X'','Jakarta Barat',1),
	(57,100,1512,X'','Jakarta Selatan',1),
	(58,100,1512,X'','Jakarta Pusat',1),
	(59,100,1512,X'','Jakarta Utara',1),
	(60,100,1512,X'','Jakarta Timur',1),
	(61,100,1512,X'','Kepulauan Seribu',1),
	(62,100,1513,X'','Jambi',1),
	(63,100,1513,X'','Kab. Tanjung Jabung Barat',1),
	(64,100,1513,X'','Kab. Merangin',1),
	(65,100,1513,X'','Kab. Batang Hari',1),
	(66,100,1513,X'','Kab. Bungo',1),
	(67,100,1513,X'','Kab. Kerinci',1),
	(68,100,1513,X'','Kab. Muaro Jambi',1),
	(69,100,1513,X'','Kab. Sarolangun',1),
	(70,100,1513,X'','Kab. Tanjung Jabung Timur',1),
	(71,100,1513,X'','Kab. Tebo',1),
	(72,100,1514,X'','Bandung',1),
	(73,100,1514,X'','Kab. Bandung',1),
	(74,100,1514,X'','Cimahi',1),
	(75,100,1514,X'','Kab. Sumedang',1),
	(76,100,1514,X'','Tasikmalaya',1),
	(77,100,1514,X'','Banjar',1),
	(78,100,1514,X'','Kab.Ciamis',1),
	(79,100,1514,X'','Kab. Tasikmalaya',1),
	(80,100,1514,X'','Kab. Garut',1),
	(81,100,1514,X'','Kab. Purwakarta',1),
	(82,100,1514,X'','Kab. Bandung Barat',1),
	(83,100,1514,X'','Kab. Subang',1),
	(84,100,1514,X'','Bekasi',1),
	(85,100,1514,X'','Kab. Bekasi',1),
	(86,100,1514,X'','Bogor',1),
	(87,100,1514,X'','Kab. Bogor',1),
	(88,100,1514,X'','Cirebon',1),
	(89,100,1514,X'','Kab. Indramayu',1),
	(90,100,1514,X'','Kab. Kuningan',1),
	(91,100,1514,X'','Kab. Majalengka',1),
	(92,100,1514,X'','Kab. Cirebon',1),
	(93,100,1514,X'','Depok',1),
	(94,100,1514,X'','Kab. Karawang',1),
	(95,100,1514,X'','Kab. Sukabumi',1),
	(96,100,1514,X'','Sukabumi',1),
	(97,100,1514,X'','Kab. Cianjur',1),
	(98,100,1515,X'','Kab. Cilacap',1),
	(99,100,1515,X'','Magelang',1),
	(100,100,1515,X'','Kab. Kebumen',1),
	(101,100,1515,X'','Kab. Wonosobo',1),
	(102,100,1515,X'','Kab. Purworejo',1),
	(103,100,1515,X'','Kab. Temanggung',1),
	(104,100,1515,X'','Kab. Magelang',1),
	(105,100,1515,X'','Surakarta',1),
	(106,100,1515,X'','Kab. Boyolali',1),
	(107,100,1515,X'','Kab. Karang Anyar',1),
	(108,100,1515,X'','Kab. Klaten',1),
	(109,100,1515,X'','Kab. Sragen',1),
	(110,100,1515,X'','Kab. Sukoharjo',1),
	(111,100,1515,X'','Kab. Wonogiri',1),
	(112,100,1515,X'','Semarang',1),
	(113,100,1515,X'','Kab. Jepara',1),
	(114,100,1515,X'','Kab. Kudus',1),
	(115,100,1515,X'','Pekalongan',1),
	(116,100,1515,X'','Kab. Banyumas',1),
	(117,100,1515,X'','Kab. Batang',1),
	(118,100,1515,X'','Kab. Blora',1),
	(119,100,1515,X'','Kab. Brebes',1),
	(120,100,1515,X'','Kab. Demak',1),
	(121,100,1515,X'','Kab. Kendal',1),
	(122,100,1515,X'','Kab. Pati',1),
	(123,100,1515,X'','Kab. Pemalang',1),
	(124,100,1515,X'','Kab. Grobogan',1),
	(125,100,1515,X'','Kab. Rembang',1),
	(126,100,1515,X'','Salatiga',1),
	(127,100,1515,X'','Kab. Tegal',1),
	(128,100,1515,X'','Tegal',1),
	(129,100,1515,X'','Kab. Semarang',1),
	(130,100,1515,X'','Kab. Purbalingga',1),
	(131,100,1515,X'','Kab. Banjarnegara',1),
	(132,100,1515,X'','Kab. Pekalongan',1),
	(133,100,1516,X'','Kab. Jember',1),
	(134,100,1516,X'','Kab. Banyuwangi',1),
	(135,100,1516,X'','Kab. Bondowoso',1),
	(136,100,1516,X'','Kediri',1),
	(137,100,1516,X'','Kab. Kediri',1),
	(138,100,1516,X'','Madiun',1),
	(139,100,1516,X'','Kab. Madiun',1),
	(140,100,1516,X'','Kab. Magetan',1),
	(141,100,1516,X'','Kab. Ngawi',1),
	(142,100,1516,X'','Kab. Pacitan',1),
	(143,100,1516,X'','Kab. Ponorogo',1),
	(144,100,1516,X'','Kab. Mojokerto',1),
	(145,100,1516,X'','Kab. Sidoarjo',1),
	(146,100,1516,X'','Mojokerto',1),
	(147,100,1516,X'','Malang',1),
	(148,100,1516,X'','Kab. Blitar',1),
	(149,100,1516,X'','Blitar',1),
	(150,100,1516,X'','Batu',1),
	(151,100,1516,X'','Kab. Malang',1),
	(152,100,1516,X'','Kab. Probolinggo',1),
	(153,100,1516,X'','Probolinggo',1),
	(154,100,1516,X'','Kab. Lumajang',1),
	(155,100,1516,X'','Kab Situbondo',1),
	(156,100,1516,X'','Kab. Pasuruan',1),
	(157,100,1516,X'','Pasuruan',1),
	(158,100,1516,X'','Kab. Bojonegoro',1),
	(159,100,1516,X'','Surabaya',1),
	(160,100,1516,X'','Kab.Gresik',1),
	(161,100,1516,X'','Kab. Lamongan',1),
	(162,100,1516,X'','Kab. Bangkalan',1),
	(163,100,1516,X'','Kab. Jombang',1),
	(164,100,1516,X'','Kab. Nganjuk',1),
	(165,100,1516,X'','Kab. Pamekasan',1),
	(166,100,1516,X'','Kab. Sampang',1),
	(167,100,1516,X'','Kab. Sumenep',1),
	(168,100,1516,X'','Kab. Tuban',1),
	(169,100,1516,X'','Kab. Tulungagung',1),
	(170,100,1516,X'','Kab. Trenggalek',1),
	(171,100,1517,X'','Pontianak',1),
	(172,100,1517,X'','Kab. Ketapang',1),
	(173,100,1517,X'','Kab. Sanggau',1),
	(174,100,1517,X'','Singkawang',1),
	(175,100,1517,X'','Kab. Sintang',1),
	(176,100,1517,X'','Kab. Kapuas Hulu',1),
	(177,100,1517,X'','Kab. Bengkayang',1),
	(178,100,1517,X'','Kab. Landak',1),
	(179,100,1517,X'','Kab. Melawi',1),
	(180,100,1517,X'','Kab. Pontianak',1),
	(181,100,1517,X'','Kab. Sambas',1),
	(182,100,1517,X'','Kab. Sekadau',1),
	(183,100,1517,X'','Kab. Kubu Raya',1),
	(184,100,1517,X'','Kab. Kayong Utara',1),
	(185,100,1518,X'','Banjarmasin',1),
	(186,100,1518,X'','Kab. Hulu Sungai Tengah',1),
	(187,100,1518,X'','Kab. Hulu Sungai Selatan',1),
	(188,100,1518,X'','Kab. Baru',1),
	(189,100,1518,X'','Kab. Tabalong',1),
	(190,100,1518,X'','Banjarbaru',1),
	(191,100,1518,X'','Kab. Hulu Sungai Utara',1),
	(192,100,1518,X'','Kab. Barito Kuala',1),
	(193,100,1518,X'','Kab. Banjar',1),
	(194,100,1518,X'','Kab. Tanah Laut',1),
	(195,100,1518,X'','Kab. Tampin',1),
	(196,100,1518,X'','Kab. Balangan',1),
	(197,100,1518,X'','Kab. Tanah Bambu',1),
	(198,100,1519,X'','Kab. Barito Utara',1),
	(199,100,1519,X'','Kab. Barito Timur',1),
	(200,100,1519,X'','Kab. Murung Raya',1),
	(201,100,1519,X'','Kab. Barito Selatan',1),
	(202,100,1519,X'','Palangkaraya',1),
	(203,100,1519,X'','Kab. Katingan',1),
	(204,100,1519,X'','Kab. Kapuas',1),
	(205,100,1519,X'','Kab. Gunung Mas',1),
	(206,100,1519,X'','Kab. Seruyan',1),
	(207,100,1519,X'','Kab. Kotawaringin Barat',1),
	(208,100,1519,X'','Kab. Kotawaringin Timur',1),
	(209,100,1519,X'','Kab. Lamandau',1),
	(210,100,1519,X'','Kab. Pulang Pisau',1),
	(211,100,1519,X'','Kab. Sukamara',1),
	(212,100,1520,X'','Balikpapan',1),
	(213,100,1520,X'','Kab. Kutai Kartanegara',1),
	(214,100,1520,X'','Kab. Paser',1),
	(215,100,1520,X'','Kab. Berau',1),
	(216,100,1520,X'','Kab. Panajam Paser Utara',1),
	(217,100,1520,X'','Bontang',1),
	(218,100,1520,X'','Kab. Kutai Timur',1),
	(219,100,1520,X'','Samarinda',1),
	(220,100,1520,X'','Kab. Kutai Barat',1),
	(221,100,1521,X'','Tarakan',1),
	(222,100,1521,X'','Kab. Bulungan',1),
	(223,100,1521,X'','Kab. Malinau',1),
	(224,100,1521,X'','Kab. Nunukan',1),
	(225,100,1521,X'','Kab. Tana Tidung',1),
	(226,100,1522,X'','Pangkal Pinang',1),
	(227,100,1522,X'','Kab. Bangka',1),
	(228,100,1522,X'','Kab. Bangka Barat',1),
	(229,100,1522,X'','Kab. Bangka Tengah',1),
	(230,100,1522,X'','Kab. Bangka Selatan',1),
	(231,100,1522,X'','Kab. Belitung',1),
	(232,100,1522,X'','Kab. Belitung Timur',1),
	(233,100,1523,X'','Batam',1),
	(234,100,1523,X'','Kab. Lingga',1),
	(235,100,1523,X'','Kab. Natuna',1),
	(236,100,1523,X'','Kab. Karimun',1),
	(237,100,1523,X'','Tanjung Pinang',1),
	(238,100,1523,X'','Kab. Bintan',1),
	(239,100,1524,X'','Bandar Lampung',1),
	(240,100,1524,X'','Kab. Lampung Selatan',1),
	(241,100,1524,X'','Kab. Lampung Utara',1),
	(242,100,1524,X'','Metro',1),
	(243,100,1524,X'','Kab. Lampung Barat',1),
	(244,100,1524,X'','Kab. Lampung Tengah',1),
	(245,100,1524,X'','Kab. Lampung Timur',1),
	(246,100,1524,X'','Kab. Way Kanan',1),
	(247,100,1524,X'','Kab. Tulang Bawang',1),
	(248,100,1524,X'','Kab. Tanggamus',1),
	(249,100,1524,X'','Kab. Pesawaran',1),
	(250,100,1525,X'','Ambon',1),
	(251,100,1525,X'','Kab. Maluku Tengah',1),
	(252,100,1525,X'','Kab. Maluku Tenggara',1),
	(253,100,1525,X'','Kab. Buru',1),
	(254,100,1525,X'','Kab. Kepulauan Aru',1),
	(255,100,1525,X'','Kab. Seram Bagian Barat',1),
	(256,100,1525,X'','Kab. Seram Bagian Timur',1),
	(257,100,1525,X'','Kab. Maluku Tenggara Barat',1),
	(258,100,1526,X'','Ternate',1),
	(259,100,1526,X'','Kab. Halmahera Barat',1),
	(260,100,1526,X'','Kab. Halmahera Selatan',1),
	(261,100,1526,X'','Kab. Halmahera Tengah',1),
	(262,100,1526,X'','Kab. Halmahera Timur',1),
	(263,100,1526,X'','Kab. Halmahera Utara',1),
	(264,100,1526,X'','Kab. Kepulauan Sula',1),
	(265,100,1526,X'','Tidore',1),
	(266,100,1527,X'','Mataram',1),
	(267,100,1527,X'','Bima',1),
	(268,100,1527,X'','Kab. Dompu',1),
	(269,100,1527,X'','Kab. Lombok Tengah',1),
	(270,100,1527,X'','Kab. Lombok Timur',1),
	(271,100,1527,X'','Kab. Sumbawa',1),
	(272,100,1527,X'','Kab. Lombok Barat',1),
	(273,100,1527,X'','Kab. Sumbawa Barat',1),
	(274,100,1527,X'','Kab. Bima',1),
	(275,100,1528,X'','Kupang',1),
	(276,100,1528,X'','Kab. Sumba Tengah',1),
	(277,100,1528,X'','Kab. Belu',1),
	(278,100,1528,X'','Kab. Alor',1),
	(279,100,1528,X'','Kab. Timor Tengah Utara',1),
	(280,100,1528,X'','Kab. Flores Timur',1),
	(281,100,1528,X'','Kab. Sikka',1),
	(282,100,1528,X'','Kab. Manggarai',1),
	(283,100,1528,X'','Kab. Timor Tengah Selatan',1),
	(284,100,1528,X'','Kab. Ende',1),
	(285,100,1528,X'','Kab. Ngada',1),
	(286,100,1528,X'','Kab. Sumba Timur',1),
	(287,100,1528,X'','Kab. Sumba Barat',1),
	(288,100,1528,X'','Kab. Manggarai Barat',1),
	(289,100,1528,X'','Kab. Manggarai Timur',1),
	(290,100,1528,X'','Kab. Nagekeo',1),
	(291,100,1528,X'','Kab. Rote Ndao',1),
	(292,100,1528,X'','Kab. Sumba Barat Daya',1),
	(293,100,1528,X'','Kab. Lembata',1),
	(294,100,1528,X'','Kab. Kupang',1),
	(295,100,1529,X'','Jayapura',1),
	(296,100,1529,X'','Kab. Jayapura',1),
	(297,100,1529,X'','Kab. Biak Numfor',1),
	(298,100,1529,X'','Kab. Merauke',1),
	(299,100,1529,X'','Kab. Yapen Waropen',1),
	(300,100,1529,X'','Kab. Jayawijaya',1),
	(301,100,1529,X'','Kab. Asmat',1),
	(302,100,1529,X'','Kab. Boven Digoel',1),
	(303,100,1529,X'','Kab. Keerom',1),
	(304,100,1529,X'','Kab. Pegunungan Bintang',1),
	(305,100,1529,X'','Kab. Sarmi',1),
	(306,100,1529,X'','Kab. Supiori',1),
	(307,100,1529,X'','Kab. Talikora',1),
	(308,100,1529,X'','Kab. Waropen',1),
	(309,100,1529,X'','Kab. Yahukimo',1),
	(310,100,1529,X'','Kab. Mamberamo Raya',1),
	(311,100,1529,X'','Kab. Nabire',1),
	(312,100,1529,X'','Kab. Dogiyai',1),
	(313,100,1529,X'','Kab. Paniai',1),
	(314,100,1529,X'','Kab. Puncak Jaya',1),
	(315,100,1529,X'','Kab. Mappi',1),
	(316,100,1529,X'','Kab. Intan Jaya',1),
	(317,100,1529,X'','Kab. Deiyai',1),
	(318,100,1529,X'','Kab. Mimika',1),
	(319,100,1530,X'','Kab. Manokwari',1),
	(320,100,1530,X'','Kab. Sorong',1),
	(321,100,1530,X'','Sorong',1),
	(322,100,1530,X'','Kab. Fak-Fak',1),
	(323,100,1530,X'','Kab. Kaimana',1),
	(324,100,1530,X'','Kab. Raja Ampat',1),
	(325,100,1530,X'','Kab. Sorong Selatan',1),
	(326,100,1530,X'','Kab. Teluk Bintuni',1),
	(327,100,1530,X'','Kab. Teluk Wondama',1),
	(328,100,1531,X'','Pekanbaru',1),
	(329,100,1531,X'','Dumai',1),
	(330,100,1531,X'','Kab. Kampar',1),
	(331,100,1531,X'','Kab. Bengkalis',1),
	(332,100,1531,X'','Kab. Indragiri Hulu',1),
	(333,100,1531,X'','Kab. Indragiri Hilir',1),
	(334,100,1531,X'','Kab. Rokan Hilir',1),
	(335,100,1531,X'','Kab. Kuantan Sengingi',1),
	(336,100,1531,X'','Kab. Palalawan',1),
	(337,100,1531,X'','Kab. Rokan Hulu',1),
	(338,100,1531,X'','Kab. Siak',1),
	(339,100,1531,X'','Kab. Meranti',1),
	(340,100,1532,X'','Kab. Mamuju',1),
	(341,100,1532,X'','Kab. Majene',1),
	(342,100,1532,X'','Kab. Polewali Mandar',1),
	(343,100,1532,X'','Kab. Mamasa',1),
	(344,100,1532,X'','Kab. Mamuju Utara',1),
	(345,100,1533,X'','Makassar',1),
	(346,100,1533,X'','Kab. Bantaeng',1),
	(347,100,1533,X'','Kab. Barru',1),
	(348,100,1533,X'','Kab. Bulukumba',1),
	(349,100,1533,X'','Kab. Enrekang',1),
	(350,100,1533,X'','Kab. Jeneponto',1),
	(351,100,1533,X'','Kab. Tana Toraja',1),
	(352,100,1533,X'','Kab. Tana Toraja Utara',1),
	(353,100,1533,X'','Kab. Maros',1),
	(354,100,1533,X'','Palopo',1),
	(355,100,1533,X'','Kab. Pinrang',1),
	(356,100,1533,X'','Kab. Sindenreng Rappang',1),
	(357,100,1533,X'','Kab. Wajo',1),
	(358,100,1533,X'','Kab. Sinjai',1),
	(359,100,1533,X'','Kab. Goa',1),
	(360,100,1533,X'','Kab. Takalar',1),
	(361,100,1533,X'','Kab. Bone',1),
	(362,100,1533,X'','Kab. Soppeng',1),
	(363,100,1533,X'','Kab. Selayar',1),
	(364,100,1533,X'','Kab. Pangkajene Kepulauan',1),
	(365,100,1533,X'','Pare-Pare',1),
	(366,100,1533,X'','Kab. Luwu Utara',1),
	(367,100,1533,X'','Kab. Luwu Timur',1),
	(368,100,1534,X'','Palu',1),
	(369,100,1534,X'','Kab. Banggai',1),
	(370,100,1534,X'','Kab. Poso',1),
	(371,100,1534,X'','Kab. Toli-Toli',1),
	(372,100,1534,X'','Kab. Banggai Kepulauan',1),
	(373,100,1534,X'','Kab. Buol',1),
	(374,100,1534,X'','Kab. Donggala',1),
	(375,100,1534,X'','Kab. Morowali',1),
	(376,100,1534,X'','Kab. Parigi Moutong',1),
	(377,100,1534,X'','Kab. Tojo Una-Una',1),
	(378,100,1535,X'','Kendari',1),
	(379,100,1535,X'','Kab. Bau-Bau',1),
	(380,100,1535,X'','Kab. Kolaka',1),
	(381,100,1535,X'','Kab. Muna',1),
	(382,100,1535,X'','Kab. Konawe',1),
	(383,100,1535,X'','Kab. Bombana',1),
	(384,100,1535,X'','Kab. Buton & Buton Utara',1),
	(385,100,1535,X'','Kab. Kolaka Utara',1),
	(386,100,1535,X'','Kab. Konawe Utara/ Selatan',1),
	(387,100,1535,X'','Kab. Wakatobi',1),
	(388,100,1536,X'','Manado',1),
	(389,100,1536,X'','Kab. Bolaang Mongondow',1),
	(390,100,1536,X'','Kab. Kepulauan Sangihe',1),
	(391,100,1536,X'','Kab. Minahasa',1),
	(392,100,1536,X'','Bitung',1),
	(393,100,1536,X'','Kab. Bolaang Mongondow Utara',1),
	(394,100,1536,X'','Kab. Kepulauan Talaud',1),
	(395,100,1536,X'','Kab. Minahasa Utara',1),
	(396,100,1536,X'','Kab. Minahasa Selatan',1),
	(397,100,1536,X'','Kab. Minahasa Tenggara',1),
	(398,100,1536,X'','Tomohon',1),
	(399,100,1537,X'','Padang',1),
	(400,100,1537,X'','Kab. Tanah Datar',1),
	(401,100,1537,X'','Bukit Tinggi',1),
	(402,100,1537,X'','Kab. Pasaman',1),
	(403,100,1537,X'','Kab. Pesisir Selatan',1),
	(404,100,1537,X'','Kab. Padang Pariaman',1),
	(405,100,1537,X'','Pariaman',1),
	(406,100,1537,X'','Payakumbuh',1),
	(407,100,1537,X'','Sawahlunto',1),
	(408,100,1537,X'','Solok',1),
	(409,100,1537,X'','Padang Panjang',1),
	(410,100,1537,X'','Kab. Dharmasraya',1),
	(411,100,1537,X'','Kab. Lima Puluh Kota',1),
	(412,100,1537,X'','Kab. Kepulauan Mentawai',1),
	(413,100,1537,X'','Kab. Pasaman Barat',1),
	(414,100,1537,X'','Kab. Solok',1),
	(415,100,1537,X'','Kab. Solok Selatan',1),
	(416,100,1537,X'','Kab. Sijunjung',1),
	(417,100,1537,X'','Kab. Agam',1),
	(418,100,1538,X'','Palembang',1),
	(419,100,1538,X'','Kab. Musi Rawas',1),
	(420,100,1538,X'','Kab. Ogan Komering Ulu',1),
	(421,100,1538,X'','Kab. Ogan Komering Ilir',1),
	(422,100,1538,X'','Kab. Lahat',1),
	(423,100,1538,X'','Kab. Muara Enim',1),
	(424,100,1538,X'','Pagar Alam',1),
	(425,100,1538,X'','Prabumulih',1),
	(426,100,1538,X'','Kab. Musi Banyuasin',1),
	(427,100,1538,X'','Kab. Banyuasin',1),
	(428,100,1538,X'','Kab. Empat Lawang',1),
	(429,100,1538,X'','Kab. Ogan Ilir',1),
	(430,100,1538,X'','Kab. Ogan Komering Ulu Timur',1),
	(431,100,1538,X'','Kab. Ogan Komering Ulu Selatan',1),
	(432,100,1538,X'','Lubuk Linggau',1),
	(433,100,1539,X'','Medan',1),
	(434,100,1539,X'','Kab. Asahan',1),
	(435,100,1539,X'','Kab. Tapanuli Tengah',1),
	(436,100,1539,X'','Sibolga',1),
	(437,100,1539,X'','Kab. Dairi',1),
	(438,100,1539,X'','Kab. Deli Serdang',1),
	(439,100,1539,X'','Kab. Toba Samosir',1),
	(440,100,1539,X'','Binjai',1),
	(441,100,1539,X'','Kab. Nias',1),
	(442,100,1539,X'','Padang Sidempuan',1),
	(443,100,1539,X'','Kab. Simalungun',1),
	(444,100,1539,X'','Kab. Labuhan Batu',1),
	(445,100,1539,X'','Kab. Karo',1),
	(446,100,1539,X'','Kab. Langkat',1),
	(447,100,1539,X'','Kab. Tapanuli Utara',1),
	(448,100,1539,X'','Tebing Tinggi',1),
	(449,100,1539,X'','Kab. Tebing Tinggi',1),
	(450,100,1539,X'','Kab. Padang Lawas Utara',1),
	(451,100,1539,X'','Kab. Batubara',1),
	(452,100,1539,X'','Kab. Humbang Hasudutan',1),
	(453,100,1539,X'','Kab. Mandailing Natal',1),
	(454,100,1539,X'','Kab. Nias Selatan',1),
	(455,100,1539,X'','Kab. Padang Lawas',1),
	(456,100,1539,X'','Kab. Pakpak Barat',1),
	(457,100,1539,X'','Kab. Samosir',1),
	(458,100,1539,X'','Kab. Serdang Bedagai',1),
	(459,100,1539,X'','Kab. Tapanuli Selatan',1),
	(460,100,1539,X'','Tanjung Balai',1),
	(461,100,1539,X'','Pematangsiantar',1),
	(462,100,1540,X'','Yogyakarta',1),
	(463,100,1540,X'','Kab. Bantul',1),
	(464,100,1540,X'','Kab. Sleman',1),
	(465,100,1540,X'','Kab. Kulon Progo',1),
	(466,100,1540,X'','Kab. Gunung Kidul',1);



# Dump of table country
# ------------------------------------------------------------


CREATE TABLE `country` (
  `country_id` int(11) NOT NULL AUTO_INCREMENT,
  `name` varchar(128) COLLATE utf8_bin NOT NULL,
  `iso_code_2` varchar(2) COLLATE utf8_bin NOT NULL DEFAULT '',
  `iso_code_3` varchar(3) COLLATE utf8_bin NOT NULL DEFAULT '',
  `address_format` text COLLATE utf8_bin NOT NULL,
  `postcode_required` tinyint(1) NOT NULL DEFAULT '0',
  `status` tinyint(1) NOT NULL DEFAULT '1',
  PRIMARY KEY (`country_id`)
) ENGINE=MyISAM DEFAULT CHARSET=utf8 COLLATE=utf8_bin;


INSERT INTO `country` (`country_id`, `name`, `iso_code_2`, `iso_code_3`, `address_format`, `postcode_required`, `status`)
VALUES
	(1,X'41666768616E697374616E',X'4146',X'414647','',0,1),
	(2,X'416C62616E6961',X'414C',X'414C42','',0,1),
	(3,X'416C6765726961',X'445A',X'445A41','',0,1),
	(4,X'416D65726963616E2053616D6F61',X'4153',X'41534D','',0,1),
	(5,X'416E646F727261',X'4144',X'414E44','',0,1),
	(6,X'416E676F6C61',X'414F',X'41474F','',0,1),
	(7,X'416E6775696C6C61',X'4149',X'414941','',0,1),
	(8,X'416E7461726374696361',X'4151',X'415441','',0,1),
	(9,X'416E746967756120616E642042617262756461',X'4147',X'415447','',0,1),
	(10,X'417267656E74696E61',X'4152',X'415247','',0,1),
	(11,X'41726D656E6961',X'414D',X'41524D','',0,1),
	(12,X'4172756261',X'4157',X'414257','',0,1),
	(13,X'4175737472616C6961',X'4155',X'415553','',0,1),
	(14,X'41757374726961',X'4154',X'415554','',0,1),
	(15,X'417A65726261696A616E',X'415A',X'415A45','',0,1),
	(16,X'426168616D6173',X'4253',X'424853','',0,1),
	(17,X'4261687261696E',X'4248',X'424852','',0,1),
	(18,X'42616E676C6164657368',X'4244',X'424744','',0,1),
	(19,X'4261726261646F73',X'4242',X'425242','',0,1),
	(20,X'42656C61727573',X'4259',X'424C52','',0,1),
	(21,X'42656C6769756D',X'4245',X'42454C',X'7B66697273746E616D657D207B6C6173746E616D657D0D0A7B636F6D70616E797D0D0A7B616464726573735F317D0D0A7B616464726573735F327D0D0A7B706F7374636F64657D207B636974797D0D0A7B636F756E7472797D',0,1),
	(22,X'42656C697A65',X'425A',X'424C5A','',0,1),
	(23,X'42656E696E',X'424A',X'42454E','',0,1),
	(24,X'4265726D756461',X'424D',X'424D55','',0,1),
	(25,X'42687574616E',X'4254',X'42544E','',0,1),
	(26,X'426F6C69766961',X'424F',X'424F4C','',0,1),
	(27,X'426F736E696120616E64204865727A65676F76696E61',X'4241',X'424948','',0,1),
	(28,X'426F747377616E61',X'4257',X'425741','',0,1),
	(29,X'426F757665742049736C616E64',X'4256',X'425654','',0,1),
	(30,X'4272617A696C',X'4252',X'425241','',0,1),
	(31,X'4272697469736820496E6469616E204F6365616E205465727269746F7279',X'494F',X'494F54','',0,1),
	(32,X'4272756E656920446172757373616C616D',X'424E',X'42524E','',0,1),
	(33,X'42756C6761726961',X'4247',X'424752','',0,1),
	(34,X'4275726B696E61204661736F',X'4246',X'424641','',0,1),
	(35,X'427572756E6469',X'4249',X'424449','',0,1),
	(36,X'43616D626F646961',X'4B48',X'4B484D','',0,1),
	(37,X'43616D65726F6F6E',X'434D',X'434D52','',0,1),
	(38,X'43616E616461',X'4341',X'43414E','',0,1),
	(39,X'43617065205665726465',X'4356',X'435056','',0,1),
	(40,X'4361796D616E2049736C616E6473',X'4B59',X'43594D','',0,1),
	(41,X'43656E7472616C204166726963616E2052657075626C6963',X'4346',X'434146','',0,1),
	(42,X'43686164',X'5444',X'544344','',0,1),
	(43,X'4368696C65',X'434C',X'43484C','',0,1),
	(44,X'4368696E61',X'434E',X'43484E','',0,1),
	(45,X'4368726973746D61732049736C616E64',X'4358',X'435852','',0,1),
	(46,X'436F636F7320284B65656C696E67292049736C616E6473',X'4343',X'43434B','',0,1),
	(47,X'436F6C6F6D626961',X'434F',X'434F4C','',0,1),
	(48,X'436F6D6F726F73',X'4B4D',X'434F4D','',0,1),
	(49,X'436F6E676F',X'4347',X'434F47','',0,1),
	(50,X'436F6F6B2049736C616E6473',X'434B',X'434F4B','',0,1),
	(51,X'436F7374612052696361',X'4352',X'435249','',0,1),
	(52,X'436F746520442749766F697265',X'4349',X'434956','',0,1),
	(53,X'43726F61746961',X'4852',X'485256','',0,1),
	(54,X'43756261',X'4355',X'435542','',0,1),
	(55,X'437970727573',X'4359',X'435950','',0,1),
	(56,X'437A6563682052657075626C6963',X'435A',X'435A45','',0,1),
	(57,X'44656E6D61726B',X'444B',X'444E4B','',0,1),
	(58,X'446A69626F757469',X'444A',X'444A49','',0,1),
	(59,X'446F6D696E696361',X'444D',X'444D41','',0,1),
	(60,X'446F6D696E6963616E2052657075626C6963',X'444F',X'444F4D','',0,1),
	(61,X'456173742054696D6F72',X'544C',X'544C53','',0,1),
	(62,X'45637561646F72',X'4543',X'454355','',0,1),
	(63,X'4567797074',X'4547',X'454759','',0,1),
	(64,X'456C2053616C7661646F72',X'5356',X'534C56','',0,1),
	(65,X'45717561746F7269616C204775696E6561',X'4751',X'474E51','',0,1),
	(66,X'45726974726561',X'4552',X'455249','',0,1),
	(67,X'4573746F6E6961',X'4545',X'455354','',0,1),
	(68,X'457468696F706961',X'4554',X'455448','',0,1),
	(69,X'46616C6B6C616E642049736C616E647320284D616C76696E617329',X'464B',X'464C4B','',0,1),
	(70,X'4661726F652049736C616E6473',X'464F',X'46524F','',0,1),
	(71,X'46696A69',X'464A',X'464A49','',0,1),
	(72,X'46696E6C616E64',X'4649',X'46494E','',0,1),
	(74,X'4672616E63652C204D6574726F706F6C6974616E',X'4652',X'465241',X'7B66697273746E616D657D207B6C6173746E616D657D0D0A7B636F6D70616E797D0D0A7B616464726573735F317D0D0A7B616464726573735F327D0D0A7B706F7374636F64657D207B636974797D0D0A7B636F756E7472797D',1,1),
	(75,X'4672656E636820477569616E61',X'4746',X'475546','',0,1),
	(76,X'4672656E636820506F6C796E65736961',X'5046',X'505946','',0,1),
	(77,X'4672656E636820536F75746865726E205465727269746F72696573',X'5446',X'415446','',0,1),
	(78,X'4761626F6E',X'4741',X'474142','',0,1),
	(79,X'47616D626961',X'474D',X'474D42','',0,1),
	(80,X'47656F72676961',X'4745',X'47454F','',0,1),
	(81,X'4765726D616E79',X'4445',X'444555',X'7B636F6D70616E797D0D0A7B66697273746E616D657D207B6C6173746E616D657D0D0A7B616464726573735F317D0D0A7B616464726573735F327D0D0A7B706F7374636F64657D207B636974797D0D0A7B636F756E7472797D',1,1),
	(82,X'4768616E61',X'4748',X'474841','',0,1),
	(83,X'47696272616C746172',X'4749',X'474942','',0,1),
	(84,X'477265656365',X'4752',X'475243','',0,1),
	(85,X'477265656E6C616E64',X'474C',X'47524C','',0,1),
	(86,X'4772656E616461',X'4744',X'475244','',0,1),
	(87,X'47756164656C6F757065',X'4750',X'474C50','',0,1),
	(88,X'4775616D',X'4755',X'47554D','',0,1),
	(89,X'47756174656D616C61',X'4754',X'47544D','',0,1),
	(90,X'4775696E6561',X'474E',X'47494E','',0,1),
	(91,X'4775696E65612D426973736175',X'4757',X'474E42','',0,1),
	(92,X'477579616E61',X'4759',X'475559','',0,1),
	(93,X'4861697469',X'4854',X'485449','',0,1),
	(94,X'486561726420616E64204D6320446F6E616C642049736C616E6473',X'484D',X'484D44','',0,1),
	(95,X'486F6E6475726173',X'484E',X'484E44','',0,1),
	(96,X'486F6E67204B6F6E67',X'484B',X'484B47','',0,1),
	(97,X'48756E67617279',X'4855',X'48554E','',0,1),
	(98,X'4963656C616E64',X'4953',X'49534C','',0,1),
	(99,X'496E646961',X'494E',X'494E44','',0,1),
	(100,X'496E646F6E65736961',X'4944',X'49444E','',0,1),
	(101,X'4972616E202849736C616D69632052657075626C6963206F6629',X'4952',X'49524E','',0,1),
	(102,X'49726171',X'4951',X'495251','',0,1),
	(103,X'4972656C616E64',X'4945',X'49524C','',0,1),
	(104,X'49737261656C',X'494C',X'495352','',0,1),
	(105,X'4974616C79',X'4954',X'495441','',0,1),
	(106,X'4A616D61696361',X'4A4D',X'4A414D','',0,1),
	(107,X'4A6170616E',X'4A50',X'4A504E','',0,1),
	(108,X'4A6F7264616E',X'4A4F',X'4A4F52','',0,1),
	(109,X'4B617A616B687374616E',X'4B5A',X'4B415A','',0,1),
	(110,X'4B656E7961',X'4B45',X'4B454E','',0,1),
	(111,X'4B69726962617469',X'4B49',X'4B4952','',0,1),
	(112,X'4E6F727468204B6F726561',X'4B50',X'50524B','',0,1),
	(113,X'4B6F7265612C2052657075626C6963206F66',X'4B52',X'4B4F52','',0,1),
	(114,X'4B7577616974',X'4B57',X'4B5754','',0,1),
	(115,X'4B797267797A7374616E',X'4B47',X'4B475A','',0,1),
	(116,X'4C616F2050656F706C6527732044656D6F6372617469632052657075626C6963',X'4C41',X'4C414F','',0,1),
	(117,X'4C6174766961',X'4C56',X'4C5641','',0,1),
	(118,X'4C6562616E6F6E',X'4C42',X'4C424E','',0,1),
	(119,X'4C65736F74686F',X'4C53',X'4C534F','',0,1),
	(120,X'4C696265726961',X'4C52',X'4C4252','',0,1),
	(121,X'4C696279616E2041726162204A616D61686972697961',X'4C59',X'4C4259','',0,1),
	(122,X'4C6965636874656E737465696E',X'4C49',X'4C4945','',0,1),
	(123,X'4C69746875616E6961',X'4C54',X'4C5455','',0,1),
	(124,X'4C7578656D626F757267',X'4C55',X'4C5558','',0,1),
	(125,X'4D61636175',X'4D4F',X'4D4143','',0,1),
	(126,X'4659524F4D',X'4D4B',X'4D4B44','',0,1),
	(127,X'4D616461676173636172',X'4D47',X'4D4447','',0,1),
	(128,X'4D616C617769',X'4D57',X'4D5749','',0,1),
	(129,X'4D616C6179736961',X'4D59',X'4D5953','',0,1),
	(130,X'4D616C6469766573',X'4D56',X'4D4456','',0,1),
	(131,X'4D616C69',X'4D4C',X'4D4C49','',0,1),
	(132,X'4D616C7461',X'4D54',X'4D4C54','',0,1),
	(133,X'4D61727368616C6C2049736C616E6473',X'4D48',X'4D484C','',0,1),
	(134,X'4D617274696E69717565',X'4D51',X'4D5451','',0,1),
	(135,X'4D6175726974616E6961',X'4D52',X'4D5254','',0,1),
	(136,X'4D6175726974697573',X'4D55',X'4D5553','',0,1),
	(137,X'4D61796F747465',X'5954',X'4D5954','',0,1),
	(138,X'4D657869636F',X'4D58',X'4D4558','',0,1),
	(139,X'4D6963726F6E657369612C2046656465726174656420537461746573206F66',X'464D',X'46534D','',0,1),
	(140,X'4D6F6C646F76612C2052657075626C6963206F66',X'4D44',X'4D4441','',0,1),
	(141,X'4D6F6E61636F',X'4D43',X'4D434F','',0,1),
	(142,X'4D6F6E676F6C6961',X'4D4E',X'4D4E47','',0,1),
	(143,X'4D6F6E74736572726174',X'4D53',X'4D5352','',0,1),
	(144,X'4D6F726F63636F',X'4D41',X'4D4152','',0,1),
	(145,X'4D6F7A616D6269717565',X'4D5A',X'4D4F5A','',0,1),
	(146,X'4D79616E6D6172',X'4D4D',X'4D4D52','',0,1),
	(147,X'4E616D69626961',X'4E41',X'4E414D','',0,1),
	(148,X'4E61757275',X'4E52',X'4E5255','',0,1),
	(149,X'4E6570616C',X'4E50',X'4E504C','',0,1),
	(150,X'4E65746865726C616E6473',X'4E4C',X'4E4C44','',0,1),
	(151,X'4E65746865726C616E647320416E74696C6C6573',X'414E',X'414E54','',0,1),
	(152,X'4E65772043616C65646F6E6961',X'4E43',X'4E434C','',0,1),
	(153,X'4E6577205A65616C616E64',X'4E5A',X'4E5A4C','',0,1),
	(154,X'4E6963617261677561',X'4E49',X'4E4943','',0,1),
	(155,X'4E69676572',X'4E45',X'4E4552','',0,1),
	(156,X'4E696765726961',X'4E47',X'4E4741','',0,1),
	(157,X'4E697565',X'4E55',X'4E4955','',0,1),
	(158,X'4E6F72666F6C6B2049736C616E64',X'4E46',X'4E464B','',0,1),
	(159,X'4E6F72746865726E204D617269616E612049736C616E6473',X'4D50',X'4D4E50','',0,1),
	(160,X'4E6F72776179',X'4E4F',X'4E4F52','',0,1),
	(161,X'4F6D616E',X'4F4D',X'4F4D4E','',0,1),
	(162,X'50616B697374616E',X'504B',X'50414B','',0,1),
	(163,X'50616C6175',X'5057',X'504C57','',0,1),
	(164,X'50616E616D61',X'5041',X'50414E','',0,1),
	(165,X'5061707561204E6577204775696E6561',X'5047',X'504E47','',0,1),
	(166,X'5061726167756179',X'5059',X'505259','',0,1),
	(167,X'50657275',X'5045',X'504552','',0,1),
	(168,X'5068696C697070696E6573',X'5048',X'50484C','',0,1),
	(169,X'506974636169726E',X'504E',X'50434E','',0,1),
	(170,X'506F6C616E64',X'504C',X'504F4C','',0,1),
	(171,X'506F72747567616C',X'5054',X'505254','',0,1),
	(172,X'50756572746F205269636F',X'5052',X'505249','',0,1),
	(173,X'5161746172',X'5141',X'514154','',0,1),
	(174,X'5265756E696F6E',X'5245',X'524555','',0,1),
	(175,X'526F6D616E6961',X'524F',X'524F4D','',0,1),
	(176,X'5275737369616E2046656465726174696F6E',X'5255',X'525553','',0,1),
	(177,X'5277616E6461',X'5257',X'525741','',0,1),
	(178,X'5361696E74204B6974747320616E64204E65766973',X'4B4E',X'4B4E41','',0,1),
	(179,X'5361696E74204C75636961',X'4C43',X'4C4341','',0,1),
	(180,X'5361696E742056696E63656E7420616E6420746865204772656E6164696E6573',X'5643',X'564354','',0,1),
	(181,X'53616D6F61',X'5753',X'57534D','',0,1),
	(182,X'53616E204D6172696E6F',X'534D',X'534D52','',0,1),
	(183,X'53616F20546F6D6520616E64205072696E63697065',X'5354',X'535450','',0,1),
	(184,X'536175646920417261626961',X'5341',X'534155','',0,1),
	(185,X'53656E6567616C',X'534E',X'53454E','',0,1),
	(186,X'5365796368656C6C6573',X'5343',X'535943','',0,1),
	(187,X'536965727261204C656F6E65',X'534C',X'534C45','',0,1),
	(188,X'53696E6761706F7265',X'5347',X'534750','',0,1),
	(189,X'536C6F76616B2052657075626C6963',X'534B',X'53564B',X'7B66697273746E616D657D207B6C6173746E616D657D0D0A7B636F6D70616E797D0D0A7B616464726573735F317D0D0A7B616464726573735F327D0D0A7B636974797D207B706F7374636F64657D0D0A7B7A6F6E657D0D0A7B636F756E7472797D',0,1),
	(190,X'536C6F76656E6961',X'5349',X'53564E','',0,1),
	(191,X'536F6C6F6D6F6E2049736C616E6473',X'5342',X'534C42','',0,1),
	(192,X'536F6D616C6961',X'534F',X'534F4D','',0,1),
	(193,X'536F75746820416672696361',X'5A41',X'5A4146','',0,1),
	(194,X'536F7574682047656F726769612026616D703B20536F7574682053616E64776963682049736C616E6473',X'4753',X'534753','',0,1),
	(195,X'537061696E',X'4553',X'455350','',0,1),
	(196,X'537269204C616E6B61',X'4C4B',X'4C4B41','',0,1),
	(197,X'53742E2048656C656E61',X'5348',X'53484E','',0,1),
	(198,X'53742E2050696572726520616E64204D697175656C6F6E',X'504D',X'53504D','',0,1),
	(199,X'537564616E',X'5344',X'53444E','',0,1),
	(200,X'537572696E616D65',X'5352',X'535552','',0,1),
	(201,X'5376616C6261726420616E64204A616E204D6179656E2049736C616E6473',X'534A',X'534A4D','',0,1),
	(202,X'5377617A696C616E64',X'535A',X'53575A','',0,1),
	(203,X'53776564656E',X'5345',X'535745',X'7B636F6D70616E797D0D0A7B66697273746E616D657D207B6C6173746E616D657D0D0A7B616464726573735F317D0D0A7B616464726573735F327D0D0A7B706F7374636F64657D207B636974797D0D0A7B636F756E7472797D',1,1),
	(204,X'537769747A65726C616E64',X'4348',X'434845','',0,1),
	(205,X'53797269616E20417261622052657075626C6963',X'5359',X'535952','',0,1),
	(206,X'54616977616E',X'5457',X'54574E','',0,1),
	(207,X'54616A696B697374616E',X'544A',X'544A4B','',0,1),
	(208,X'54616E7A616E69612C20556E697465642052657075626C6963206F66',X'545A',X'545A41','',0,1),
	(209,X'546861696C616E64',X'5448',X'544841','',0,1),
	(210,X'546F676F',X'5447',X'54474F','',0,1),
	(211,X'546F6B656C6175',X'544B',X'544B4C','',0,1),
	(212,X'546F6E6761',X'544F',X'544F4E','',0,1),
	(213,X'5472696E6964616420616E6420546F6261676F',X'5454',X'54544F','',0,1),
	(214,X'54756E69736961',X'544E',X'54554E','',0,1),
	(215,X'5475726B6579',X'5452',X'545552','',0,1),
	(216,X'5475726B6D656E697374616E',X'544D',X'544B4D','',0,1),
	(217,X'5475726B7320616E6420436169636F732049736C616E6473',X'5443',X'544341','',0,1),
	(218,X'547576616C75',X'5456',X'545556','',0,1),
	(219,X'5567616E6461',X'5547',X'554741','',0,1),
	(220,X'556B7261696E65',X'5541',X'554B52','',0,1),
	(221,X'556E69746564204172616220456D697261746573',X'4145',X'415245','',0,1),
	(222,X'556E69746564204B696E67646F6D',X'4742',X'474252','',1,1),
	(223,X'556E6974656420537461746573',X'5553',X'555341',X'7B66697273746E616D657D207B6C6173746E616D657D0D0A7B636F6D70616E797D0D0A7B616464726573735F317D0D0A7B616464726573735F327D0D0A7B636974797D2C207B7A6F6E657D207B706F7374636F64657D0D0A7B636F756E7472797D',0,1),
	(224,X'556E6974656420537461746573204D696E6F72204F75746C79696E672049736C616E6473',X'554D',X'554D49','',0,1),
	(225,X'55727567756179',X'5559',X'555259','',0,1),
	(226,X'557A62656B697374616E',X'555A',X'555A42','',0,1),
	(227,X'56616E75617475',X'5655',X'565554','',0,1),
	(228,X'5661746963616E20436974792053746174652028486F6C792053656529',X'5641',X'564154','',0,1),
	(229,X'56656E657A75656C61',X'5645',X'56454E','',0,1),
	(230,X'56696574204E616D',X'564E',X'564E4D','',0,1),
	(231,X'56697267696E2049736C616E647320284272697469736829',X'5647',X'564742','',0,1),
	(232,X'56697267696E2049736C616E64732028552E532E29',X'5649',X'564952','',0,1),
	(233,X'57616C6C697320616E6420467574756E612049736C616E6473',X'5746',X'574C46','',0,1),
	(234,X'5765737465726E20536168617261',X'4548',X'455348','',0,1),
	(235,X'59656D656E',X'5945',X'59454D','',0,1),
	(237,X'44656D6F6372617469632052657075626C6963206F6620436F6E676F',X'4344',X'434F44','',0,1),
	(238,X'5A616D626961',X'5A4D',X'5A4D42','',0,1),
	(239,X'5A696D6261627765',X'5A57',X'5A5745','',0,1),
	(240,X'4A6572736579',X'4A45',X'4A4559','',1,1),
	(241,X'477565726E736579',X'4747',X'474759','',1,1),
	(242,X'4D6F6E74656E6567726F',X'4D45',X'4D4E45','',0,1),
	(243,X'536572626961',X'5253',X'535242','',0,1);



# Dump of table coupon
# ------------------------------------------------------------


CREATE TABLE `coupon` (
  `coupon_id` int(11) NOT NULL AUTO_INCREMENT,
  `name` varchar(128) COLLATE utf8_bin NOT NULL,
  `code` varchar(10) COLLATE utf8_bin NOT NULL,
  `type` char(1) COLLATE utf8_bin NOT NULL,
  `discount` decimal(15,4) NOT NULL,
  `logged` tinyint(1) NOT NULL DEFAULT '0',
  `shipping` tinyint(1) NOT NULL DEFAULT '0',
  `total` decimal(15,4) NOT NULL,
  `date_start` date NOT NULL DEFAULT '0000-00-00',
  `date_end` date NOT NULL DEFAULT '0000-00-00',
  `uses_total` int(11) NOT NULL,
  `uses_customer` varchar(11) COLLATE utf8_bin NOT NULL,
  `status` tinyint(1) NOT NULL DEFAULT '0',
  `date_added` datetime NOT NULL DEFAULT '0000-00-00 00:00:00',
  PRIMARY KEY (`coupon_id`)
) ENGINE=MyISAM DEFAULT CHARSET=utf8 COLLATE=utf8_bin;


INSERT INTO `coupon` (`coupon_id`, `name`, `code`, `type`, `discount`, `logged`, `shipping`, `total`, `date_start`, `date_end`, `uses_total`, `uses_customer`, `status`, `date_added`)
VALUES
	(4,X'2D31302520446973636F756E74',X'32323232',X'50',10.0000,0,0,0.0000,'2011-01-01','2012-01-01',10,X'3130',1,'2009-01-27 13:55:03'),
	(5,X'46726565205368697070696E67',X'33333333',X'50',0.0000,0,1,100.0000,'2009-03-01','2009-08-31',10,X'3130',1,'2009-03-14 21:13:53'),
	(6,X'2D31302E303020446973636F756E74',X'31313131',X'46',10.0000,0,0,10.0000,'1970-11-01','2020-11-01',100000,X'3130303030',1,'2009-03-14 21:15:18');



# Dump of table coupon_category
# ------------------------------------------------------------


CREATE TABLE `coupon_category` (
  `coupon_id` int(11) NOT NULL,
  `category_id` int(11) NOT NULL,
  PRIMARY KEY (`coupon_id`,`category_id`)
) ENGINE=MyISAM DEFAULT CHARSET=utf8 COLLATE=utf8_bin;



# Dump of table coupon_history
# ------------------------------------------------------------


CREATE TABLE `coupon_history` (
  `coupon_history_id` int(11) NOT NULL AUTO_INCREMENT,
  `coupon_id` int(11) NOT NULL,
  `order_id` int(11) NOT NULL,
  `customer_id` int(11) NOT NULL,
  `amount` decimal(15,4) NOT NULL,
  `date_added` datetime NOT NULL,
  PRIMARY KEY (`coupon_history_id`)
) ENGINE=MyISAM DEFAULT CHARSET=utf8 COLLATE=utf8_bin;



# Dump of table coupon_product
# ------------------------------------------------------------


CREATE TABLE `coupon_product` (
  `coupon_product_id` int(11) NOT NULL AUTO_INCREMENT,
  `coupon_id` int(11) NOT NULL,
  `product_id` int(11) NOT NULL,
  PRIMARY KEY (`coupon_product_id`)
) ENGINE=MyISAM DEFAULT CHARSET=utf8 COLLATE=utf8_bin;



# Dump of table currency
# ------------------------------------------------------------


CREATE TABLE `currency` (
  `currency_id` int(11) NOT NULL AUTO_INCREMENT,
  `title` varchar(32) COLLATE utf8_bin NOT NULL DEFAULT '',
  `code` varchar(3) COLLATE utf8_bin NOT NULL DEFAULT '',
  `symbol_left` varchar(12) COLLATE utf8_bin NOT NULL,
  `symbol_right` varchar(12) COLLATE utf8_bin NOT NULL,
  `decimal_place` char(1) COLLATE utf8_bin NOT NULL,
  `value` float(15,8) NOT NULL,
  `status` tinyint(1) NOT NULL DEFAULT '0',
  `date_modified` datetime NOT NULL DEFAULT '0000-00-00 00:00:00',
  PRIMARY KEY (`currency_id`)
) ENGINE=MyISAM DEFAULT CHARSET=utf8 COLLATE=utf8_bin;


INSERT INTO `currency` (`currency_id`, `title`, `code`, `symbol_left`, `symbol_right`, `decimal_place`, `value`, `status`, `date_modified`)
VALUES
	(4,X'527570696168',X'494452',X'527020',X'',X'',1.00000000,1,'2014-10-19 02:26:37');




# Dump of table customer_group
# ------------------------------------------------------------


CREATE TABLE `customer_group` (
  `customer_group_id` int(11) NOT NULL AUTO_INCREMENT,
  `approval` int(1) NOT NULL,
  `company_id_display` int(1) NOT NULL,
  `company_id_required` int(1) NOT NULL,
  `tax_id_display` int(1) NOT NULL,
  `tax_id_required` int(1) NOT NULL,
  `sort_order` int(3) NOT NULL,
  `discount` varchar(6) COLLATE utf8_bin NOT NULL DEFAULT '',
  PRIMARY KEY (`customer_group_id`)
) ENGINE=MyISAM DEFAULT CHARSET=utf8 COLLATE=utf8_bin;


INSERT INTO `customer_group` (`customer_group_id`, `approval`, `company_id_display`, `company_id_required`, `tax_id_display`, `tax_id_required`, `sort_order`, `discount`)
VALUES
	(1,0,1,0,0,1,1,X''),
	(2,0,0,0,0,0,0,X'3330');



# Dump of table customer_group_description
# ------------------------------------------------------------


CREATE TABLE `customer_group_description` (
  `customer_group_id` int(11) NOT NULL,
  `language_id` int(11) NOT NULL,
  `name` varchar(32) COLLATE utf8_bin NOT NULL,
  `description` text COLLATE utf8_bin NOT NULL,
  PRIMARY KEY (`customer_group_id`,`language_id`)
) ENGINE=MyISAM DEFAULT CHARSET=utf8 COLLATE=utf8_bin;


INSERT INTO `customer_group_description` (`customer_group_id`, `language_id`, `name`, `description`)
VALUES
	(1,1,X'44656661756C74',X'74657374'),
	(2,1,X'526573656C6C6572','');



# Dump of table customer_ip
# ------------------------------------------------------------


CREATE TABLE `customer_ip` (
  `customer_ip_id` int(11) NOT NULL AUTO_INCREMENT,
  `customer_id` int(11) NOT NULL,
  `ip` varchar(40) COLLATE utf8_bin NOT NULL,
  `date_added` datetime NOT NULL,
  PRIMARY KEY (`customer_ip_id`),
  KEY `ip` (`ip`)
) ENGINE=MyISAM DEFAULT CHARSET=utf8 COLLATE=utf8_bin;



# Dump of table customer_ip_blacklist
# ------------------------------------------------------------


CREATE TABLE `customer_ip_blacklist` (
  `customer_ip_blacklist_id` int(11) NOT NULL AUTO_INCREMENT,
  `ip` varchar(40) COLLATE utf8_bin NOT NULL,
  PRIMARY KEY (`customer_ip_blacklist_id`),
  KEY `ip` (`ip`)
) ENGINE=MyISAM DEFAULT CHARSET=utf8 COLLATE=utf8_bin;



# Dump of table customer_online
# ------------------------------------------------------------


CREATE TABLE `customer_online` (
  `ip` varchar(40) COLLATE utf8_bin NOT NULL,
  `customer_id` int(11) NOT NULL,
  `url` text COLLATE utf8_bin NOT NULL,
  `referer` text COLLATE utf8_bin NOT NULL,
  `date_added` datetime NOT NULL,
  PRIMARY KEY (`ip`)
) ENGINE=MyISAM DEFAULT CHARSET=utf8 COLLATE=utf8_bin;


INSERT INTO `customer_online` (`ip`, `customer_id`, `url`, `referer`, `date_added`)
VALUES
	(X'3131312E39352E3134352E313339',0,X'687474703A2F2F7777772E6B65646169626174752E636F6D2F61646D696E2F636174616C6F672F766965772F7468656D652F64656661756C742F696D6167652F6C6F6164696E672E676966',X'687474703A2F2F7777772E6B65646169626174752E636F6D2F61646D696E2F696E6465782E7068703F726F7574653D73657474696E672F73657474696E6726616D703B746F6B656E3D3936363937316231613031346266343166393264303163613563306663323964','2014-10-19 09:25:49'),
	(X'3138302E37362E352E313436',0,X'687474703A2F2F7777772E6B65646169626174752E636F6D2F726F626F74732E747874','','2014-10-19 09:24:30'),
	(X'3138302E37362E352E313839',0,X'687474703A2F2F7777772E6B65646169626174752E636F6D2F73746F72652F696E6465782E7068703F726F7574653D70726F647563742F63617465676F727926616D703B706174683D34325F33365F333926616D703B736F72743D70642E6E616D6526616D703B6F726465723D44455343','','2014-10-19 09:27:21');



# Dump of table customer_reward
# ------------------------------------------------------------


CREATE TABLE `customer_reward` (
  `customer_reward_id` int(11) NOT NULL AUTO_INCREMENT,
  `customer_id` int(11) NOT NULL DEFAULT '0',
  `order_id` int(11) NOT NULL DEFAULT '0',
  `description` text COLLATE utf8_bin NOT NULL,
  `points` int(8) NOT NULL DEFAULT '0',
  `date_added` datetime NOT NULL DEFAULT '0000-00-00 00:00:00',
  PRIMARY KEY (`customer_reward_id`)
) ENGINE=MyISAM DEFAULT CHARSET=utf8 COLLATE=utf8_bin;



# Dump of table customer_transaction
# ------------------------------------------------------------


CREATE TABLE `customer_transaction` (
  `customer_transaction_id` int(11) NOT NULL AUTO_INCREMENT,
  `customer_id` int(11) NOT NULL,
  `order_id` int(11) NOT NULL,
  `description` text COLLATE utf8_bin NOT NULL,
  `amount` decimal(15,4) NOT NULL,
  `date_added` datetime NOT NULL,
  PRIMARY KEY (`customer_transaction_id`)
) ENGINE=MyISAM DEFAULT CHARSET=utf8 COLLATE=utf8_bin;



# Dump of table download
# ------------------------------------------------------------


CREATE TABLE `download` (
  `download_id` int(11) NOT NULL AUTO_INCREMENT,
  `filename` varchar(128) COLLATE utf8_bin NOT NULL DEFAULT '',
  `mask` varchar(128) COLLATE utf8_bin NOT NULL DEFAULT '',
  `remaining` int(11) NOT NULL DEFAULT '0',
  `date_added` datetime NOT NULL DEFAULT '0000-00-00 00:00:00',
  PRIMARY KEY (`download_id`)
) ENGINE=MyISAM DEFAULT CHARSET=utf8 COLLATE=utf8_bin;



# Dump of table download_description
# ------------------------------------------------------------


CREATE TABLE `download_description` (
  `download_id` int(11) NOT NULL,
  `language_id` int(11) NOT NULL,
  `name` varchar(64) COLLATE utf8_bin NOT NULL DEFAULT '',
  PRIMARY KEY (`download_id`,`language_id`)
) ENGINE=MyISAM DEFAULT CHARSET=utf8 COLLATE=utf8_bin;



# Dump of table extension
# ------------------------------------------------------------


CREATE TABLE `extension` (
  `extension_id` int(11) NOT NULL AUTO_INCREMENT,
  `type` varchar(32) COLLATE utf8_bin NOT NULL,
  `code` varchar(32) COLLATE utf8_bin NOT NULL,
  PRIMARY KEY (`extension_id`)
) ENGINE=MyISAM DEFAULT CHARSET=utf8 COLLATE=utf8_bin;


INSERT INTO `extension` (`extension_id`, `type`, `code`)
VALUES
	(22,X'746F74616C',X'7368697070696E67'),
	(57,X'746F74616C',X'7375625F746F74616C'),
	(59,X'746F74616C',X'746F74616C'),
	(432,X'6D6F64756C65',X'7370656369616C'),
	(390,X'746F74616C',X'637265646974'),
	(349,X'746F74616C',X'68616E646C696E67'),
	(350,X'746F74616C',X'6C6F775F6F726465725F666565'),
	(389,X'746F74616C',X'636F75706F6E'),
	(433,X'6D6F64756C65',X'6265737473656C6C6572'),
	(430,X'6D6F64756C65',X'6C6174657374'),
	(393,X'746F74616C',X'726577617264'),
	(398,X'746F74616C',X'766F7563686572'),
	(431,X'6D6F64756C65',X'6665617475726564'),
	(435,X'6D6F64756C65',X'62616E6E6572'),
	(437,X'6D6F64756C65',X'696E666F726D6174696F6E'),
	(438,X'6D6F64756C65',X'616666696C69617465'),
	(439,X'6D6F64756C65',X'6163636F756E74'),
	(440,X'6D6F64756C65',X'76716D6F645F6D616E61676572'),
	(490,X'6D6F64756C65',X'73696D706C65'),
	(469,X'7061796D656E74',X'62616E6B5F7472616E736665725F626361'),
	(451,X'6D6F64756C65',X'63617465676F7279'),
	(486,X'7061796D656E74',X'667265655F636865636B6F7574'),
	(485,X'7061796D656E74',X'636F64'),
	(459,X'6D6F64756C65',X'706F5F74657374696D6F6E69616C73'),
	(492,X'7368697070696E67',X'6A6E655F6F6B65'),
	(463,X'7061796D656E74',X'70705F7374616E64617264'),
	(465,X'746F74616C',X'6175746F5F646973636F756E74'),
	(491,X'7368697070696E67',X'6A6E65'),
	(471,X'6D6F64756C65',X'747261636B696E67'),
	(473,X'7061796D656E74',X'62616E6B5F7472616E736665725F6D616E64697269'),
	(476,X'66656564',X'676F6F676C655F62617365'),
	(477,X'66656564',X'676F6F676C655F736974656D6170'),
	(489,X'6D6F64756C65',X'6E657773'),
	(493,X'6D6F64756C65',X'62616E6E65725F666F7572'),
	(494,X'6D6F64756C65',X'74776565746578636C616D6174696F6E'),
	(495,X'6D6F64756C65',X'77656C636F6D65'),
	(496,X'6D6F64756C65',X'66616365626F6F6B5F6C62'),
	(500,X'6D6F64756C65',X'736C69646573686F77');



# Dump of table filter
# ------------------------------------------------------------


CREATE TABLE `filter` (
  `filter_id` int(11) NOT NULL AUTO_INCREMENT,
  `sort_order` int(3) NOT NULL,
  PRIMARY KEY (`filter_id`)
) ENGINE=MyISAM DEFAULT CHARSET=utf8 COLLATE=utf8_bin;



# Dump of table filter_description
# ------------------------------------------------------------


CREATE TABLE `filter_description` (
  `filter_id` int(11) NOT NULL,
  `language_id` int(11) NOT NULL,
  `name` varchar(64) COLLATE utf8_bin NOT NULL,
  PRIMARY KEY (`filter_id`,`language_id`)
) ENGINE=MyISAM DEFAULT CHARSET=utf8 COLLATE=utf8_bin;



# Dump of table filter_value
# ------------------------------------------------------------


CREATE TABLE `filter_value` (
  `filter_value_id` int(11) NOT NULL AUTO_INCREMENT,
  `filter_id` int(11) NOT NULL,
  `sort_order` int(3) NOT NULL,
  PRIMARY KEY (`filter_value_id`)
) ENGINE=MyISAM DEFAULT CHARSET=utf8 COLLATE=utf8_bin;



# Dump of table filter_value_description
# ------------------------------------------------------------


CREATE TABLE `filter_value_description` (
  `filter_value_id` int(11) NOT NULL,
  `language_id` int(11) NOT NULL,
  `filter_id` int(11) NOT NULL,
  `name` varchar(64) COLLATE utf8_bin NOT NULL,
  PRIMARY KEY (`filter_value_id`,`language_id`)
) ENGINE=MyISAM DEFAULT CHARSET=utf8 COLLATE=utf8_bin;



# Dump of table geo_zone
# ------------------------------------------------------------


CREATE TABLE `geo_zone` (
  `geo_zone_id` int(11) NOT NULL AUTO_INCREMENT,
  `name` varchar(32) COLLATE utf8_bin NOT NULL DEFAULT '',
  `description` varchar(255) COLLATE utf8_bin NOT NULL DEFAULT '',
  `date_modified` datetime NOT NULL DEFAULT '0000-00-00 00:00:00',
  `date_added` datetime NOT NULL DEFAULT '0000-00-00 00:00:00',
  PRIMARY KEY (`geo_zone_id`)
) ENGINE=MyISAM DEFAULT CHARSET=utf8 COLLATE=utf8_bin;


INSERT INTO `geo_zone` (`geo_zone_id`, `name`, `description`, `date_modified`, `date_added`)
VALUES
	(39,X'496E646F6E65736961',X'496E646F6E657369612050726F76696E636573','0000-00-00 00:00:00','2013-10-12 08:25:57');



# Dump of table information
# ------------------------------------------------------------


CREATE TABLE `information` (
  `information_id` int(11) NOT NULL AUTO_INCREMENT,
  `bottom` int(1) NOT NULL DEFAULT '0',
  `sort_order` int(3) NOT NULL DEFAULT '0',
  `status` tinyint(1) NOT NULL DEFAULT '1',
  PRIMARY KEY (`information_id`)
) ENGINE=MyISAM DEFAULT CHARSET=utf8 COLLATE=utf8_bin;


INSERT INTO `information` (`information_id`, `bottom`, `sort_order`, `status`)
VALUES
	(3,1,3,1),
	(4,1,0,1),
	(5,1,4,1),
	(7,1,1,1);



# Dump of table information_description
# ------------------------------------------------------------


CREATE TABLE `information_description` (
  `information_id` int(11) NOT NULL,
  `language_id` int(11) NOT NULL,
  `title` varchar(64) COLLATE utf8_bin NOT NULL DEFAULT '',
  `description` text COLLATE utf8_bin NOT NULL,
  PRIMARY KEY (`information_id`,`language_id`)
) ENGINE=MyISAM DEFAULT CHARSET=utf8 COLLATE=utf8_bin;


INSERT INTO `information_description` (`information_id`, `language_id`, `title`, `description`)
VALUES
	(4,1,X'41626F7574205573',X'[BLOB]'),
	(5,1,X'5465726D732026616D703B20436F6E646974696F6E73',X'[BLOB]'),
	(3,1,X'5072697661637920506F6C696379',X'[BLOB]'),
	(7,1,X'486F7720746F204F72646572',X'[BLOB]');



# Dump of table information_to_layout
# ------------------------------------------------------------


CREATE TABLE `information_to_layout` (
  `information_id` int(11) NOT NULL,
  `store_id` int(11) NOT NULL,
  `layout_id` int(11) NOT NULL,
  PRIMARY KEY (`information_id`,`store_id`)
) ENGINE=MyISAM DEFAULT CHARSET=utf8 COLLATE=utf8_bin;


INSERT INTO `information_to_layout` (`information_id`, `store_id`, `layout_id`)
VALUES
	(4,0,15);



# Dump of table information_to_store
# ------------------------------------------------------------


CREATE TABLE `information_to_store` (
  `information_id` int(11) NOT NULL,
  `store_id` int(11) NOT NULL,
  PRIMARY KEY (`information_id`,`store_id`)
) ENGINE=MyISAM DEFAULT CHARSET=utf8 COLLATE=utf8_bin;


INSERT INTO `information_to_store` (`information_id`, `store_id`)
VALUES
	(3,0),
	(4,0),
	(5,0),
	(7,0);



# Dump of table language
# ------------------------------------------------------------


CREATE TABLE `language` (
  `language_id` int(11) NOT NULL AUTO_INCREMENT,
  `name` varchar(32) COLLATE utf8_bin NOT NULL DEFAULT '',
  `code` varchar(5) COLLATE utf8_bin NOT NULL,
  `locale` varchar(255) COLLATE utf8_bin NOT NULL,
  `image` varchar(64) COLLATE utf8_bin NOT NULL,
  `directory` varchar(32) COLLATE utf8_bin NOT NULL DEFAULT '',
  `filename` varchar(64) COLLATE utf8_bin NOT NULL DEFAULT '',
  `sort_order` int(3) NOT NULL DEFAULT '0',
  `status` tinyint(1) NOT NULL DEFAULT '0',
  PRIMARY KEY (`language_id`),
  KEY `name` (`name`)
) ENGINE=MyISAM DEFAULT CHARSET=utf8 COLLATE=utf8_bin;


INSERT INTO `language` (`language_id`, `name`, `code`, `locale`, `image`, `directory`, `filename`, `sort_order`, `status`)
VALUES
	(1,X'456E676C697368',X'656E',X'656E5F55532E5554462D382C656E5F55532C656E2D67622C656E676C697368',X'67622E706E67',X'656E676C697368',X'656E676C697368',1,1);



# Dump of table layout
# ------------------------------------------------------------


CREATE TABLE `layout` (
  `layout_id` int(11) NOT NULL AUTO_INCREMENT,
  `name` varchar(64) COLLATE utf8_bin NOT NULL,
  PRIMARY KEY (`layout_id`)
) ENGINE=MyISAM DEFAULT CHARSET=utf8 COLLATE=utf8_bin;


INSERT INTO `layout` (`layout_id`, `name`)
VALUES
	(1,X'486F6D65'),
	(13,X'426C6F67'),
	(4,X'44656661756C74'),
	(6,X'4163636F756E74'),
	(7,X'436865636B6F7574'),
	(15,X'50616765202D2041626F7574205573'),
	(9,X'536974656D6170'),
	(10,X'416666696C69617465'),
	(11,X'496E666F726D6174696F6E'),
	(18,X'50616765202D20436F6E74616374205573');



# Dump of table layout_route
# ------------------------------------------------------------


CREATE TABLE `layout_route` (
  `layout_route_id` int(11) NOT NULL AUTO_INCREMENT,
  `layout_id` int(11) NOT NULL,
  `store_id` int(11) NOT NULL,
  `route` varchar(255) COLLATE utf8_bin NOT NULL,
  PRIMARY KEY (`layout_route_id`)
) ENGINE=MyISAM DEFAULT CHARSET=utf8 COLLATE=utf8_bin;


INSERT INTO `layout_route` (`layout_route_id`, `layout_id`, `store_id`, `route`)
VALUES
	(57,6,0,X'6163636F756E74'),
	(17,10,0,X'616666696C696174652F'),
	(33,13,0,X'626C6F672F61727469636C65'),
	(23,7,0,X'636865636B6F75742F'),
	(55,11,0,X'696E666F726D6174696F6E2F7061796D656E745F636F6E6669726D6174696F6E'),
	(34,13,0,X'626C6F672F63617465676F7279'),
	(45,15,0,X'696E666F726D6174696F6E2F696E666F726D6174696F6E'),
	(54,11,0,X'696E666F726D6174696F6E2F736974656D6170'),
	(53,11,0,X'696E666F726D6174696F6E2F696E666F726D6174696F6E'),
	(47,18,0,X'696E666F726D6174696F6E2F636F6E74616374'),
	(56,11,0,X'696E666F726D6174696F6E2F74657374696D6F6E69616C'),
	(58,6,1,X'6163636F756E74'),
	(62,1,0,X'636F6D6D6F6E2F686F6D65');



# Dump of table length_class
# ------------------------------------------------------------


CREATE TABLE `length_class` (
  `length_class_id` int(11) NOT NULL AUTO_INCREMENT,
  `value` decimal(15,8) NOT NULL,
  PRIMARY KEY (`length_class_id`)
) ENGINE=MyISAM DEFAULT CHARSET=utf8 COLLATE=utf8_bin;


INSERT INTO `length_class` (`length_class_id`, `value`)
VALUES
	(1,1.00000000),
	(2,10.00000000),
	(3,0.39370000);



# Dump of table length_class_description
# ------------------------------------------------------------


CREATE TABLE `length_class_description` (
  `length_class_id` int(11) NOT NULL AUTO_INCREMENT,
  `language_id` int(11) NOT NULL,
  `title` varchar(32) COLLATE utf8_bin NOT NULL,
  `unit` varchar(4) COLLATE utf8_bin NOT NULL,
  PRIMARY KEY (`length_class_id`,`language_id`)
) ENGINE=MyISAM DEFAULT CHARSET=utf8 COLLATE=utf8_bin;


INSERT INTO `length_class_description` (`length_class_id`, `language_id`, `title`, `unit`)
VALUES
	(1,1,X'43656E74696D65746572',X'636D'),
	(2,1,X'4D696C6C696D65746572',X'6D6D'),
	(3,1,X'496E6368',X'696E');



# Dump of table manufacturer
# ------------------------------------------------------------


CREATE TABLE `manufacturer` (
  `manufacturer_id` int(11) NOT NULL AUTO_INCREMENT,
  `name` varchar(64) COLLATE utf8_bin NOT NULL DEFAULT '',
  `image` varchar(255) COLLATE utf8_bin DEFAULT NULL,
  `sort_order` int(3) NOT NULL,
  PRIMARY KEY (`manufacturer_id`)
) ENGINE=MyISAM DEFAULT CHARSET=utf8 COLLATE=utf8_bin;


INSERT INTO `manufacturer` (`manufacturer_id`, `name`, `image`, `sort_order`)
VALUES
	(1,X'4265747479',X'646174612F64756D6D792F6272616E64732F757262616E2D62657474792E6A7067',0),
	(2,X'4772617068696B',X'646174612F64756D6D792F6272616E64732F757262616E2D6772617068696B2E6A7067',0);



# Dump of table manufacturer_special
# ------------------------------------------------------------


CREATE TABLE `manufacturer_special` (
  `manufacturer_special_id` int(11) NOT NULL AUTO_INCREMENT,
  `manufacturer_id` int(11) NOT NULL,
  `customer_group_id` int(11) NOT NULL,
  `priority` int(5) NOT NULL DEFAULT '1',
  `discount` decimal(15,4) NOT NULL DEFAULT '0.0000',
  `discount_type` tinyint(1) NOT NULL DEFAULT '0',
  `date_start` date NOT NULL DEFAULT '0000-00-00',
  `date_end` date NOT NULL DEFAULT '0000-00-00',
  PRIMARY KEY (`manufacturer_special_id`),
  KEY `manufacturer_id` (`manufacturer_id`)
) ENGINE=MyISAM DEFAULT CHARSET=utf8 COLLATE=utf8_bin;



# Dump of table manufacturer_special_to_product_special
# ------------------------------------------------------------


CREATE TABLE `manufacturer_special_to_product_special` (
  `manufacturer_special_id` int(11) NOT NULL,
  `product_special_id` int(11) NOT NULL,
  PRIMARY KEY (`manufacturer_special_id`,`product_special_id`)
) ENGINE=MyISAM DEFAULT CHARSET=utf8 COLLATE=utf8_bin;



# Dump of table manufacturer_to_store
# ------------------------------------------------------------


CREATE TABLE `manufacturer_to_store` (
  `manufacturer_id` int(11) NOT NULL,
  `store_id` int(11) NOT NULL,
  PRIMARY KEY (`manufacturer_id`,`store_id`)
) ENGINE=MyISAM DEFAULT CHARSET=utf8 COLLATE=utf8_bin;


INSERT INTO `manufacturer_to_store` (`manufacturer_id`, `store_id`)
VALUES
	(1,0),
	(2,0);



# Dump of table marketinsg_news
# ------------------------------------------------------------


CREATE TABLE `marketinsg_news` (
  `marketinsg_news_id` int(11) NOT NULL AUTO_INCREMENT,
  `text` text CHARACTER SET utf8 COLLATE utf8_bin NOT NULL,
  `date_added` datetime NOT NULL,
  PRIMARY KEY (`marketinsg_news_id`)
) ENGINE=InnoDB DEFAULT CHARSET=latin1;


INSERT INTO `marketinsg_news` (`marketinsg_news_id`, `text`, `date_added`)
VALUES
	(1,X'[BLOB]','2013-08-09 08:45:53');



# Dump of table marketinsg_news_log
# ------------------------------------------------------------


CREATE TABLE `marketinsg_news_log` (
  `marketinsg_news_log_id` int(11) NOT NULL AUTO_INCREMENT,
  `date_checked` datetime NOT NULL,
  `status` tinyint(4) NOT NULL,
  PRIMARY KEY (`marketinsg_news_log_id`)
) ENGINE=InnoDB DEFAULT CHARSET=latin1;


INSERT INTO `marketinsg_news_log` (`marketinsg_news_log_id`, `date_checked`, `status`)
VALUES
	(1,'2013-08-09 08:45:53',1),
	(2,'2013-08-11 09:29:54',1);



# Dump of table news
# ------------------------------------------------------------


CREATE TABLE `news` (
  `news_id` int(11) NOT NULL AUTO_INCREMENT,
  `date_added` datetime NOT NULL,
  `status` tinyint(1) NOT NULL,
  PRIMARY KEY (`news_id`)
) ENGINE=InnoDB DEFAULT CHARSET=latin1;


INSERT INTO `news` (`news_id`, `date_added`, `status`)
VALUES
	(1,'2013-08-06 18:21:28',1),
	(2,'2013-08-06 18:23:35',1);



# Dump of table news_description
# ------------------------------------------------------------


CREATE TABLE `news_description` (
  `news_description_id` int(11) NOT NULL AUTO_INCREMENT,
  `news_id` int(11) NOT NULL,
  `language_id` int(11) NOT NULL,
  `title` varchar(255) CHARACTER SET utf8 COLLATE utf8_bin NOT NULL,
  `description` text CHARACTER SET utf8 COLLATE utf8_bin NOT NULL,
  PRIMARY KEY (`news_description_id`)
) ENGINE=InnoDB DEFAULT CHARSET=latin1;


INSERT INTO `news_description` (`news_description_id`, `news_id`, `language_id`, `title`, `description`)
VALUES
	(4,2,1,X'4772756E6765207072696E742042616720274E27204E6F756E206772657920736B6972742076696E74616765204C6576692073686F72747320616E6B6C6520626F6F747320393073',X'[BLOB]'),
	(5,1,1,X'56696E746167652041636E6520636173686D65726520436F70656E686167656E20776173686564206F7574207072696E746564206A61636B65742074726F7573657220456C6C65206C656174686572206A61636B6574',X'[BLOB]');



# Dump of table option
# ------------------------------------------------------------


CREATE TABLE `option` (
  `option_id` int(11) NOT NULL AUTO_INCREMENT,
  `type` varchar(32) COLLATE utf8_bin NOT NULL,
  `sort_order` int(3) NOT NULL,
  `discounts` varchar(255) COLLATE utf8_bin NOT NULL DEFAULT '',
  PRIMARY KEY (`option_id`)
) ENGINE=MyISAM DEFAULT CHARSET=utf8 COLLATE=utf8_bin;


INSERT INTO `option` (`option_id`, `type`, `sort_order`, `discounts`)
VALUES
	(1,X'73656C656374',0,X'317C20327C'),
	(2,X'73656C656374',0,X'317C20327C');



# Dump of table option_description
# ------------------------------------------------------------


CREATE TABLE `option_description` (
  `option_id` int(11) NOT NULL,
  `language_id` int(11) NOT NULL,
  `name` varchar(128) COLLATE utf8_bin NOT NULL,
  PRIMARY KEY (`option_id`,`language_id`)
) ENGINE=MyISAM DEFAULT CHARSET=utf8 COLLATE=utf8_bin;


INSERT INTO `option_description` (`option_id`, `language_id`, `name`)
VALUES
	(1,1,X'53697A65'),
	(2,1,X'536574');



# Dump of table option_value
# ------------------------------------------------------------


CREATE TABLE `option_value` (
  `option_value_id` int(11) NOT NULL AUTO_INCREMENT,
  `option_id` int(11) NOT NULL,
  `image` varchar(255) COLLATE utf8_bin NOT NULL,
  `sort_order` int(3) NOT NULL,
  PRIMARY KEY (`option_value_id`)
) ENGINE=MyISAM DEFAULT CHARSET=utf8 COLLATE=utf8_bin;


INSERT INTO `option_value` (`option_value_id`, `option_id`, `image`, `sort_order`)
VALUES
	(1,1,X'',1),
	(2,1,X'',2),
	(3,1,X'',3),
	(4,2,X'',0),
	(5,2,X'',0),
	(6,2,X'',0);



# Dump of table option_value_description
# ------------------------------------------------------------


CREATE TABLE `option_value_description` (
  `option_value_id` int(11) NOT NULL,
  `language_id` int(11) NOT NULL,
  `option_id` int(11) NOT NULL,
  `name` varchar(128) COLLATE utf8_bin NOT NULL,
  PRIMARY KEY (`option_value_id`,`language_id`)
) ENGINE=MyISAM DEFAULT CHARSET=utf8 COLLATE=utf8_bin;


INSERT INTO `option_value_description` (`option_value_id`, `language_id`, `option_id`, `name`)
VALUES
	(1,1,1,X'536D616C6C'),
	(2,1,1,X'4D656469756D'),
	(3,1,1,X'4C61726765'),
	(6,1,2,X'33'),
	(5,1,2,X'32'),
	(4,1,2,X'31');



# Dump of table order
# ------------------------------------------------------------


CREATE TABLE `order` (
  `order_id` int(11) NOT NULL AUTO_INCREMENT,
  `invoice_no` int(11) NOT NULL DEFAULT '0',
  `invoice_prefix` varchar(26) COLLATE utf8_bin NOT NULL,
  `store_id` int(11) NOT NULL DEFAULT '0',
  `store_name` varchar(64) COLLATE utf8_bin NOT NULL,
  `store_url` varchar(255) COLLATE utf8_bin NOT NULL,
  `customer_id` int(11) NOT NULL DEFAULT '0',
  `customer_group_id` int(11) NOT NULL DEFAULT '0',
  `firstname` varchar(32) COLLATE utf8_bin NOT NULL DEFAULT '',
  `lastname` varchar(32) COLLATE utf8_bin NOT NULL,
  `email` varchar(96) COLLATE utf8_bin NOT NULL,
  `telephone` varchar(32) COLLATE utf8_bin NOT NULL DEFAULT '',
  `fax` varchar(32) COLLATE utf8_bin NOT NULL DEFAULT '',
  `payment_firstname` varchar(32) COLLATE utf8_bin NOT NULL DEFAULT '',
  `payment_lastname` varchar(32) COLLATE utf8_bin NOT NULL DEFAULT '',
  `payment_company` varchar(32) COLLATE utf8_bin NOT NULL,
  `payment_company_id` varchar(32) COLLATE utf8_bin NOT NULL,
  `payment_tax_id` varchar(32) COLLATE utf8_bin NOT NULL,
  `payment_address_1` varchar(128) COLLATE utf8_bin NOT NULL,
  `payment_address_2` varchar(128) COLLATE utf8_bin NOT NULL,
  `payment_city` varchar(128) COLLATE utf8_bin NOT NULL,
  `payment_postcode` varchar(10) COLLATE utf8_bin NOT NULL DEFAULT '',
  `payment_country` varchar(128) COLLATE utf8_bin NOT NULL,
  `payment_country_id` int(11) NOT NULL,
  `payment_zone` varchar(128) COLLATE utf8_bin NOT NULL,
  `payment_zone_id` int(11) NOT NULL,
  `payment_address_format` text COLLATE utf8_bin NOT NULL,
  `payment_method` varchar(128) COLLATE utf8_bin NOT NULL DEFAULT '',
  `payment_code` varchar(128) COLLATE utf8_bin NOT NULL,
  `shipping_firstname` varchar(32) COLLATE utf8_bin NOT NULL,
  `shipping_lastname` varchar(32) COLLATE utf8_bin NOT NULL DEFAULT '',
  `shipping_company` varchar(32) COLLATE utf8_bin NOT NULL,
  `shipping_address_1` varchar(128) COLLATE utf8_bin NOT NULL,
  `shipping_address_2` varchar(128) COLLATE utf8_bin NOT NULL,
  `shipping_city` varchar(128) COLLATE utf8_bin NOT NULL,
  `shipping_postcode` varchar(10) COLLATE utf8_bin NOT NULL DEFAULT '',
  `shipping_country` varchar(128) COLLATE utf8_bin NOT NULL,
  `shipping_country_id` int(11) NOT NULL,
  `shipping_zone` varchar(128) COLLATE utf8_bin NOT NULL,
  `shipping_zone_id` int(11) NOT NULL,
  `shipping_address_format` text COLLATE utf8_bin NOT NULL,
  `shipping_method` varchar(128) COLLATE utf8_bin NOT NULL DEFAULT '',
  `shipping_code` varchar(128) COLLATE utf8_bin NOT NULL,
  `comment` text COLLATE utf8_bin NOT NULL,
  `total` decimal(15,4) NOT NULL DEFAULT '0.0000',
  `order_status_id` int(11) NOT NULL DEFAULT '0',
  `affiliate_id` int(11) NOT NULL,
  `commission` decimal(15,4) NOT NULL,
  `language_id` int(11) NOT NULL,
  `currency_id` int(11) NOT NULL,
  `currency_code` varchar(3) COLLATE utf8_bin NOT NULL,
  `currency_value` decimal(15,8) NOT NULL DEFAULT '1.00000000',
  `ip` varchar(40) COLLATE utf8_bin NOT NULL,
  `forwarded_ip` varchar(40) COLLATE utf8_bin NOT NULL,
  `user_agent` varchar(255) COLLATE utf8_bin NOT NULL,
  `accept_language` varchar(255) COLLATE utf8_bin NOT NULL,
  `date_added` datetime NOT NULL,
  `date_modified` datetime NOT NULL,
  PRIMARY KEY (`order_id`)
) ENGINE=MyISAM DEFAULT CHARSET=utf8 COLLATE=utf8_bin;



# Dump of table order_download
# ------------------------------------------------------------


CREATE TABLE `order_download` (
  `order_download_id` int(11) NOT NULL AUTO_INCREMENT,
  `order_id` int(11) NOT NULL,
  `order_product_id` int(11) NOT NULL,
  `name` varchar(64) COLLATE utf8_bin NOT NULL DEFAULT '',
  `filename` varchar(128) COLLATE utf8_bin NOT NULL DEFAULT '',
  `mask` varchar(128) COLLATE utf8_bin NOT NULL DEFAULT '',
  `remaining` int(3) NOT NULL DEFAULT '0',
  PRIMARY KEY (`order_download_id`)
) ENGINE=MyISAM DEFAULT CHARSET=utf8 COLLATE=utf8_bin;



# Dump of table order_history
# ------------------------------------------------------------


CREATE TABLE `order_history` (
  `order_history_id` int(11) NOT NULL AUTO_INCREMENT,
  `order_id` int(11) NOT NULL,
  `order_status_id` int(5) NOT NULL,
  `notify` tinyint(1) NOT NULL DEFAULT '0',
  `comment` text COLLATE utf8_bin NOT NULL,
  `date_added` datetime NOT NULL DEFAULT '0000-00-00 00:00:00',
  PRIMARY KEY (`order_history_id`)
) ENGINE=MyISAM DEFAULT CHARSET=utf8 COLLATE=utf8_bin;



# Dump of table order_option
# ------------------------------------------------------------


CREATE TABLE `order_option` (
  `order_option_id` int(11) NOT NULL AUTO_INCREMENT,
  `order_id` int(11) NOT NULL,
  `order_product_id` int(11) NOT NULL,
  `product_option_id` int(11) NOT NULL,
  `product_option_value_id` int(11) NOT NULL DEFAULT '0',
  `name` varchar(255) COLLATE utf8_bin NOT NULL,
  `value` text COLLATE utf8_bin NOT NULL,
  `type` varchar(32) COLLATE utf8_bin NOT NULL,
  PRIMARY KEY (`order_option_id`)
) ENGINE=MyISAM DEFAULT CHARSET=utf8 COLLATE=utf8_bin;



# Dump of table order_product
# ------------------------------------------------------------


CREATE TABLE `order_product` (
  `order_product_id` int(11) NOT NULL AUTO_INCREMENT,
  `order_id` int(11) NOT NULL,
  `product_id` int(11) NOT NULL,
  `name` varchar(255) COLLATE utf8_bin NOT NULL,
  `model` varchar(64) COLLATE utf8_bin NOT NULL,
  `quantity` int(4) NOT NULL,
  `price` decimal(15,4) NOT NULL DEFAULT '0.0000',
  `total` decimal(15,4) NOT NULL DEFAULT '0.0000',
  `tax` decimal(15,4) NOT NULL DEFAULT '0.0000',
  `reward` int(8) NOT NULL,
  `cost` decimal(15,4) NOT NULL DEFAULT '0.0000',
  PRIMARY KEY (`order_product_id`)
) ENGINE=MyISAM DEFAULT CHARSET=utf8 COLLATE=utf8_bin;



# Dump of table order_status
# ------------------------------------------------------------


CREATE TABLE `order_status` (
  `order_status_id` int(11) NOT NULL AUTO_INCREMENT,
  `language_id` int(11) NOT NULL,
  `name` varchar(32) COLLATE utf8_bin NOT NULL,
  PRIMARY KEY (`order_status_id`,`language_id`)
) ENGINE=MyISAM DEFAULT CHARSET=utf8 COLLATE=utf8_bin;


INSERT INTO `order_status` (`order_status_id`, `language_id`, `name`)
VALUES
	(2,1,X'50726F63657373696E67'),
	(3,1,X'53686970706564'),
	(7,1,X'43616E63656C6564'),
	(5,1,X'436F6D706C657465'),
	(8,1,X'44656E696564'),
	(9,1,X'43616E63656C656420526576657273616C'),
	(10,1,X'4661696C6564'),
	(11,1,X'526566756E646564'),
	(12,1,X'5265766572736564'),
	(13,1,X'4368617267656261636B'),
	(1,1,X'50656E64696E67'),
	(16,1,X'566F69646564'),
	(15,1,X'50726F636573736564'),
	(14,1,X'45787069726564');



# Dump of table order_total
# ------------------------------------------------------------


CREATE TABLE `order_total` (
  `order_total_id` int(10) NOT NULL AUTO_INCREMENT,
  `order_id` int(11) NOT NULL,
  `code` varchar(32) COLLATE utf8_bin NOT NULL,
  `title` varchar(255) COLLATE utf8_bin NOT NULL DEFAULT '',
  `text` varchar(255) COLLATE utf8_bin NOT NULL DEFAULT '',
  `value` decimal(15,4) NOT NULL DEFAULT '0.0000',
  `sort_order` int(3) NOT NULL,
  PRIMARY KEY (`order_total_id`),
  KEY `idx_orders_total_orders_id` (`order_id`)
) ENGINE=MyISAM DEFAULT CHARSET=utf8 COLLATE=utf8_bin;



# Dump of table order_voucher
# ------------------------------------------------------------


CREATE TABLE `order_voucher` (
  `order_voucher_id` int(11) NOT NULL AUTO_INCREMENT,
  `order_id` int(11) NOT NULL,
  `voucher_id` int(11) NOT NULL,
  `description` varchar(255) COLLATE utf8_bin NOT NULL,
  `code` varchar(10) COLLATE utf8_bin NOT NULL,
  `from_name` varchar(64) COLLATE utf8_bin NOT NULL,
  `from_email` varchar(96) COLLATE utf8_bin NOT NULL,
  `to_name` varchar(64) COLLATE utf8_bin NOT NULL,
  `to_email` varchar(96) COLLATE utf8_bin NOT NULL,
  `voucher_theme_id` int(11) NOT NULL,
  `message` text COLLATE utf8_bin NOT NULL,
  `amount` decimal(15,4) NOT NULL,
  PRIMARY KEY (`order_voucher_id`)
) ENGINE=MyISAM DEFAULT CHARSET=utf8 COLLATE=utf8_bin;



# Dump of table po_testimonials
# ------------------------------------------------------------


CREATE TABLE `po_testimonials` (
  `testimonial_id` int(11) NOT NULL AUTO_INCREMENT,
  `customer_id` int(11) NOT NULL,
  `text` varchar(510) CHARACTER SET utf8 COLLATE utf8_bin NOT NULL,
  `status` tinyint(1) NOT NULL,
  `date_added` datetime NOT NULL,
  PRIMARY KEY (`testimonial_id`)
) ENGINE=MyISAM DEFAULT CHARSET=latin1;


INSERT INTO `po_testimonials` (`testimonial_id`, `customer_id`, `text`, `status`, `date_added`)
VALUES
	(1,16,X'[BLOB]',1,'2013-05-15 19:16:48'),
	(2,16,X'[BLOB]',1,'2013-05-15 19:10:43'),
	(3,16,X'[BLOB]',1,'2013-05-15 19:10:58'),
	(4,16,X'[BLOB]',1,'2013-05-15 19:16:33'),
	(5,16,X'[BLOB]',1,'2013-05-15 19:10:51'),
	(6,16,X'[BLOB]',1,'2013-05-15 19:11:05');



# Dump of table po_testimonials_to_store
# ------------------------------------------------------------


CREATE TABLE `po_testimonials_to_store` (
  `testimonial_id` int(11) NOT NULL,
  `store_id` int(11) NOT NULL
) ENGINE=MyISAM DEFAULT CHARSET=latin1;


INSERT INTO `po_testimonials_to_store` (`testimonial_id`, `store_id`)
VALUES
	(1,0),
	(2,0),
	(3,0),
	(4,0),
	(5,0),
	(6,0);



# Dump of table product
# ------------------------------------------------------------


CREATE TABLE `product` (
  `product_id` int(11) NOT NULL AUTO_INCREMENT,
  `model` varchar(64) COLLATE utf8_bin NOT NULL,
  `sku` varchar(64) COLLATE utf8_bin NOT NULL,
  `upc` varchar(12) COLLATE utf8_bin NOT NULL,
  `ean` varchar(14) COLLATE utf8_bin NOT NULL,
  `jan` varchar(13) COLLATE utf8_bin NOT NULL,
  `isbn` varchar(13) COLLATE utf8_bin NOT NULL,
  `mpn` varchar(64) COLLATE utf8_bin NOT NULL,
  `location` varchar(128) COLLATE utf8_bin NOT NULL,
  `quantity` int(4) NOT NULL DEFAULT '0',
  `stock_status_id` int(11) NOT NULL,
  `image` varchar(255) COLLATE utf8_bin DEFAULT NULL,
  `manufacturer_id` int(11) NOT NULL,
  `shipping` tinyint(1) NOT NULL DEFAULT '1',
  `price` decimal(15,2) NOT NULL DEFAULT '0.00',
  `cost` decimal(15,2) NOT NULL DEFAULT '0.00',
  `cost_amount` decimal(15,2) NOT NULL DEFAULT '0.00',
  `cost_percentage` decimal(15,2) NOT NULL DEFAULT '0.00',
  `cost_additional` decimal(15,2) NOT NULL DEFAULT '0.00',
  `points` int(8) NOT NULL DEFAULT '0',
  `tax_class_id` int(11) NOT NULL,
  `date_available` date NOT NULL,
  `weight` decimal(15,2) NOT NULL DEFAULT '0.00',
  `weight_class_id` int(11) NOT NULL DEFAULT '0',
  `length` decimal(15,2) NOT NULL DEFAULT '0.00',
  `width` decimal(15,2) NOT NULL DEFAULT '0.00',
  `height` decimal(15,2) NOT NULL DEFAULT '0.00',
  `length_class_id` int(11) NOT NULL DEFAULT '0',
  `subtract` tinyint(1) NOT NULL DEFAULT '1',
  `minimum` int(11) NOT NULL DEFAULT '1',
  `sort_order` int(11) NOT NULL DEFAULT '0',
  `status` tinyint(1) NOT NULL DEFAULT '0',
  `date_added` datetime NOT NULL DEFAULT '0000-00-00 00:00:00',
  `date_modified` datetime NOT NULL DEFAULT '0000-00-00 00:00:00',
  `viewed` int(5) NOT NULL DEFAULT '0',
  PRIMARY KEY (`product_id`)
) ENGINE=MyISAM DEFAULT CHARSET=utf8 COLLATE=utf8_bin;


INSERT INTO `product` (`product_id`, `model`, `sku`, `upc`, `ean`, `jan`, `isbn`, `mpn`, `location`, `quantity`, `stock_status_id`, `image`, `manufacturer_id`, `shipping`, `price`, `cost`, `cost_amount`, `cost_percentage`, `cost_additional`, `points`, `tax_class_id`, `date_available`, `weight`, `weight_class_id`, `length`, `width`, `height`, `length_class_id`, `subtract`, `minimum`, `sort_order`, `status`, `date_added`, `date_modified`, `viewed`)
VALUES
	(1,X'5542303031',X'',X'',X'',X'',X'',X'',X'',99,5,X'646174612F64756D6D792F70726F64756374732F6D6F726F63636F2F6D6F726F63636F2D312E6A7067',1,1,750000.00,0.00,0.00,0.00,0.00,0,0,'2013-08-10',1.00,1,0.00,0.00,0.00,1,1,1,1,1,'2013-08-11 11:12:10','2013-11-29 14:30:55',0),
	(2,X'5542303032',X'',X'',X'',X'',X'',X'',X'',99,5,X'646174612F64756D6D792F70726F64756374732F6D6F726F63636F2F6D6F726F63636F2D322E6A7067',1,1,800000.00,0.00,0.00,0.00,0.00,0,0,'2013-08-10',1.00,1,0.00,0.00,0.00,1,1,1,1,1,'2013-08-11 11:36:38','2013-11-29 14:32:08',0),
	(3,X'5542303033',X'',X'',X'',X'',X'',X'',X'',99,5,X'646174612F64756D6D792F70726F64756374732F6D6F726F63636F2F6D6F726F63636F2D332E6A7067',2,1,900000.00,0.00,0.00,0.00,0.00,0,0,'2013-08-10',1.00,1,0.00,0.00,0.00,1,1,1,1,1,'2013-08-11 11:38:11','2013-11-29 14:33:28',0),
	(4,X'5542303034',X'',X'',X'',X'',X'',X'',X'',99,5,X'646174612F64756D6D792F70726F64756374732F6D6F726F63636F2F6D6F726F63636F2D342E6A7067',1,1,850000.00,0.00,0.00,0.00,0.00,0,0,'2013-08-10',1.00,1,0.00,0.00,0.00,1,1,1,1,1,'2013-08-11 11:39:59','2013-11-29 14:31:58',0),
	(5,X'5542303035',X'',X'',X'',X'',X'',X'',X'',99,5,X'646174612F64756D6D792F70726F64756374732F6D6F726F63636F2F6D6F726F63636F2D352E6A7067',1,1,950000.00,0.00,0.00,0.00,0.00,0,0,'2013-08-10',1.00,1,0.00,0.00,0.00,1,1,1,1,1,'2013-08-11 11:44:25','2013-11-29 14:34:02',0),
	(6,X'5542303036',X'',X'',X'',X'',X'',X'',X'',99,5,X'646174612F64756D6D792F70726F64756374732F6D6F726F63636F2F6D6F726F63636F2D362E6A7067',2,1,875000.00,0.00,0.00,0.00,0.00,0,0,'2013-08-10',1.00,1,0.00,0.00,0.00,1,1,1,1,1,'2013-08-11 11:48:35','2013-11-29 14:32:47',0),
	(7,X'5542303037',X'',X'',X'',X'',X'',X'',X'',99,5,X'646174612F64756D6D792F70726F64756374732F6D6F726F63636F2F6D6F726F63636F2D372E6A7067',2,1,760000.00,0.00,0.00,0.00,0.00,0,0,'2013-08-10',1.00,1,0.00,0.00,0.00,1,1,1,1,1,'2013-08-11 11:53:57','2013-11-29 14:31:30',0),
	(8,X'5542303038',X'',X'',X'',X'',X'',X'',X'',99,5,X'646174612F64756D6D792F70726F64756374732F6D6F726F63636F2F6D6F726F63636F2D382E6A7067',2,1,850000.00,0.00,0.00,0.00,0.00,0,0,'2013-08-10',1.00,1,0.00,0.00,0.00,1,1,1,1,1,'2013-08-11 11:55:56','2013-11-29 14:31:47',0),
	(9,X'5542303039',X'',X'',X'',X'',X'',X'',X'',99,5,X'646174612F64756D6D792F70726F64756374732F6D6F726F63636F2F6D6F726F63636F2D392E6A7067',1,1,750000.00,0.00,0.00,0.00,0.00,0,0,'2013-08-10',1.00,1,0.00,0.00,0.00,1,1,1,1,1,'2013-08-11 11:58:42','2013-12-11 12:49:43',0),
	(10,X'5542303130',X'',X'',X'',X'',X'',X'',X'',99,5,X'646174612F64756D6D792F70726F64756374732F6D6F726F63636F2F6D6F726F63636F2D31302E6A7067',1,1,800000.00,0.00,0.00,0.00,0.00,0,0,'2013-08-10',1.00,1,0.00,0.00,0.00,1,1,1,1,1,'2013-08-11 11:59:34','2013-11-29 14:32:22',0),
	(11,X'5542303131',X'',X'',X'',X'',X'',X'',X'',99,5,X'646174612F64756D6D792F70726F64756374732F6D6F726F63636F2F6D6F726F63636F2D31312E6A7067',2,1,900000.00,0.00,0.00,0.00,0.00,0,0,'2013-08-10',1.00,1,0.00,0.00,0.00,1,1,1,1,1,'2013-08-11 12:05:57','2013-11-29 14:33:47',0),
	(12,X'5542303132',X'',X'',X'',X'',X'',X'',X'',99,5,X'646174612F64756D6D792F70726F64756374732F6D6F726F63636F2F6D6F726F63636F2D31322E6A7067',2,1,860000.00,0.00,0.00,0.00,0.00,0,0,'2013-08-10',1.00,1,0.00,0.00,0.00,1,1,1,1,1,'2013-08-11 12:09:12','2013-11-29 14:32:37',0),
	(13,X'5542303133',X'',X'',X'',X'',X'',X'',X'',99,5,X'646174612F64756D6D792F70726F64756374732F6D6F726F63636F2F6D6F726F63636F2D31332E6A7067',1,1,750000.00,0.00,0.00,0.00,0.00,0,0,'2013-08-10',1.00,1,0.00,0.00,0.00,1,1,1,1,1,'2013-08-11 12:11:50','2013-12-11 12:49:40',0),
	(14,X'5542303134',X'',X'',X'',X'',X'',X'',X'',99,5,X'646174612F64756D6D792F70726F64756374732F6D6F726F63636F2F6D6F726F63636F2D31342E6A7067',2,1,850000.00,0.00,0.00,0.00,0.00,0,0,'2013-08-10',1.00,1,0.00,0.00,0.00,1,1,1,1,1,'2013-08-11 12:17:24','2013-11-29 14:31:38',0),
	(15,X'5542303135',X'',X'',X'',X'',X'',X'',X'',99,5,X'646174612F64756D6D792F70726F64756374732F6D6F726F63636F2F6D6F726F63636F2D31352E6A7067',1,1,900000.00,0.00,0.00,0.00,0.00,0,0,'2013-08-10',1.00,1,0.00,0.00,0.00,1,1,1,1,1,'2013-08-11 12:18:53','2013-12-11 12:49:34',0),
	(16,X'5542303136',X'',X'',X'',X'',X'',X'',X'',99,5,X'646174612F64756D6D792F70726F64756374732F6D6F726F63636F2F6D6F726F63636F2D31362E6A7067',2,1,700000.00,0.00,0.00,0.00,0.00,0,0,'2013-08-10',1.00,1,0.00,0.00,0.00,1,1,1,1,1,'2013-08-11 12:19:51','2013-11-29 14:22:29',3),
	(17,X'5542303137',X'',X'',X'',X'',X'',X'',X'',99,5,X'646174612F64756D6D792F70726F64756374732F6D6F726F63636F2F6D6F726F63636F2D31372E6A7067',2,1,875000.00,0.00,0.00,0.00,0.00,0,0,'2013-08-10',1.00,1,0.00,0.00,0.00,1,1,1,1,1,'2013-08-11 12:21:11','2013-12-06 15:14:30',4);



# Dump of table product_attribute
# ------------------------------------------------------------


CREATE TABLE `product_attribute` (
  `product_id` int(11) NOT NULL,
  `attribute_id` int(11) NOT NULL,
  `language_id` int(11) NOT NULL,
  `text` text COLLATE utf8_bin NOT NULL,
  PRIMARY KEY (`product_id`,`attribute_id`,`language_id`)
) ENGINE=MyISAM DEFAULT CHARSET=utf8 COLLATE=utf8_bin;



# Dump of table product_description
# ------------------------------------------------------------


CREATE TABLE `product_description` (
  `product_id` int(11) NOT NULL AUTO_INCREMENT,
  `language_id` int(11) NOT NULL,
  `name` varchar(255) COLLATE utf8_bin NOT NULL,
  `description` text COLLATE utf8_bin NOT NULL,
  `meta_description` varchar(255) COLLATE utf8_bin NOT NULL,
  `meta_keyword` varchar(255) COLLATE utf8_bin NOT NULL,
  `tag` text COLLATE utf8_bin NOT NULL,
  PRIMARY KEY (`product_id`,`language_id`),
  KEY `name` (`name`),
  FULLTEXT KEY `description` (`description`),
  FULLTEXT KEY `tag` (`tag`)
) ENGINE=MyISAM DEFAULT CHARSET=utf8 COLLATE=utf8_bin;


INSERT INTO `product_description` (`product_id`, `language_id`, `name`, `description`, `meta_description`, `meta_keyword`, `tag`)
VALUES
	(1,1,X'4B6E6F7420706F6E797461696C207072696E746564206A61636B65742063686966666F6E20436F6C65747465207072696E746564206B6E697477656172',X'[BLOB]',X'',X'',''),
	(2,1,X'5072696E746564206A61636B65742063656E746572207061727420636F6C6C6172206D6574616C20636F6C6C6172206E65636B6C61636520736B696E6E79206A65616E732E',X'[BLOB]',X'',X'',''),
	(3,1,X'5061726B612043C3A96C696E65204D6169736F6E204D617274696E204D61726769656C61206D6F74696620636F6C6C617220636173686D657265207072696E746564',X'[BLOB]',X'',X'',''),
	(4,1,X'506C6169746564206265616E6965206D696E74204D6975204D6975206F76657273697A6564207377656174736869727420696E6469676F2064656E696D',X'[BLOB]',X'',X'',''),
	(5,1,X'43C3A96C696E652076696E74616765204C6576692073686F727473207072696E742077686974652039307320456C6C6520706561636820626C61636B2072617A6F72206A65616E73',X'[BLOB]',X'',X'',''),
	(6,1,X'4461726B20726564206C6970737469636B2074726F7573657220776869746520436F6E766572736520636C617368696E67207061747465726E7320636F74746F6E',X'[BLOB]',X'',X'',''),
	(7,1,X'427574746F6E207570206C656174686572206A61636B65742064656E696D206A61636B657420636F74746F6E207072696E74656420737472656574207374796C6520706C6169746564',X'[BLOB]',X'',X'',''),
	(8,1,X'496E6469676F2064656E696D20466A616C6C726176656E20726F756E642073756E676C61737365732076696E74616765204C6576692073686F727473',X'[BLOB]',X'',X'',''),
	(9,1,X'5475636B656420742D736869727420616E6B6C6520626F6F7473206C6F6166657273206368656C73656120626F6F7420737472656574207374796C65',X'[BLOB]',X'',X'',''),
	(10,1,X'43C3A96C696E65206368616D6272617920736869727420627574746F6E207570207061726B61207072696E746564206E61696C732072617A6F7220706C656174',X'[BLOB]',X'',X'',''),
	(11,1,X'5361696E74204C617572656E74206D6574616C20636F6C6C6172206E65636B6C616365206772756E67652063656E746572207061727420726F7365207061726B61',X'[BLOB]',X'',X'',''),
	(12,1,X'4D6975204D697520506172697320726F756E642073756E676C617373657320706C617973756974206F76657273697A656420736B696E6E79206A65616E73',X'[BLOB]',X'',X'',''),
	(13,1,X'416E6B6C6520626F6F7473206261636B7061636B20636F6C6C61722043686F75706574746520706C6169746564205072616461205361666669616E6F',X'[BLOB]',X'',X'',''),
	(14,1,X'537472656574207374796C65206D61786920736B69727420636F74746F6E20647265737320636173686D6572652042616720274E27204E6F756E206265616E6965',X'[BLOB]',X'',X'',''),
	(15,1,X'4B6E69747765617220737472656574207374796C65207374726F6E672065796562726F7773206C6561746865722073686F727473',X'[BLOB]',X'',X'',''),
	(16,1,X'526F756E642073756E676C617373657320627574746F6E207570206D6F7469662070617374656C7320393073206D6574616C20636F6C6C6172',X'[BLOB]',X'',X'',''),
	(17,1,X'5475636B656420742D73686972742074756C6C65204D756C626572727920616E6B6C6520626F6F7473207072696E74656420636F6C6C617220466A616C6C726176656E',X'[BLOB]',X'',X'','');



# Dump of table product_discount
# ------------------------------------------------------------


CREATE TABLE `product_discount` (
  `product_discount_id` int(11) NOT NULL AUTO_INCREMENT,
  `product_id` int(11) NOT NULL,
  `customer_group_id` int(11) NOT NULL,
  `quantity` int(4) NOT NULL DEFAULT '0',
  `priority` int(5) NOT NULL DEFAULT '1',
  `price` decimal(15,4) NOT NULL DEFAULT '0.0000',
  `date_start` date NOT NULL DEFAULT '0000-00-00',
  `date_end` date NOT NULL DEFAULT '0000-00-00',
  PRIMARY KEY (`product_discount_id`),
  KEY `product_id` (`product_id`)
) ENGINE=MyISAM DEFAULT CHARSET=utf8 COLLATE=utf8_bin;



# Dump of table product_filter
# ------------------------------------------------------------


CREATE TABLE `product_filter` (
  `product_id` int(11) NOT NULL,
  `filter_value_id` int(11) NOT NULL,
  PRIMARY KEY (`product_id`,`filter_value_id`)
) ENGINE=MyISAM DEFAULT CHARSET=utf8 COLLATE=utf8_bin;



# Dump of table product_image
# ------------------------------------------------------------


CREATE TABLE `product_image` (
  `product_image_id` int(11) NOT NULL AUTO_INCREMENT,
  `product_id` int(11) NOT NULL,
  `image` varchar(255) COLLATE utf8_bin DEFAULT NULL,
  `sort_order` int(3) NOT NULL DEFAULT '0',
  PRIMARY KEY (`product_image_id`)
) ENGINE=MyISAM DEFAULT CHARSET=utf8 COLLATE=utf8_bin;


INSERT INTO `product_image` (`product_image_id`, `product_id`, `image`, `sort_order`)
VALUES
	(9,17,X'646174612F64756D6D792F70726F64756374732F757262616E2F757262616E2D3137612E6A7067',1),
	(8,17,X'646174612F64756D6D792F70726F64756374732F757262616E2F757262616E2D3137622E6A7067',2),
	(7,17,X'646174612F64756D6D792F70726F64756374732F757262616E2F757262616E2D3137632E6A7067',3);



# Dump of table product_option
# ------------------------------------------------------------


CREATE TABLE `product_option` (
  `product_option_id` int(11) NOT NULL AUTO_INCREMENT,
  `product_id` int(11) NOT NULL,
  `option_id` int(11) NOT NULL,
  `option_value` text COLLATE utf8_bin NOT NULL,
  `required` tinyint(1) NOT NULL DEFAULT '0',
  PRIMARY KEY (`product_option_id`)
) ENGINE=MyISAM DEFAULT CHARSET=utf8 COLLATE=utf8_bin;


INSERT INTO `product_option` (`product_option_id`, `product_id`, `option_id`, `option_value`, `required`)
VALUES
	(1,6,1,'',1),
	(2,17,1,'',1),
	(3,17,2,'',1);



# Dump of table product_option_value
# ------------------------------------------------------------


CREATE TABLE `product_option_value` (
  `product_option_value_id` int(11) NOT NULL AUTO_INCREMENT,
  `product_option_id` int(11) NOT NULL,
  `product_id` int(11) NOT NULL,
  `option_id` int(11) NOT NULL,
  `option_value_id` int(11) NOT NULL,
  `quantity` int(3) NOT NULL,
  `subtract` tinyint(1) NOT NULL DEFAULT '0',
  `price` decimal(15,4) NOT NULL,
  `cost` decimal(15,4) NOT NULL DEFAULT '0.0000',
  `cost_prefix` varchar(1) COLLATE utf8_bin NOT NULL,
  `price_prefix` varchar(1) COLLATE utf8_bin NOT NULL,
  `points` int(8) NOT NULL,
  `points_prefix` varchar(1) COLLATE utf8_bin NOT NULL,
  `weight` decimal(15,8) NOT NULL,
  `weight_prefix` varchar(1) COLLATE utf8_bin NOT NULL,
  PRIMARY KEY (`product_option_value_id`)
) ENGINE=MyISAM DEFAULT CHARSET=utf8 COLLATE=utf8_bin;


INSERT INTO `product_option_value` (`product_option_value_id`, `product_option_id`, `product_id`, `option_id`, `option_value_id`, `quantity`, `subtract`, `price`, `cost`, `cost_prefix`, `price_prefix`, `points`, `points_prefix`, `weight`, `weight_prefix`)
VALUES
	(3,1,6,1,3,99,1,50000.0000,0.0000,X'2B',X'2B',0,X'2B',0.00000000,X'2B'),
	(2,1,6,1,2,99,1,0.0000,0.0000,X'2B',X'2B',0,X'2B',0.00000000,X'2B'),
	(1,1,6,1,1,99,1,50000.0000,0.0000,X'2B',X'2D',0,X'2B',0.00000000,X'2B'),
	(6,2,17,1,3,99,1,50000.0000,0.0000,X'2B',X'2B',0,X'2B',0.00000000,X'2B'),
	(5,2,17,1,2,99,1,0.0000,0.0000,X'2B',X'2B',0,X'2B',0.00000000,X'2B'),
	(4,2,17,1,1,99,1,50000.0000,0.0000,X'2B',X'2D',0,X'2B',0.00000000,X'2B'),
	(7,3,17,2,4,999,1,0.0000,0.0000,X'2B',X'2B',0,X'2B',0.00000000,X'2B'),
	(8,3,17,2,5,999,1,0.0000,0.0000,X'2B',X'2B',0,X'2B',0.00000000,X'2B'),
	(9,3,17,2,6,999,1,0.0000,0.0000,X'2B',X'2B',0,X'2B',0.00000000,X'2B');



# Dump of table product_related
# ------------------------------------------------------------


CREATE TABLE `product_related` (
  `product_id` int(11) NOT NULL,
  `related_id` int(11) NOT NULL,
  PRIMARY KEY (`product_id`,`related_id`)
) ENGINE=MyISAM DEFAULT CHARSET=utf8 COLLATE=utf8_bin;


INSERT INTO `product_related` (`product_id`, `related_id`)
VALUES
	(1,2),
	(1,3),
	(1,4),
	(1,5),
	(1,6),
	(1,7),
	(1,15),
	(1,16),
	(2,1),
	(2,3),
	(2,4),
	(2,5),
	(2,6),
	(2,7),
	(2,8),
	(2,9),
	(2,10),
	(2,11),
	(2,13),
	(3,1),
	(3,2),
	(3,4),
	(3,5),
	(3,9),
	(3,10),
	(3,12),
	(3,13),
	(3,14),
	(3,17),
	(4,1),
	(4,2),
	(4,3),
	(4,5),
	(4,6),
	(4,7),
	(4,8),
	(4,9),
	(4,11),
	(4,12),
	(4,13),
	(4,14),
	(5,1),
	(5,2),
	(5,3),
	(5,4),
	(5,10),
	(5,13),
	(5,14),
	(5,16),
	(5,17),
	(6,1),
	(6,2),
	(6,4),
	(6,8),
	(6,9),
	(6,11),
	(6,15),
	(6,16),
	(7,1),
	(7,2),
	(7,4),
	(8,2),
	(8,4),
	(8,6),
	(8,12),
	(8,17),
	(9,2),
	(9,3),
	(9,4),
	(9,6),
	(9,10),
	(9,11),
	(10,2),
	(10,3),
	(10,5),
	(10,9),
	(10,15),
	(11,2),
	(11,4),
	(11,6),
	(11,9),
	(11,12),
	(12,3),
	(12,4),
	(12,8),
	(12,11),
	(12,14),
	(12,15),
	(12,16),
	(12,17),
	(13,2),
	(13,3),
	(13,4),
	(13,5),
	(14,3),
	(14,4),
	(14,5),
	(14,12),
	(15,1),
	(15,6),
	(15,10),
	(15,12),
	(16,1),
	(16,5),
	(16,6),
	(16,12),
	(17,3),
	(17,5),
	(17,8),
	(17,12),
	(251,250),
	(251,252),
	(251,253),
	(251,254),
	(251,255),
	(251,256),
	(252,250),
	(252,251),
	(252,253),
	(252,254),
	(252,255),
	(252,256),
	(253,250),
	(253,251),
	(253,252),
	(253,254),
	(253,255),
	(253,256),
	(254,250),
	(254,251),
	(254,252),
	(254,253),
	(254,255),
	(254,256),
	(255,250),
	(255,251),
	(255,252),
	(255,253),
	(255,254),
	(255,256),
	(256,250),
	(256,251),
	(256,252),
	(256,253),
	(256,254),
	(256,255),
	(257,258),
	(257,259),
	(257,260),
	(257,261),
	(257,262),
	(258,257),
	(258,259),
	(258,260),
	(258,261),
	(258,262),
	(259,257),
	(259,258),
	(259,260),
	(259,261),
	(259,262),
	(260,257),
	(260,258),
	(260,259),
	(260,261),
	(260,262),
	(261,257),
	(261,258),
	(261,259),
	(261,260),
	(261,262),
	(262,257),
	(262,258),
	(262,259),
	(262,260),
	(262,261),
	(263,264),
	(263,265),
	(263,266),
	(264,263),
	(264,265),
	(264,266),
	(265,263),
	(265,264),
	(265,266),
	(266,263),
	(266,264),
	(266,265),
	(267,268),
	(267,269),
	(267,270),
	(268,267),
	(268,269),
	(268,270),
	(269,267),
	(269,268),
	(269,270),
	(270,267),
	(270,268),
	(270,269),
	(271,272),
	(271,273),
	(272,271),
	(272,273),
	(273,271),
	(273,272),
	(274,275),
	(274,276),
	(274,277),
	(274,278),
	(274,279),
	(274,280),
	(274,281),
	(274,282),
	(275,274),
	(275,276),
	(275,277),
	(275,278),
	(275,279),
	(275,280),
	(275,281),
	(275,282),
	(276,274),
	(276,275),
	(276,277),
	(276,278),
	(276,279),
	(276,280),
	(276,281),
	(276,282),
	(277,274),
	(277,275),
	(277,276),
	(277,278),
	(277,279),
	(277,280),
	(277,281),
	(277,282),
	(278,274),
	(278,275),
	(278,276),
	(278,277),
	(278,279),
	(278,280),
	(278,281),
	(278,282),
	(279,274),
	(279,275),
	(279,276),
	(279,277),
	(279,278),
	(279,280),
	(279,281),
	(279,282),
	(280,274),
	(280,275),
	(280,276),
	(280,277),
	(280,278),
	(280,279),
	(280,281),
	(280,282),
	(281,274),
	(281,275),
	(281,276),
	(281,277),
	(281,278),
	(281,279),
	(281,280),
	(281,282),
	(282,274),
	(282,275),
	(282,276),
	(282,277),
	(282,278),
	(282,279),
	(282,280),
	(282,281),
	(283,284),
	(283,285),
	(283,286),
	(283,287),
	(283,288),
	(283,289),
	(283,290),
	(283,291),
	(283,292),
	(283,293),
	(284,283),
	(284,285),
	(284,286),
	(284,287),
	(284,288),
	(284,289),
	(284,290),
	(284,291),
	(284,292),
	(284,293),
	(285,283),
	(285,284),
	(285,286),
	(285,287),
	(285,288),
	(285,289),
	(285,290),
	(285,291),
	(285,292),
	(285,293),
	(286,283),
	(286,284),
	(286,285),
	(286,287),
	(286,288),
	(286,289),
	(286,290),
	(286,291),
	(286,292),
	(286,293),
	(287,283),
	(287,284),
	(287,285),
	(287,286),
	(287,288),
	(287,289),
	(287,290),
	(287,291),
	(287,292),
	(287,293),
	(288,283),
	(288,284),
	(288,285),
	(288,286),
	(288,287),
	(288,289),
	(288,290),
	(288,291),
	(288,292),
	(288,293),
	(289,283),
	(289,284),
	(289,285),
	(289,286),
	(289,287),
	(289,288),
	(289,290),
	(289,291),
	(289,292),
	(289,293),
	(290,283),
	(290,284),
	(290,285),
	(290,286),
	(290,287),
	(290,288),
	(290,289),
	(290,291),
	(290,292),
	(290,293),
	(291,283),
	(291,284),
	(291,285),
	(291,286),
	(291,287),
	(291,288),
	(291,289),
	(291,290),
	(291,292),
	(291,293),
	(292,283),
	(292,284),
	(292,285),
	(292,286),
	(292,287),
	(292,288),
	(292,289),
	(292,290),
	(292,291),
	(292,293),
	(293,283),
	(293,284),
	(293,285),
	(293,286),
	(293,287),
	(293,288),
	(293,289),
	(293,290),
	(293,291),
	(293,292),
	(295,296),
	(295,297),
	(295,299),
	(295,300),
	(295,304),
	(295,305),
	(296,295),
	(296,297),
	(296,299),
	(296,300),
	(296,304),
	(296,305),
	(297,295),
	(297,296),
	(297,298),
	(297,301),
	(297,302),
	(297,303),
	(298,297),
	(298,301),
	(298,302),
	(298,303),
	(299,295),
	(299,296),
	(299,304),
	(299,305),
	(300,295),
	(300,296),
	(300,300),
	(300,304),
	(300,305),
	(301,297),
	(301,298),
	(301,302),
	(301,303),
	(302,297),
	(302,298),
	(302,301),
	(302,303),
	(303,297),
	(303,298),
	(303,301),
	(303,302),
	(304,295),
	(304,296),
	(304,299),
	(304,300),
	(304,305),
	(305,295),
	(305,296),
	(305,299),
	(305,300),
	(305,304),
	(305,305),
	(306,307),
	(307,306),
	(307,307);



# Dump of table product_reward
# ------------------------------------------------------------


CREATE TABLE `product_reward` (
  `product_reward_id` int(11) NOT NULL AUTO_INCREMENT,
  `product_id` int(11) NOT NULL DEFAULT '0',
  `customer_group_id` int(11) NOT NULL DEFAULT '0',
  `points` int(8) NOT NULL DEFAULT '0',
  PRIMARY KEY (`product_reward_id`)
) ENGINE=MyISAM DEFAULT CHARSET=utf8 COLLATE=utf8_bin;


INSERT INTO `product_reward` (`product_reward_id`, `product_id`, `customer_group_id`, `points`)
VALUES
	(40,1,2,0),
	(39,1,1,0),
	(54,2,2,0),
	(53,2,1,0),
	(66,3,2,0),
	(65,3,1,0),
	(52,4,2,0),
	(51,4,1,0),
	(70,5,2,0),
	(69,5,1,0),
	(60,6,2,0),
	(59,6,1,0),
	(46,7,2,0),
	(45,7,1,0),
	(50,8,2,0),
	(49,8,1,0),
	(42,9,2,0),
	(41,9,1,0),
	(56,10,2,0),
	(55,10,1,0),
	(68,11,2,0),
	(67,11,1,0),
	(58,12,2,0),
	(57,12,1,0),
	(44,13,2,0),
	(43,13,1,0),
	(48,14,2,0),
	(47,14,1,0),
	(64,15,2,0),
	(63,15,1,0),
	(38,16,2,0),
	(37,16,1,0),
	(72,17,2,0),
	(71,17,1,0);



# Dump of table product_special
# ------------------------------------------------------------


CREATE TABLE `product_special` (
  `product_special_id` int(11) NOT NULL AUTO_INCREMENT,
  `product_id` int(11) NOT NULL,
  `customer_group_id` int(11) NOT NULL,
  `priority` int(5) NOT NULL DEFAULT '1',
  `price` decimal(15,4) NOT NULL DEFAULT '0.0000',
  `date_start` date NOT NULL DEFAULT '0000-00-00',
  `date_end` date NOT NULL DEFAULT '0000-00-00',
  PRIMARY KEY (`product_special_id`),
  KEY `product_id` (`product_id`)
) ENGINE=MyISAM DEFAULT CHARSET=utf8 COLLATE=utf8_bin;


INSERT INTO `product_special` (`product_special_id`, `product_id`, `customer_group_id`, `priority`, `price`, `date_start`, `date_end`)
VALUES
	(9,1,1,0,650000.0000,'0000-00-00','0000-00-00'),
	(11,7,1,0,600000.0000,'0000-00-00','0000-00-00'),
	(13,8,1,0,800000.0000,'0000-00-00','0000-00-00'),
	(10,9,1,0,700000.0000,'0000-00-00','0000-00-00'),
	(14,12,1,0,800000.0000,'0000-00-00','0000-00-00'),
	(12,14,1,0,700000.0000,'0000-00-00','0000-00-00'),
	(16,17,1,0,800000.0000,'0000-00-00','0000-00-00');



# Dump of table product_to_category
# ------------------------------------------------------------


CREATE TABLE `product_to_category` (
  `product_id` int(11) NOT NULL,
  `category_id` int(11) NOT NULL,
  PRIMARY KEY (`product_id`,`category_id`)
) ENGINE=MyISAM DEFAULT CHARSET=utf8 COLLATE=utf8_bin;


INSERT INTO `product_to_category` (`product_id`, `category_id`)
VALUES
	(1,1),
	(2,1),
	(3,1),
	(4,1),
	(5,1),
	(6,1),
	(7,1),
	(8,1),
	(9,1),
	(10,1),
	(11,1),
	(12,1),
	(13,1),
	(14,1),
	(15,1),
	(16,1),
	(17,1);



# Dump of table product_to_download
# ------------------------------------------------------------


CREATE TABLE `product_to_download` (
  `product_id` int(11) NOT NULL,
  `download_id` int(11) NOT NULL,
  PRIMARY KEY (`product_id`,`download_id`)
) ENGINE=MyISAM DEFAULT CHARSET=utf8 COLLATE=utf8_bin;



# Dump of table product_to_layout
# ------------------------------------------------------------


CREATE TABLE `product_to_layout` (
  `product_id` int(11) NOT NULL,
  `store_id` int(11) NOT NULL,
  `layout_id` int(11) NOT NULL,
  PRIMARY KEY (`product_id`,`store_id`)
) ENGINE=MyISAM DEFAULT CHARSET=utf8 COLLATE=utf8_bin;



# Dump of table product_to_store
# ------------------------------------------------------------


CREATE TABLE `product_to_store` (
  `product_id` int(11) NOT NULL,
  `store_id` int(11) NOT NULL DEFAULT '0',
  PRIMARY KEY (`product_id`,`store_id`)
) ENGINE=MyISAM DEFAULT CHARSET=utf8 COLLATE=utf8_bin;


INSERT INTO `product_to_store` (`product_id`, `store_id`)
VALUES
	(1,0),
	(2,0),
	(3,0),
	(4,0),
	(5,0),
	(6,0),
	(7,0),
	(8,0),
	(9,0),
	(10,0),
	(11,0),
	(12,0),
	(13,0),
	(14,0),
	(15,0),
	(16,0),
	(17,0);



# Dump of table return
# ------------------------------------------------------------


CREATE TABLE `return` (
  `return_id` int(11) NOT NULL AUTO_INCREMENT,
  `order_id` int(11) NOT NULL,
  `product_id` int(11) NOT NULL,
  `customer_id` int(11) NOT NULL,
  `firstname` varchar(32) COLLATE utf8_bin NOT NULL,
  `lastname` varchar(32) COLLATE utf8_bin NOT NULL,
  `email` varchar(96) COLLATE utf8_bin NOT NULL,
  `telephone` varchar(32) COLLATE utf8_bin NOT NULL,
  `product` varchar(255) COLLATE utf8_bin NOT NULL,
  `model` varchar(64) COLLATE utf8_bin NOT NULL,
  `quantity` int(4) NOT NULL,
  `opened` tinyint(1) NOT NULL,
  `return_reason_id` int(11) NOT NULL,
  `return_action_id` int(11) NOT NULL,
  `return_status_id` int(11) NOT NULL,
  `comment` text COLLATE utf8_bin,
  `date_ordered` date NOT NULL,
  `date_added` datetime NOT NULL,
  `date_modified` datetime NOT NULL,
  PRIMARY KEY (`return_id`)
) ENGINE=MyISAM DEFAULT CHARSET=utf8 COLLATE=utf8_bin;



# Dump of table return_action
# ------------------------------------------------------------


CREATE TABLE `return_action` (
  `return_action_id` int(11) NOT NULL AUTO_INCREMENT,
  `language_id` int(11) NOT NULL DEFAULT '0',
  `name` varchar(64) COLLATE utf8_bin NOT NULL DEFAULT '',
  PRIMARY KEY (`return_action_id`,`language_id`)
) ENGINE=MyISAM DEFAULT CHARSET=utf8 COLLATE=utf8_bin;


INSERT INTO `return_action` (`return_action_id`, `language_id`, `name`)
VALUES
	(1,1,X'526566756E646564'),
	(2,1,X'43726564697420497373756564'),
	(3,1,X'5265706C6163656D656E742053656E74');



# Dump of table return_history
# ------------------------------------------------------------


CREATE TABLE `return_history` (
  `return_history_id` int(11) NOT NULL AUTO_INCREMENT,
  `return_id` int(11) NOT NULL,
  `return_status_id` int(11) NOT NULL,
  `notify` tinyint(1) NOT NULL DEFAULT '0',
  `comment` text COLLATE utf8_bin NOT NULL,
  `date_added` datetime NOT NULL,
  PRIMARY KEY (`return_history_id`)
) ENGINE=MyISAM DEFAULT CHARSET=utf8 COLLATE=utf8_bin;



# Dump of table return_reason
# ------------------------------------------------------------


CREATE TABLE `return_reason` (
  `return_reason_id` int(11) NOT NULL AUTO_INCREMENT,
  `language_id` int(11) NOT NULL DEFAULT '0',
  `name` varchar(128) COLLATE utf8_bin NOT NULL DEFAULT '',
  PRIMARY KEY (`return_reason_id`,`language_id`)
) ENGINE=MyISAM DEFAULT CHARSET=utf8 COLLATE=utf8_bin;


INSERT INTO `return_reason` (`return_reason_id`, `language_id`, `name`)
VALUES
	(1,1,X'44656164204F6E204172726976616C'),
	(2,1,X'52656365697665642057726F6E67204974656D'),
	(3,1,X'4F72646572204572726F72'),
	(4,1,X'4661756C74792C20706C6561736520737570706C792064657461696C73'),
	(5,1,X'4F746865722C20706C6561736520737570706C792064657461696C73');



# Dump of table return_status
# ------------------------------------------------------------


CREATE TABLE `return_status` (
  `return_status_id` int(11) NOT NULL AUTO_INCREMENT,
  `language_id` int(11) NOT NULL DEFAULT '0',
  `name` varchar(32) COLLATE utf8_bin NOT NULL DEFAULT '',
  PRIMARY KEY (`return_status_id`,`language_id`)
) ENGINE=MyISAM DEFAULT CHARSET=utf8 COLLATE=utf8_bin;


INSERT INTO `return_status` (`return_status_id`, `language_id`, `name`)
VALUES
	(1,1,X'50656E64696E67'),
	(3,1,X'436F6D706C657465'),
	(2,1,X'4177616974696E672050726F6475637473');



# Dump of table review
# ------------------------------------------------------------


CREATE TABLE `review` (
  `review_id` int(11) NOT NULL AUTO_INCREMENT,
  `product_id` int(11) NOT NULL,
  `customer_id` int(11) NOT NULL,
  `author` varchar(64) COLLATE utf8_bin NOT NULL DEFAULT '',
  `text` text COLLATE utf8_bin NOT NULL,
  `rating` int(1) NOT NULL,
  `status` tinyint(1) NOT NULL DEFAULT '0',
  `date_added` datetime NOT NULL DEFAULT '0000-00-00 00:00:00',
  `date_modified` datetime NOT NULL DEFAULT '0000-00-00 00:00:00',
  PRIMARY KEY (`review_id`),
  KEY `product_id` (`product_id`)
) ENGINE=MyISAM DEFAULT CHARSET=utf8 COLLATE=utf8_bin;


# Dump of table simple_custom_data
# ------------------------------------------------------------


CREATE TABLE `simple_custom_data` (
  `object_type` tinyint(4) NOT NULL,
  `object_id` int(11) NOT NULL,
  `customer_id` int(11) NOT NULL,
  `data` text NOT NULL,
  PRIMARY KEY (`object_type`,`object_id`,`customer_id`)
) ENGINE=MyISAM DEFAULT CHARSET=utf8;


INSERT INTO `simple_custom_data` (`object_type`, `object_id`, `customer_id`, `data`)
VALUES
	(2,1,1,'a:0:{}'),
	(3,1,1,'a:0:{}');



# Dump of table stock_status
# ------------------------------------------------------------


CREATE TABLE `stock_status` (
  `stock_status_id` int(11) NOT NULL AUTO_INCREMENT,
  `language_id` int(11) NOT NULL,
  `name` varchar(32) COLLATE utf8_bin NOT NULL,
  PRIMARY KEY (`stock_status_id`,`language_id`)
) ENGINE=MyISAM DEFAULT CHARSET=utf8 COLLATE=utf8_bin;


INSERT INTO `stock_status` (`stock_status_id`, `language_id`, `name`)
VALUES
	(7,1,X'496E2053746F636B'),
	(8,1,X'5072652D4F72646572'),
	(5,1,X'4F7574204F662053746F636B'),
	(6,1,X'32202D20332044617973');



# Dump of table store
# ------------------------------------------------------------


CREATE TABLE `store` (
  `store_id` int(11) NOT NULL AUTO_INCREMENT,
  `name` varchar(64) COLLATE utf8_bin NOT NULL,
  `url` varchar(255) COLLATE utf8_bin NOT NULL,
  `ssl` varchar(255) COLLATE utf8_bin NOT NULL,
  PRIMARY KEY (`store_id`)
) ENGINE=MyISAM DEFAULT CHARSET=utf8 COLLATE=utf8_bin;



# Dump of table tax_class
# ------------------------------------------------------------


CREATE TABLE `tax_class` (
  `tax_class_id` int(11) NOT NULL AUTO_INCREMENT,
  `title` varchar(32) COLLATE utf8_bin NOT NULL DEFAULT '',
  `description` varchar(255) COLLATE utf8_bin NOT NULL DEFAULT '',
  `date_added` datetime NOT NULL DEFAULT '0000-00-00 00:00:00',
  `date_modified` datetime NOT NULL DEFAULT '0000-00-00 00:00:00',
  PRIMARY KEY (`tax_class_id`)
) ENGINE=MyISAM DEFAULT CHARSET=utf8 COLLATE=utf8_bin;


INSERT INTO `tax_class` (`tax_class_id`, `title`, `description`, `date_added`, `date_modified`)
VALUES
	(9,X'54617861626C6520476F6F6473',X'5461786564205374756666','2009-01-06 23:21:53','2012-10-31 17:51:22'),
	(10,X'446F776E6C6F616461626C652050726F6475637473',X'446F776E6C6F616461626C65','2011-09-21 22:19:39','2012-10-31 17:51:16');



# Dump of table tax_rate
# ------------------------------------------------------------


CREATE TABLE `tax_rate` (
  `tax_rate_id` int(11) NOT NULL AUTO_INCREMENT,
  `geo_zone_id` int(11) NOT NULL DEFAULT '0',
  `name` varchar(32) COLLATE utf8_bin NOT NULL,
  `rate` decimal(15,4) NOT NULL DEFAULT '0.0000',
  `type` char(1) COLLATE utf8_bin NOT NULL,
  `date_added` datetime NOT NULL DEFAULT '0000-00-00 00:00:00',
  `date_modified` datetime NOT NULL DEFAULT '0000-00-00 00:00:00',
  PRIMARY KEY (`tax_rate_id`)
) ENGINE=MyISAM DEFAULT CHARSET=utf8 COLLATE=utf8_bin;



# Dump of table tax_rate_to_customer_group
# ------------------------------------------------------------


CREATE TABLE `tax_rate_to_customer_group` (
  `tax_rate_id` int(11) NOT NULL,
  `customer_group_id` int(11) NOT NULL,
  PRIMARY KEY (`tax_rate_id`,`customer_group_id`)
) ENGINE=MyISAM DEFAULT CHARSET=utf8 COLLATE=utf8_bin;



# Dump of table tax_rule
# ------------------------------------------------------------


CREATE TABLE `tax_rule` (
  `tax_rule_id` int(11) NOT NULL AUTO_INCREMENT,
  `tax_class_id` int(11) NOT NULL,
  `tax_rate_id` int(11) NOT NULL,
  `based` varchar(10) COLLATE utf8_bin NOT NULL,
  `priority` int(5) NOT NULL DEFAULT '1',
  PRIMARY KEY (`tax_rule_id`)
) ENGINE=MyISAM DEFAULT CHARSET=utf8 COLLATE=utf8_bin;



# Dump of table url_alias
# ------------------------------------------------------------


CREATE TABLE `url_alias` (
  `url_alias_id` int(11) NOT NULL AUTO_INCREMENT,
  `query` varchar(255) COLLATE utf8_bin NOT NULL,
  `keyword` varchar(255) COLLATE utf8_bin NOT NULL,
  PRIMARY KEY (`url_alias_id`)
) ENGINE=MyISAM DEFAULT CHARSET=utf8 COLLATE=utf8_bin;


INSERT INTO `url_alias` (`url_alias_id`, `query`, `keyword`)
VALUES
	(1,X'696E666F726D6174696F6E5F69643D34',X'61626F75742D7573'),
	(2,X'696E666F726D6174696F6E5F69643D37',X'686F772D746F2D6F72646572'),
	(3,X'696E666F726D6174696F6E5F69643D33',X'707269766163792D706F6C696379'),
	(4,X'696E666F726D6174696F6E5F69643D35',X'7465726D732D636F6E646974696F6E73'),
	(5,X'6D616E7566616374757265725F69643D31',X'6265747479'),
	(6,X'6D616E7566616374757265725F69643D32',X'6772617068696B'),
	(43,X'63617465676F72795F69643D31',X'64656E696D'),
	(26,X'70726F647563745F69643D31',X'6B6E6F742D706F6E797461696C2D7072696E7465642D6A61636B65742D63686966666F6E2D636F6C657474652D7072696E7465642D6B6E697477656172'),
	(33,X'70726F647563745F69643D32',X'7072696E7465642D6A61636B65742D63656E7465722D706172742D636F6C6C61722D6D6574616C2D636F6C6C61722D6E65636B6C6163652D736B696E6E792D6A65616E73'),
	(39,X'70726F647563745F69643D33',X'7061726B612D63C3A96C696E652D6D6169736F6E2D6D617274696E2D6D61726769656C612D6D6F7469662D636F6C6C61722D636173686D6572652D7072696E746564'),
	(32,X'70726F647563745F69643D34',X'706C61697465642D6265616E69652D6D696E742D6D69752D6D69752D6F76657273697A65642D737765617473686972742D696E6469676F2D64656E696D'),
	(41,X'70726F647563745F69643D35',X'63C3A96C696E652D76696E746167652D6C6576692D73686F7274732D7072696E742D77686974652D3930732D656C6C652D70656163682D626C61636B2D72617A6F722D6A65616E73'),
	(36,X'70726F647563745F69643D36',X'6461726B2D7265642D6C6970737469636B2D74726F757365722D77686974652D636F6E76657273652D636C617368696E672D7061747465726E732D636F74746F6E'),
	(29,X'70726F647563745F69643D37',X'627574746F6E2D75702D6C6561746865722D6A61636B65742D64656E696D2D6A61636B65742D636F74746F6E2D7072696E7465642D7374726565742D7374796C652D706C6169746564'),
	(31,X'70726F647563745F69643D38',X'696E6469676F2D64656E696D2D666A616C6C726176656E2D726F756E642D73756E676C61737365732D76696E746167652D6C6576692D73686F727473'),
	(27,X'70726F647563745F69643D39',X'7475636B65642D742D73686972742D616E6B6C652D626F6F74732D6C6F61666572732D6368656C7365612D626F6F742D7374726565742D7374796C652D6C656767696E6773'),
	(34,X'70726F647563745F69643D3130',X'63C3A96C696E652D6368616D627261792D73686972742D627574746F6E2D75702D7061726B612D7072696E7465642D6E61696C732D72617A6F722D706C656174'),
	(40,X'70726F647563745F69643D3131',X'7361696E742D6C617572656E742D6D6574616C2D636F6C6C61722D6E65636B6C6163652D6772756E67652D63656E7465722D706172742D726F73652D7061726B61'),
	(35,X'70726F647563745F69643D3132',X'6D69752D6D69752D70617269732D726F756E642D73756E676C61737365732D706C6179737569742D6F76657273697A65642D736B696E6E792D6A65616E73'),
	(28,X'70726F647563745F69643D3133',X'616E6B6C652D626F6F74732D6261636B7061636B2D636F6C6C61722D63686F7570657474652D706C61697465642D70726164612D7361666669616E6F2D67726579'),
	(30,X'70726F647563745F69643D3134',X'7374726565742D7374796C652D6D6178692D736B6972742D636F74746F6E2D64726573732D636173686D6572652D6261672D276E272D6E6F756E2D6265616E6965'),
	(38,X'70726F647563745F69643D3135',X'6B6E6974776561722D7374726565742D7374796C652D7374726F6E672D65796562726F77732D6C6561746865722D73686F7274732D63686F757065747465'),
	(25,X'70726F647563745F69643D3136',X'726F756E642D73756E676C61737365732D627574746F6E2D75702D6D6F7469662D70617374656C732D3930732D6D6574616C2D636F6C6C6172'),
	(42,X'70726F647563745F69643D3137',X'7475636B65642D742D73686972742D74756C6C652D6D756C62657272792D616E6B6C652D626F6F74732D7072696E7465642D636F6C6C61722D666A616C6C726176656E');



# Dump of table user_group
# ------------------------------------------------------------


CREATE TABLE `user_group` (
  `user_group_id` int(11) NOT NULL AUTO_INCREMENT,
  `name` varchar(64) COLLATE utf8_bin NOT NULL,
  `permission` text COLLATE utf8_bin NOT NULL,
  PRIMARY KEY (`user_group_id`)
) ENGINE=MyISAM DEFAULT CHARSET=utf8 COLLATE=utf8_bin;


INSERT INTO `user_group` (`user_group_id`, `name`, `permission`)
VALUES
	(1,X'42756B61746F6B6F2041646D696E6973747261746F72',X'[BLOB]'),
	(11,X'41646D696E6973747261746F72',X'[BLOB]'),
	(12,X'55706461746572',X'[BLOB]'),
	(13,X'44657369676E6572',X'[BLOB]'),
	(14,X'5374616666',X'[BLOB]'),
	(15,X'437573746F6D65722052656C6174696F6E',X'[BLOB]');



# Dump of table voucher
# ------------------------------------------------------------


CREATE TABLE `voucher` (
  `voucher_id` int(11) NOT NULL AUTO_INCREMENT,
  `order_id` int(11) NOT NULL,
  `code` varchar(10) COLLATE utf8_bin NOT NULL,
  `from_name` varchar(64) COLLATE utf8_bin NOT NULL,
  `from_email` varchar(96) COLLATE utf8_bin NOT NULL,
  `to_name` varchar(64) COLLATE utf8_bin NOT NULL,
  `to_email` varchar(96) COLLATE utf8_bin NOT NULL,
  `voucher_theme_id` int(11) NOT NULL,
  `message` text COLLATE utf8_bin NOT NULL,
  `amount` decimal(15,4) NOT NULL,
  `status` tinyint(1) NOT NULL DEFAULT '0',
  `date_added` datetime NOT NULL DEFAULT '0000-00-00 00:00:00',
  PRIMARY KEY (`voucher_id`)
) ENGINE=MyISAM DEFAULT CHARSET=utf8 COLLATE=utf8_bin;



# Dump of table voucher_history
# ------------------------------------------------------------


CREATE TABLE `voucher_history` (
  `voucher_history_id` int(11) NOT NULL AUTO_INCREMENT,
  `voucher_id` int(11) NOT NULL,
  `order_id` int(11) NOT NULL,
  `amount` decimal(15,4) NOT NULL,
  `date_added` datetime NOT NULL,
  PRIMARY KEY (`voucher_history_id`)
) ENGINE=MyISAM DEFAULT CHARSET=utf8 COLLATE=utf8_bin;



# Dump of table voucher_theme
# ------------------------------------------------------------


CREATE TABLE `voucher_theme` (
  `voucher_theme_id` int(11) NOT NULL AUTO_INCREMENT,
  `image` varchar(255) COLLATE utf8_bin NOT NULL,
  PRIMARY KEY (`voucher_theme_id`)
) ENGINE=MyISAM DEFAULT CHARSET=utf8 COLLATE=utf8_bin;


INSERT INTO `voucher_theme` (`voucher_theme_id`, `image`)
VALUES
	(8,X'646174612F766F75636865722D7468656D65732F7468616E6B2D796F752E6A7067'),
	(7,X'646174612F766F75636865722D7468656D65732F62697274686461792E6A7067'),
	(6,X'646174612F766F75636865722D7468656D65732F76616C656E74696E652E6A7067');



# Dump of table voucher_theme_description
# ------------------------------------------------------------


CREATE TABLE `voucher_theme_description` (
  `voucher_theme_id` int(11) NOT NULL,
  `language_id` int(11) NOT NULL,
  `name` varchar(32) COLLATE utf8_bin NOT NULL,
  PRIMARY KEY (`voucher_theme_id`,`language_id`)
) ENGINE=MyISAM DEFAULT CHARSET=utf8 COLLATE=utf8_bin;


INSERT INTO `voucher_theme_description` (`voucher_theme_id`, `language_id`, `name`)
VALUES
	(6,1,X'48617070792056616C656E74696E657320446179'),
	(7,1,X'4861707079204269727468646179'),
	(8,1,X'5468616E6B20596F75');



# Dump of table weight_class
# ------------------------------------------------------------


CREATE TABLE `weight_class` (
  `weight_class_id` int(11) NOT NULL AUTO_INCREMENT,
  `value` decimal(15,8) NOT NULL DEFAULT '0.00000000',
  PRIMARY KEY (`weight_class_id`)
) ENGINE=MyISAM DEFAULT CHARSET=utf8 COLLATE=utf8_bin;


INSERT INTO `weight_class` (`weight_class_id`, `value`)
VALUES
	(1,1.00000000),
	(2,1000.00000000),
	(5,2.20460000),
	(6,35.27400000);



# Dump of table weight_class_description
# ------------------------------------------------------------


CREATE TABLE `weight_class_description` (
  `weight_class_id` int(11) NOT NULL AUTO_INCREMENT,
  `language_id` int(11) NOT NULL,
  `title` varchar(32) COLLATE utf8_bin NOT NULL,
  `unit` varchar(4) COLLATE utf8_bin NOT NULL DEFAULT '',
  PRIMARY KEY (`weight_class_id`,`language_id`)
) ENGINE=MyISAM DEFAULT CHARSET=utf8 COLLATE=utf8_bin;


INSERT INTO `weight_class_description` (`weight_class_id`, `language_id`, `title`, `unit`)
VALUES
	(1,1,X'4B696C6F6772616D',X'6B67'),
	(2,1,X'4772616D',X'67'),
	(5,1,X'506F756E6420',X'6C62'),
	(6,1,X'4F756E6365',X'6F7A');



# Dump of table zone
# ------------------------------------------------------------


CREATE TABLE `zone` (
  `zone_id` int(11) NOT NULL AUTO_INCREMENT,
  `country_id` int(11) NOT NULL,
  `code` varchar(32) COLLATE utf8_bin NOT NULL DEFAULT '',
  `name` varchar(128) COLLATE utf8_bin NOT NULL,
  `status` int(1) NOT NULL DEFAULT '1',
  PRIMARY KEY (`zone_id`)
) ENGINE=MyISAM DEFAULT CHARSET=utf8 COLLATE=utf8_bin;


INSERT INTO `zone` (`zone_id`, `country_id`, `code`, `name`, `status`)
VALUES
	(1,1,X'424453',X'426164616B687368616E',1),
	(2,1,X'424447',X'42616467686973',1),
	(3,1,X'42474C',X'426167686C616E',1),
	(4,1,X'42414C',X'42616C6B68',1),
	(5,1,X'42414D',X'42616D69616E',1),
	(6,1,X'465241',X'4661726168',1),
	(7,1,X'465942',X'466172796162',1),
	(8,1,X'474841',X'4768617A6E69',1),
	(9,1,X'47484F',X'47686F7772',1),
	(10,1,X'48454C',X'48656C6D616E64',1),
	(11,1,X'484552',X'4865726174',1),
	(12,1,X'4A4F57',X'4A6F777A6A616E',1),
	(13,1,X'4B4142',X'4B6162756C',1),
	(14,1,X'4B414E',X'4B616E6461686172',1),
	(15,1,X'4B4150',X'4B6170697361',1),
	(16,1,X'4B484F',X'4B686F7374',1),
	(17,1,X'4B4E52',X'4B6F6E6172',1),
	(18,1,X'4B445A',X'4B6F6E646F7A',1),
	(19,1,X'4C4147',X'4C6167686D616E',1),
	(20,1,X'4C4F57',X'4C6F77676172',1),
	(21,1,X'4E414E',X'4E616E677261686172',1),
	(22,1,X'4E494D',X'4E696D72757A',1),
	(23,1,X'4E5552',X'4E7572657374616E',1),
	(24,1,X'4F5255',X'4F72757A67616E',1),
	(25,1,X'504941',X'50616B746961',1),
	(26,1,X'504B41',X'50616B74696B61',1),
	(27,1,X'504152',X'50617277616E',1),
	(28,1,X'53414D',X'53616D616E67616E',1),
	(29,1,X'534152',X'5361722D6520506F6C',1),
	(30,1,X'54414B',X'54616B686172',1),
	(31,1,X'574152',X'57617264616B',1),
	(32,1,X'5A4142',X'5A61626F6C',1),
	(33,2,X'4252',X'4265726174',1),
	(34,2,X'4255',X'42756C71697A65',1),
	(35,2,X'444C',X'44656C76696E65',1),
	(36,2,X'4456',X'4465766F6C6C',1),
	(37,2,X'4449',X'4469626572',1),
	(38,2,X'4452',X'447572726573',1),
	(39,2,X'454C',X'456C626173616E',1),
	(40,2,X'4552',X'4B6F6C6F6E6A65',1),
	(41,2,X'4652',X'46696572',1),
	(42,2,X'474A',X'476A69726F6B6173746572',1),
	(43,2,X'4752',X'4772616D7368',1),
	(44,2,X'4841',X'486173',1),
	(45,2,X'4B41',X'4B6176616A65',1),
	(46,2,X'4B42',X'4B757262696E',1),
	(47,2,X'4B43',X'4B75636F7665',1),
	(48,2,X'4B4F',X'4B6F726365',1),
	(49,2,X'4B52',X'4B72756A65',1),
	(50,2,X'4B55',X'4B756B6573',1),
	(51,2,X'4C42',X'4C696272617A6864',1),
	(52,2,X'4C45',X'4C657A6865',1),
	(53,2,X'4C55',X'4C7573686E6A65',1),
	(54,2,X'4D4D',X'4D616C6573692065204D61646865',1),
	(55,2,X'4D4B',X'4D616C6C616B6173746572',1),
	(56,2,X'4D54',X'4D6174',1),
	(57,2,X'4D52',X'4D697264697465',1),
	(58,2,X'5051',X'506571696E',1),
	(59,2,X'5052',X'5065726D6574',1),
	(60,2,X'5047',X'506F677261646563',1),
	(61,2,X'5055',X'50756B65',1),
	(62,2,X'5348',X'53686B6F646572',1),
	(63,2,X'534B',X'536B7261706172',1),
	(64,2,X'5352',X'536172616E6465',1),
	(65,2,X'5445',X'546570656C656E65',1),
	(66,2,X'5450',X'54726F706F6A65',1),
	(67,2,X'5452',X'546972616E65',1),
	(68,2,X'564C',X'566C6F7265',1),
	(69,3,X'414452',X'4164726172',1),
	(70,3,X'414445',X'41696E204465666C61',1),
	(71,3,X'415445',X'41696E2054656D6F756368656E74',1),
	(72,3,X'414C47',X'416C676572',1),
	(73,3,X'414E4E',X'416E6E616261',1),
	(74,3,X'424154',X'4261746E61',1),
	(75,3,X'424543',X'426563686172',1),
	(76,3,X'42454A',X'42656A616961',1),
	(77,3,X'424953',X'4269736B7261',1),
	(78,3,X'424C49',X'426C696461',1),
	(79,3,X'424241',X'426F72646A20426F7520417272657269646A',1),
	(80,3,X'424F41',X'426F75697261',1),
	(81,3,X'424D44',X'426F756D6572646573',1),
	(82,3,X'43484C',X'43686C6566',1),
	(83,3,X'434F4E',X'436F6E7374616E74696E65',1),
	(84,3,X'444A45',X'446A656C6661',1),
	(85,3,X'454241',X'456C20426179616468',1),
	(86,3,X'454F55',X'456C204F756564',1),
	(87,3,X'455441',X'456C2054617266',1),
	(88,3,X'474841',X'4768617264616961',1),
	(89,3,X'475545',X'4775656C6D61',1),
	(90,3,X'494C4C',X'496C6C697A69',1),
	(91,3,X'4A494A',X'4A696A656C',1),
	(92,3,X'4B4845',X'4B68656E6368656C61',1),
	(93,3,X'4C4147',X'4C6167686F756174',1),
	(94,3,X'4D5541',X'4D7561736B6172',1),
	(95,3,X'4D4544',X'4D65646561',1),
	(96,3,X'4D494C',X'4D696C61',1),
	(97,3,X'4D4F53',X'4D6F73746167616E656D',1),
	(98,3,X'4D5349',X'4D2753696C61',1),
	(99,3,X'4E4141',X'4E61616D61',1),
	(100,3,X'4F5241',X'4F72616E',1),
	(101,3,X'4F5541',X'4F756172676C61',1),
	(102,3,X'4F4542',X'4F756D20656C2D426F7561676869',1),
	(103,3,X'52454C',X'52656C697A616E65',1),
	(104,3,X'534149',X'5361696461',1),
	(105,3,X'534554',X'5365746966',1),
	(106,3,X'534241',X'536964692042656C204162626573',1),
	(107,3,X'534B49',X'536B696B6461',1),
	(108,3,X'534148',X'536F756B204168726173',1),
	(109,3,X'54414D',X'54616D616E67686173736574',1),
	(110,3,X'544542',X'54656265737361',1),
	(111,3,X'544941',X'546961726574',1),
	(112,3,X'54494E',X'54696E646F7566',1),
	(113,3,X'544950',X'546970617A61',1),
	(114,3,X'544953',X'54697373656D73696C74',1),
	(115,3,X'544F55',X'54697A69204F757A6F75',1),
	(116,3,X'544C45',X'546C656D63656E',1),
	(117,4,X'45',X'4561737465726E',1),
	(118,4,X'4D',X'4D616E752761',1),
	(119,4,X'52',X'526F73652049736C616E64',1),
	(120,4,X'53',X'537761696E732049736C616E64',1),
	(121,4,X'57',X'5765737465726E',1),
	(122,5,X'414C56',X'416E646F727261206C612056656C6C61',1),
	(123,5,X'43414E',X'43616E696C6C6F',1),
	(124,5,X'454E43',X'456E63616D70',1),
	(125,5,X'455345',X'457363616C6465732D456E676F7264616E79',1),
	(126,5,X'4C4D41',X'4C61204D617373616E61',1),
	(127,5,X'4F5244',X'4F7264696E6F',1),
	(128,5,X'534A4C',X'53616E74204A756C6961206465204C6F726961',1),
	(129,6,X'42474F',X'42656E676F',1),
	(130,6,X'424755',X'42656E6775656C61',1),
	(131,6,X'424945',X'426965',1),
	(132,6,X'434142',X'436162696E6461',1),
	(133,6,X'434355',X'4375616E646F2D437562616E676F',1),
	(134,6,X'434E4F',X'4375616E7A61204E6F727465',1),
	(135,6,X'435553',X'4375616E7A612053756C',1),
	(136,6,X'434E4E',X'43756E656E65',1),
	(137,6,X'485541',X'4875616D626F',1),
	(138,6,X'485549',X'4875696C61',1),
	(139,6,X'4C5541',X'4C75616E6461',1),
	(140,6,X'4C4E4F',X'4C756E6461204E6F727465',1),
	(141,6,X'4C5355',X'4C756E64612053756C',1),
	(142,6,X'4D414C',X'4D616C616E6765',1),
	(143,6,X'4D4F58',X'4D6F7869636F',1),
	(144,6,X'4E414D',X'4E616D696265',1),
	(145,6,X'554947',X'55696765',1),
	(146,6,X'5A4149',X'5A61697265',1),
	(147,9,X'415347',X'5361696E742047656F726765',1),
	(148,9,X'41534A',X'5361696E74204A6F686E',1),
	(149,9,X'41534D',X'5361696E74204D617279',1),
	(150,9,X'41534C',X'5361696E74205061756C',1),
	(151,9,X'415352',X'5361696E74205065746572',1),
	(152,9,X'415348',X'5361696E74205068696C6970',1),
	(153,9,X'424152',X'42617262756461',1),
	(154,9,X'524544',X'5265646F6E6461',1),
	(155,10,X'414E',X'416E7461727469646120652049736C61732064656C2041746C616E7469636F',1),
	(156,10,X'4241',X'4275656E6F73204169726573',1),
	(157,10,X'4341',X'436174616D61726361',1),
	(158,10,X'4348',X'436861636F',1),
	(159,10,X'4355',X'436875627574',1),
	(160,10,X'434F',X'436F72646F6261',1),
	(161,10,X'4352',X'436F727269656E746573',1),
	(162,10,X'4446',X'446973747269746F204665646572616C',1),
	(163,10,X'4552',X'456E7472652052696F73',1),
	(164,10,X'464F',X'466F726D6F7361',1),
	(165,10,X'4A55',X'4A756A7579',1),
	(166,10,X'4C50',X'4C612050616D7061',1),
	(167,10,X'4C52',X'4C612052696F6A61',1),
	(168,10,X'4D45',X'4D656E646F7A61',1),
	(169,10,X'4D49',X'4D6973696F6E6573',1),
	(170,10,X'4E45',X'4E65757175656E',1),
	(171,10,X'524E',X'52696F204E6567726F',1),
	(172,10,X'5341',X'53616C7461',1),
	(173,10,X'534A',X'53616E204A75616E',1),
	(174,10,X'534C',X'53616E204C756973',1),
	(175,10,X'5343',X'53616E7461204372757A',1),
	(176,10,X'5346',X'53616E7461204665',1),
	(177,10,X'5344',X'53616E746961676F2064656C2045737465726F',1),
	(178,10,X'5446',X'5469657272612064656C20467565676F',1),
	(179,10,X'5455',X'547563756D616E',1),
	(180,11,X'414754',X'417261676174736F746E',1),
	(181,11,X'415252',X'417261726174',1),
	(182,11,X'41524D',X'41726D61766972',1),
	(183,11,X'474547',X'4765676861726B27756E696B27',1),
	(184,11,X'4B4F54',X'4B6F7461796B27',1),
	(185,11,X'4C4F52',X'4C6F727269',1),
	(186,11,X'534849',X'53686972616B',1),
	(187,11,X'535955',X'5379756E696B27',1),
	(188,11,X'544156',X'546176757368',1),
	(189,11,X'564159',X'5661796F74732720447A6F72',1),
	(190,11,X'594552',X'5965726576616E',1),
	(191,13,X'414354',X'4175737472616C69616E204361706974616C205465727269746F7279',1),
	(192,13,X'4E5357',X'4E657720536F7574682057616C6573',1),
	(193,13,X'4E54',X'4E6F72746865726E205465727269746F7279',1),
	(194,13,X'514C44',X'517565656E736C616E64',1),
	(195,13,X'5341',X'536F757468204175737472616C6961',1),
	(196,13,X'544153',X'5461736D616E6961',1),
	(197,13,X'564943',X'566963746F726961',1),
	(198,13,X'5741',X'5765737465726E204175737472616C6961',1),
	(199,14,X'425552',X'42757267656E6C616E64',1),
	(200,14,X'4B4152',X'4BC3A4726E74656E',1),
	(201,14,X'4E4F53',X'4E6965646572266F756D6C3B737465727265696368',1),
	(202,14,X'4F4F53',X'4F626572266F756D6C3B737465727265696368',1),
	(203,14,X'53414C',X'53616C7A62757267',1),
	(204,14,X'535445',X'5374656965726D61726B',1),
	(205,14,X'544952',X'5469726F6C',1),
	(206,14,X'564F52',X'566F7261726C62657267',1),
	(207,14,X'574945',X'5769656E',1),
	(208,15,X'4142',X'416C692042617972616D6C69',1),
	(209,15,X'414253',X'41627365726F6E',1),
	(210,15,X'414743',X'4167636162416469',1),
	(211,15,X'41474D',X'416764616D',1),
	(212,15,X'414753',X'4167646173',1),
	(213,15,X'414741',X'41677374616661',1),
	(214,15,X'414755',X'41677375',1),
	(215,15,X'415354',X'417374617261',1),
	(216,15,X'4241',X'42616B69',1),
	(217,15,X'424142',X'426162416B',1),
	(218,15,X'42414C',X'42616C616B416E',1),
	(219,15,X'424152',X'4241726441',1),
	(220,15,X'424559',X'4265796C6171616E',1),
	(221,15,X'42494C',X'42696C617375766172',1),
	(222,15,X'434142',X'436162726179696C',1),
	(223,15,X'43414C',X'43616C696C61626162',1),
	(224,15,X'43554C',X'43756C6661',1),
	(225,15,X'444153',X'4461736B6173616E',1),
	(226,15,X'444156',X'446176616369',1),
	(227,15,X'46555A',X'46757A756C69',1),
	(228,15,X'4741',X'47616E6361',1),
	(229,15,X'474144',X'47616461626179',1),
	(230,15,X'474F52',X'476F72616E626F79',1),
	(231,15,X'474F59',X'476F79636179',1),
	(232,15,X'484143',X'48616369716162756C',1),
	(233,15,X'494D49',X'496D69736C69',1),
	(234,15,X'49534D',X'49736D6179696C6C69',1),
	(235,15,X'4B414C',X'4B616C6261636172',1),
	(236,15,X'4B5552',X'4B757264616D6972',1),
	(237,15,X'4C41',X'4C616E6B6172616E',1),
	(238,15,X'4C4143',X'4C6163696E',1),
	(239,15,X'4C414E',X'4C616E6B6172616E',1),
	(240,15,X'4C4552',X'4C6572696B',1),
	(241,15,X'4D4153',X'4D6173616C6C69',1),
	(242,15,X'4D49',X'4D696E67616365766972',1),
	(243,15,X'4E41',X'4E616674616C616E',1),
	(244,15,X'4E4546',X'4E65667463616C61',1),
	(245,15,X'4F4755',X'4F67757A',1),
	(246,15,X'4F5244',X'4F726475626164',1),
	(247,15,X'514142',X'516162616C61',1),
	(248,15,X'514158',X'516178',1),
	(249,15,X'51415A',X'51617A6178',1),
	(250,15,X'514F42',X'516F62757374616E',1),
	(251,15,X'514241',X'51756261',1),
	(252,15,X'514249',X'51756261646C69',1),
	(253,15,X'515553',X'5175736172',1),
	(254,15,X'5341',X'53616B69',1),
	(255,15,X'534154',X'536161746C69',1),
	(256,15,X'534142',X'536162697261626164',1),
	(257,15,X'534144',X'5361646172616B',1),
	(258,15,X'534148',X'53616862757A',1),
	(259,15,X'53414B',X'53616B69',1),
	(260,15,X'53414C',X'53616C79616E',1),
	(261,15,X'534D',X'53756D7161796974',1),
	(262,15,X'534D49',X'53616D617869',1),
	(263,15,X'534B52',X'53616D6B6972',1),
	(264,15,X'534D58',X'53616D7578',1),
	(265,15,X'534152',X'5361727572',1),
	(266,15,X'534959',X'536979617A616E',1),
	(267,15,X'5353',X'53757361',1),
	(268,15,X'535553',X'53757361',1),
	(269,15,X'544152',X'546172746172',1),
	(270,15,X'544F56',X'546F76757A',1),
	(271,15,X'554341',X'55636172',1),
	(272,15,X'5841',X'58616E6B616E6469',1),
	(273,15,X'584143',X'5861636D617A',1),
	(274,15,X'58414E',X'58616E6C6172',1),
	(275,15,X'58495A',X'58697A69',1),
	(276,15,X'584349',X'586F63616C69',1),
	(277,15,X'585644',X'586F636176616E64',1),
	(278,15,X'594152',X'59617264696D6C69',1),
	(279,15,X'594556',X'5965766C6178',1),
	(280,15,X'5A414E',X'5A616E67696C616E',1),
	(281,15,X'5A4151',X'5A61716174616C61',1),
	(282,15,X'5A4152',X'5A6172646162',1),
	(283,15,X'4E58',X'4E6178636976616E',1),
	(284,16,X'41434B',X'41636B6C696E73',1),
	(285,16,X'424552',X'42657272792049736C616E6473',1),
	(286,16,X'42494D',X'42696D696E69',1),
	(287,16,X'424C4B',X'426C61636B20506F696E74',1),
	(288,16,X'434154',X'4361742049736C616E64',1),
	(289,16,X'434142',X'43656E7472616C20416261636F',1),
	(290,16,X'43414E',X'43656E7472616C20416E64726F73',1),
	(291,16,X'43454C',X'43656E7472616C20456C65757468657261',1),
	(292,16,X'465245',X'43697479206F662046726565706F7274',1),
	(293,16,X'43524F',X'43726F6F6B65642049736C616E64',1),
	(294,16,X'454742',X'45617374204772616E6420426168616D61',1),
	(295,16,X'455855',X'4578756D61',1),
	(296,16,X'475244',X'4772616E6420436179',1),
	(297,16,X'484152',X'486172626F75722049736C616E64',1),
	(298,16,X'484F50',X'486F706520546F776E',1),
	(299,16,X'494E41',X'496E61677561',1),
	(300,16,X'4C4E47',X'4C6F6E672049736C616E64',1),
	(301,16,X'4D414E',X'4D616E67726F766520436179',1),
	(302,16,X'4D4159',X'4D6179616775616E61',1),
	(303,16,X'4D4F4F',X'4D6F6F726527732049736C616E64',1),
	(304,16,X'4E4142',X'4E6F72746820416261636F',1),
	(305,16,X'4E414E',X'4E6F72746820416E64726F73',1),
	(306,16,X'4E454C',X'4E6F72746820456C65757468657261',1),
	(307,16,X'524147',X'5261676765642049736C616E64',1),
	(308,16,X'52554D',X'52756D20436179',1),
	(309,16,X'53414C',X'53616E2053616C7661646F72',1),
	(310,16,X'534142',X'536F75746820416261636F',1),
	(311,16,X'53414E',X'536F75746820416E64726F73',1),
	(312,16,X'53454C',X'536F75746820456C65757468657261',1),
	(313,16,X'535745',X'5370616E6973682057656C6C73',1),
	(314,16,X'574742',X'57657374204772616E6420426168616D61',1),
	(315,17,X'434150',X'4361706974616C',1),
	(316,17,X'43454E',X'43656E7472616C',1),
	(317,17,X'4D5548',X'4D75686172726171',1),
	(318,17,X'4E4F52',X'4E6F72746865726E',1),
	(319,17,X'534F55',X'536F75746865726E',1),
	(320,18,X'424152',X'4261726973616C',1),
	(321,18,X'434849',X'436869747461676F6E67',1),
	(322,18,X'444841',X'4468616B61',1),
	(323,18,X'4B4855',X'4B68756C6E61',1),
	(324,18,X'52414A',X'52616A7368616869',1),
	(325,18,X'53594C',X'53796C686574',1),
	(326,19,X'4343',X'43687269737420436875726368',1),
	(327,19,X'414E44',X'5361696E7420416E64726577',1),
	(328,19,X'47454F',X'5361696E742047656F726765',1),
	(329,19,X'4A414D',X'5361696E74204A616D6573',1),
	(330,19,X'4A4F48',X'5361696E74204A6F686E',1),
	(331,19,X'4A4F53',X'5361696E74204A6F73657068',1),
	(332,19,X'4C5543',X'5361696E74204C756379',1),
	(333,19,X'4D4943',X'5361696E74204D69636861656C',1),
	(334,19,X'504554',X'5361696E74205065746572',1),
	(335,19,X'504849',X'5361696E74205068696C6970',1),
	(336,19,X'54484F',X'5361696E742054686F6D6173',1),
	(337,20,X'4252',X'4272657374736B6179612028427265737429',1),
	(338,20,X'484F',X'486F6D79656C27736B6179612028486F6D79656C2729',1),
	(339,20,X'484D',X'486F726164204D696E736B',1),
	(340,20,X'4852',X'48726F647A79656E736B617961202848726F646E6129',1),
	(341,20,X'4D41',X'4D6168696C796F77736B61796120284D6168696C796F7729',1),
	(342,20,X'4D49',X'4D696E736B617961',1),
	(343,20,X'5649',X'56697473796562736B617961202856697473796562736B29',1),
	(344,21,X'56414E',X'416E7477657270656E',1),
	(345,21,X'574252',X'42726162616E742057616C6C6F6E',1),
	(346,21,X'574854',X'4861696E617574',1),
	(347,21,X'574C47',X'4C69C3A86765',1),
	(348,21,X'564C49',X'4C696D62757267',1),
	(349,21,X'574C58',X'4C7578656D626F757267',1),
	(350,21,X'574E41',X'4E616D7572',1),
	(351,21,X'564F56',X'4F6F73742D566C61616E646572656E',1),
	(352,21,X'564252',X'566C61616D732042726162616E74',1),
	(353,21,X'565756',X'576573742D566C61616E646572656E',1),
	(354,22,X'425A',X'42656C697A65',1),
	(355,22,X'4359',X'4361796F',1),
	(356,22,X'4352',X'436F726F7A616C',1),
	(357,22,X'4F57',X'4F72616E67652057616C6B',1),
	(358,22,X'5343',X'5374616E6E20437265656B',1),
	(359,22,X'544F',X'546F6C65646F',1),
	(360,23,X'414C',X'416C69626F7269',1),
	(361,23,X'414B',X'4174616B6F7261',1),
	(362,23,X'4151',X'41746C616E7469717565',1),
	(363,23,X'424F',X'426F72676F75',1),
	(364,23,X'434F',X'436F6C6C696E6573',1),
	(365,23,X'444F',X'446F6E6761',1),
	(366,23,X'4B4F',X'4B6F7566666F',1),
	(367,23,X'4C49',X'4C6974746F72616C',1),
	(368,23,X'4D4F',X'4D6F6E6F',1),
	(369,23,X'4F55',X'4F75656D65',1),
	(370,23,X'504C',X'506C6174656175',1),
	(371,23,X'5A4F',X'5A6F75',1),
	(372,24,X'4453',X'4465766F6E7368697265',1),
	(373,24,X'4843',X'48616D696C746F6E2043697479',1),
	(374,24,X'4841',X'48616D696C746F6E',1),
	(375,24,X'5047',X'5061676574',1),
	(376,24,X'5042',X'50656D62726F6B65',1),
	(377,24,X'4743',X'5361696E742047656F7267652043697479',1),
	(378,24,X'5347',X'5361696E742047656F7267652773',1),
	(379,24,X'5341',X'53616E647973',1),
	(380,24,X'534D',X'536D6974682773',1),
	(381,24,X'5348',X'536F757468616D70746F6E',1),
	(382,24,X'5741',X'5761727769636B',1),
	(383,25,X'42554D',X'42756D7468616E67',1),
	(384,25,X'434855',X'4368756B6861',1),
	(385,25,X'444147',X'446167616E61',1),
	(386,25,X'474153',X'47617361',1),
	(387,25,X'484141',X'486161',1),
	(388,25,X'4C4855',X'4C68756E747365',1),
	(389,25,X'4D4F4E',X'4D6F6E676172',1),
	(390,25,X'504152',X'5061726F',1),
	(391,25,X'50454D',X'50656D616761747368656C',1),
	(392,25,X'50554E',X'50756E616B6861',1),
	(393,25,X'534A4F',X'53616D64727570204A6F6E676B686172',1),
	(394,25,X'534154',X'53616D747365',1),
	(395,25,X'534152',X'53617270616E67',1),
	(396,25,X'544849',X'5468696D706875',1),
	(397,25,X'545247',X'54726173686967616E67',1),
	(398,25,X'545259',X'54726173686979616E67737465',1),
	(399,25,X'54524F',X'54726F6E677361',1),
	(400,25,X'545349',X'54736972616E67',1),
	(401,25,X'575048',X'57616E676475652050686F6472616E67',1),
	(402,25,X'5A4845',X'5A68656D67616E67',1),
	(403,26,X'42454E',X'42656E69',1),
	(404,26,X'434855',X'43687571756973616361',1),
	(405,26,X'434F43',X'436F63686162616D6261',1),
	(406,26,X'4C505A',X'4C612050617A',1),
	(407,26,X'4F5255',X'4F7275726F',1),
	(408,26,X'50414E',X'50616E646F',1),
	(409,26,X'504F54',X'506F746F7369',1),
	(410,26,X'53435A',X'53616E7461204372757A',1),
	(411,26,X'544152',X'546172696A61',1),
	(412,27,X'42524F',X'4272636B6F206469737472696374',1),
	(413,27,X'465553',X'556E736B6F2D53616E736B69204B616E746F6E',1),
	(414,27,X'46504F',X'506F736176736B69204B616E746F6E',1),
	(415,27,X'465455',X'54757A6C616E736B69204B616E746F6E',1),
	(416,27,X'465A45',X'5A656E69636B6F2D446F626F6A736B69204B616E746F6E',1),
	(417,27,X'464250',X'426F73616E736B6F706F6472696E6A736B69204B616E746F6E',1),
	(418,27,X'465342',X'537265646E6A65626F73616E736B69204B616E746F6E',1),
	(419,27,X'46484E',X'4865726365676F7661636B6F2D6E6572657476616E736B69204B616E746F6E',1),
	(420,27,X'465A48',X'5A617061646E6F6865726365676F7661636B61205A7570616E696A61',1),
	(421,27,X'465341',X'4B616E746F6E20536172616A65766F',1),
	(422,27,X'465A41',X'5A617061646E6F626F73616E736B61',1),
	(423,27,X'53424C',X'42616E6A61204C756B61',1),
	(424,27,X'53444F',X'446F626F6A',1),
	(425,27,X'534249',X'42696A656C6A696E61',1),
	(426,27,X'53564C',X'566C6173656E696361',1),
	(427,27,X'535352',X'536172616A65766F2D526F6D616E696A61206F7220536F6B6F6C6163',1),
	(428,27,X'53464F',X'466F6361',1),
	(429,27,X'535452',X'54726562696E6A65',1),
	(430,28,X'4345',X'43656E7472616C',1),
	(431,28,X'4748',X'4768616E7A69',1),
	(432,28,X'4B44',X'4B67616C6167616469',1),
	(433,28,X'4B54',X'4B6761746C656E67',1),
	(434,28,X'4B57',X'4B77656E656E67',1),
	(435,28,X'4E47',X'4E67616D696C616E64',1),
	(436,28,X'4E45',X'4E6F7274682045617374',1),
	(437,28,X'4E57',X'4E6F7274682057657374',1),
	(438,28,X'5345',X'536F7574682045617374',1),
	(439,28,X'534F',X'536F75746865726E',1),
	(440,30,X'4143',X'41637265',1),
	(441,30,X'414C',X'416C61676F6173',1),
	(442,30,X'4150',X'416D6170C3A1',1),
	(443,30,X'414D',X'416D617A6F6E6173',1),
	(444,30,X'4241',X'4261686961',1),
	(445,30,X'4345',X'43656172C3A1',1),
	(446,30,X'4446',X'446973747269746F204665646572616C',1),
	(447,30,X'4553',X'457370C3AD7269746F2053616E746F',1),
	(448,30,X'474F',X'476F69C3A173',1),
	(449,30,X'4D41',X'4D6172616E68C3A36F',1),
	(450,30,X'4D54',X'4D61746F2047726F73736F',1),
	(451,30,X'4D53',X'4D61746F2047726F73736F20646F2053756C',1),
	(452,30,X'4D47',X'4D696E617320476572616973',1),
	(453,30,X'5041',X'506172C3A1',1),
	(454,30,X'5042',X'50617261C3AD6261',1),
	(455,30,X'5052',X'506172616EC3A1',1),
	(456,30,X'5045',X'5065726E616D6275636F',1),
	(457,30,X'5049',X'50696175C3AD',1),
	(458,30,X'524A',X'52696F206465204A616E6569726F',1),
	(459,30,X'524E',X'52696F204772616E646520646F204E6F727465',1),
	(460,30,X'5253',X'52696F204772616E646520646F2053756C',1),
	(461,30,X'524F',X'526F6E64C3B46E6961',1),
	(462,30,X'5252',X'526F7261696D61',1),
	(463,30,X'5343',X'53616E7461204361746172696E61',1),
	(464,30,X'5350',X'53C3A36F205061756C6F',1),
	(465,30,X'5345',X'53657267697065',1),
	(466,30,X'544F',X'546F63616E74696E73',1),
	(467,31,X'5042',X'5065726F732042616E686F73',1),
	(468,31,X'5349',X'53616C6F6D6F6E2049736C616E6473',1),
	(469,31,X'4E49',X'4E656C736F6E732049736C616E64',1),
	(470,31,X'5442',X'54687265652042726F7468657273',1),
	(471,31,X'4541',X'4561676C652049736C616E6473',1),
	(472,31,X'4449',X'44616E6765722049736C616E64',1),
	(473,31,X'4547',X'45676D6F6E742049736C616E6473',1),
	(474,31,X'4447',X'446965676F20476172636961',1),
	(475,32,X'42454C',X'42656C616974',1),
	(476,32,X'42524D',X'4272756E656920616E64204D75617261',1),
	(477,32,X'54454D',X'54656D6275726F6E67',1),
	(478,32,X'545554',X'5475746F6E67',1),
	(479,33,X'',X'426C61676F657667726164',1),
	(480,33,X'',X'427572676173',1),
	(481,33,X'',X'446F6272696368',1),
	(482,33,X'',X'476162726F766F',1),
	(483,33,X'',X'4861736B6F766F',1),
	(484,33,X'',X'4B6172646A616C69',1),
	(485,33,X'',X'4B79757374656E64696C',1),
	(486,33,X'',X'4C6F76656368',1),
	(487,33,X'',X'4D6F6E74616E61',1),
	(488,33,X'',X'50617A6172646A696B',1),
	(489,33,X'',X'5065726E696B',1),
	(490,33,X'',X'506C6576656E',1),
	(491,33,X'',X'506C6F76646976',1),
	(492,33,X'',X'52617A67726164',1),
	(493,33,X'',X'5368756D656E',1),
	(494,33,X'',X'53696C6973747261',1),
	(495,33,X'',X'536C6976656E',1),
	(496,33,X'',X'536D6F6C79616E',1),
	(497,33,X'',X'536F666961',1),
	(498,33,X'',X'536F666961202D20746F776E',1),
	(499,33,X'',X'5374617261205A61676F7261',1),
	(500,33,X'',X'546172676F766973687465',1),
	(501,33,X'',X'5661726E61',1),
	(502,33,X'',X'56656C696B6F205461726E6F766F',1),
	(503,33,X'',X'566964696E',1),
	(504,33,X'',X'567261747A61',1),
	(505,33,X'',X'59616D626F6C',1),
	(506,34,X'42414C',X'42616C65',1),
	(507,34,X'42414D',X'42616D',1),
	(508,34,X'42414E',X'42616E7761',1),
	(509,34,X'42415A',X'42617A656761',1),
	(510,34,X'424F52',X'426F75676F7572696261',1),
	(511,34,X'424C47',X'426F756C676F75',1),
	(512,34,X'424F4B',X'426F756C6B69656D6465',1),
	(513,34,X'434F4D',X'436F6D6F65',1),
	(514,34,X'47414E',X'47616E7A6F7572676F75',1),
	(515,34,X'474E41',X'476E61676E61',1),
	(516,34,X'474F55',X'476F75726D61',1),
	(517,34,X'484F55',X'486F756574',1),
	(518,34,X'494F41',X'496F6261',1),
	(519,34,X'4B4144',X'4B6164696F676F',1),
	(520,34,X'4B454E',X'4B656E65646F75676F75',1),
	(521,34,X'4B4F44',X'4B6F6D6F6E646A617269',1),
	(522,34,X'4B4F50',X'4B6F6D7069656E6761',1),
	(523,34,X'4B4F53',X'4B6F737369',1),
	(524,34,X'4B4F4C',X'4B6F756C70656C6F676F',1),
	(525,34,X'4B4F54',X'4B6F75726974656E6761',1),
	(526,34,X'4B4F57',X'4B6F757277656F676F',1),
	(527,34,X'4C4552',X'4C6572616261',1),
	(528,34,X'4C4F52',X'4C6F726F756D',1),
	(529,34,X'4D4F55',X'4D6F75686F756E',1),
	(530,34,X'4E4148',X'4E61686F757269',1),
	(531,34,X'4E414D',X'4E616D656E74656E6761',1),
	(532,34,X'4E4159',X'4E6179616C61',1),
	(533,34,X'4E4F55',X'4E6F756D6269656C',1),
	(534,34,X'4F5542',X'4F7562726974656E6761',1),
	(535,34,X'4F5544',X'4F7564616C616E',1),
	(536,34,X'504153',X'506173736F7265',1),
	(537,34,X'504F4E',X'506F6E69',1),
	(538,34,X'534147',X'53616E67756965',1),
	(539,34,X'53414D',X'53616E6D6174656E6761',1),
	(540,34,X'53454E',X'53656E6F',1),
	(541,34,X'534953',X'53697373696C69',1),
	(542,34,X'534F4D',X'536F756D',1),
	(543,34,X'534F52',X'536F75726F75',1),
	(544,34,X'544150',X'5461706F61',1),
	(545,34,X'545559',X'547579',1),
	(546,34,X'594147',X'5961676861',1),
	(547,34,X'594154',X'596174656E6761',1),
	(548,34,X'5A4952',X'5A69726F',1),
	(549,34,X'5A4F44',X'5A6F6E646F6D61',1),
	(550,34,X'5A4F57',X'5A6F756E6477656F676F',1),
	(551,35,X'4242',X'427562616E7A61',1),
	(552,35,X'424A',X'42756A756D62757261',1),
	(553,35,X'4252',X'427572757269',1),
	(554,35,X'4341',X'43616E6B757A6F',1),
	(555,35,X'4349',X'43696269746F6B65',1),
	(556,35,X'4749',X'476974656761',1),
	(557,35,X'4B52',X'4B6172757A69',1),
	(558,35,X'4B59',X'4B6179616E7A61',1),
	(559,35,X'4B49',X'4B6972756E646F',1),
	(560,35,X'4D41',X'4D616B616D6261',1),
	(561,35,X'4D55',X'4D7572616D767961',1),
	(562,35,X'4D59',X'4D7579696E6761',1),
	(563,35,X'4D57',X'4D7761726F',1),
	(564,35,X'4E47',X'4E676F7A69',1),
	(565,35,X'5254',X'527574616E61',1),
	(566,35,X'5259',X'527579696769',1),
	(567,36,X'5050',X'50686E6F6D2050656E68',1),
	(568,36,X'5053',X'50726561682053656968616E7520284B6F6D706F6E6720536F6D206F7220536968616E6F756B76696C6C6529',1),
	(569,36,X'5041',X'5061696C696E',1),
	(570,36,X'4B42',X'4B6562',1),
	(571,36,X'424D',X'42616E74656179204D65616E63686579',1),
	(572,36,X'4241',X'42617474616D62616E67',1),
	(573,36,X'4B4D',X'4B616D706F6E67204368616D',1),
	(574,36,X'4B4E',X'4B616D706F6E67204368686E616E67',1),
	(575,36,X'4B55',X'4B616D706F6E672053706575',1),
	(576,36,X'4B4F',X'4B616D706F6E6720536F6D',1),
	(577,36,X'4B54',X'4B616D706F6E672054686F6D',1),
	(578,36,X'4B50',X'4B616D706F74',1),
	(579,36,X'4B4C',X'4B616E64616C',1),
	(580,36,X'4B4B',X'4B616F68204B6F6E67',1),
	(581,36,X'4B52',X'4B7261746965',1),
	(582,36,X'4D4B',X'4D6F6E64756C204B697269',1),
	(583,36,X'4F4D',X'4F64646172204D65616E6368656179',1),
	(584,36,X'5055',X'507572736174',1),
	(585,36,X'5052',X'507265616820566968656172',1),
	(586,36,X'5047',X'507265792056656E67',1),
	(587,36,X'524B',X'526174616E616B204B697269',1),
	(588,36,X'5349',X'5369656D72656170',1),
	(589,36,X'5354',X'5374756E67205472656E67',1),
	(590,36,X'5352',X'53766179205269656E67',1),
	(591,36,X'544B',X'54616B656F',1),
	(592,37,X'414441',X'4164616D61776120284164616D616F756129',1),
	(593,37,X'43454E',X'43656E747265',1),
	(594,37,X'455354',X'45617374202845737429',1),
	(595,37,X'45584E',X'45787472656D65204E6F727468202845787472656D652D4E6F726429',1),
	(596,37,X'4C4954',X'4C6974746F72616C',1),
	(597,37,X'4E4F52',X'4E6F72746820284E6F726429',1),
	(598,37,X'4E4F54',X'4E6F7274687765737420284E6F72642D4F7565737429',1),
	(599,37,X'4F5545',X'5765737420284F7565737429',1),
	(600,37,X'535544',X'536F757468202853756429',1),
	(601,37,X'534F55',X'536F7574687765737420285375642D4F75657374292E',1),
	(602,38,X'4142',X'416C6265727461',1),
	(603,38,X'4243',X'4272697469736820436F6C756D626961',1),
	(604,38,X'4D42',X'4D616E69746F6261',1),
	(605,38,X'4E42',X'4E6577204272756E737769636B',1),
	(606,38,X'4E4C',X'4E6577666F756E646C616E6420616E64204C61627261646F72',1),
	(607,38,X'4E54',X'4E6F72746877657374205465727269746F72696573',1),
	(608,38,X'4E53',X'4E6F76612053636F746961',1),
	(609,38,X'4E55',X'4E756E61767574',1),
	(610,38,X'4F4E',X'4F6E746172696F',1),
	(611,38,X'5045',X'5072696E6365204564776172642049736C616E64',1),
	(612,38,X'5143',X'5175266561637574653B626563',1),
	(613,38,X'534B',X'5361736B617463686577616E',1),
	(614,38,X'5954',X'59756B6F6E205465727269746F7279',1),
	(615,39,X'4256',X'426F61205669737461',1),
	(616,39,X'4252',X'4272617661',1),
	(617,39,X'4353',X'43616C686574612064652053616F204D696775656C',1),
	(618,39,X'4D41',X'4D61696F',1),
	(619,39,X'4D4F',X'4D6F73746569726F73',1),
	(620,39,X'5041',X'5061756C',1),
	(621,39,X'504E',X'506F72746F204E6F766F',1),
	(622,39,X'5052',X'5072616961',1),
	(623,39,X'5247',X'52696265697261204772616E6465',1),
	(624,39,X'534C',X'53616C',1),
	(625,39,X'4341',X'53616E7461204361746172696E61',1),
	(626,39,X'4352',X'53616E7461204372757A',1),
	(627,39,X'5344',X'53616F20446F6D696E676F73',1),
	(628,39,X'5346',X'53616F2046696C697065',1),
	(629,39,X'534E',X'53616F204E69636F6C6175',1),
	(630,39,X'5356',X'53616F20566963656E7465',1),
	(631,39,X'5441',X'546172726166616C',1),
	(632,40,X'4352',X'437265656B',1),
	(633,40,X'4541',X'4561737465726E',1),
	(634,40,X'4D4C',X'4D69646C616E64',1),
	(635,40,X'5354',X'536F75746820546F776E',1),
	(636,40,X'5350',X'53706F7420426179',1),
	(637,40,X'534B',X'5374616B6520426179',1),
	(638,40,X'5744',X'5765737420456E64',1),
	(639,40,X'574E',X'5765737465726E',1),
	(640,41,X'424241',X'42616D696E6775692D42616E676F72616E',1),
	(641,41,X'424B4F',X'42617373652D4B6F74746F',1),
	(642,41,X'484B4F',X'48617574652D4B6F74746F',1),
	(643,41,X'484D42',X'486175742D4D626F6D6F75',1),
	(644,41,X'4B454D',X'4B656D6F',1),
	(645,41,X'4C4F42',X'4C6F62617965',1),
	(646,41,X'4D4B44',X'4D616D626572652D4B616465C394',1),
	(647,41,X'4D424F',X'4D626F6D6F75',1),
	(648,41,X'4E4D4D',X'4E616E612D4D616D62657265',1),
	(649,41,X'4F4D50',X'4F6D62656C6C612D4D27506F6B6F',1),
	(650,41,X'4F554B',X'4F75616B61',1),
	(651,41,X'4F5548',X'4F7568616D',1),
	(652,41,X'4F5045',X'4F7568616D2D50656E6465',1),
	(653,41,X'56414B',X'56616B616761',1),
	(654,41,X'4E4752',X'4E616E612D47726562697A69',1),
	(655,41,X'534D42',X'53616E6768612D4D6261657265',1),
	(656,41,X'42414E',X'42616E677569',1),
	(657,42,X'4241',X'4261746861',1),
	(658,42,X'4249',X'42696C74696E65',1),
	(659,42,X'4245',X'426F726B6F752D456E6E6564692D54696265737469',1),
	(660,42,X'4342',X'43686172692D4261677569726D69',1),
	(661,42,X'4755',X'4775657261',1),
	(662,42,X'4B41',X'4B616E656D',1),
	(663,42,X'4C41',X'4C6163',1),
	(664,42,X'4C43',X'4C6F676F6E65204F63636964656E74616C',1),
	(665,42,X'4C52',X'4C6F676F6E65204F7269656E74616C',1),
	(666,42,X'4D4B',X'4D61796F2D4B65626269',1),
	(667,42,X'4D43',X'4D6F79656E2D4368617269',1),
	(668,42,X'4F55',X'4F756164646169',1),
	(669,42,X'5341',X'53616C616D6174',1),
	(670,42,X'5441',X'54616E646A696C65',1),
	(671,43,X'4149',X'416973656E2064656C2047656E6572616C204361726C6F73204962616E657A',1),
	(672,43,X'414E',X'416E746F66616761737461',1),
	(673,43,X'4152',X'4172617563616E6961',1),
	(674,43,X'4154',X'41746163616D61',1),
	(675,43,X'4249',X'42696F2D42696F',1),
	(676,43,X'434F',X'436F7175696D626F',1),
	(677,43,X'4C49',X'4C696265727461646F722047656E6572616C204265726E6172646F204F274869',1),
	(678,43,X'4C4C',X'4C6F73204C61676F73',1),
	(679,43,X'4D41',X'4D6167616C6C616E65732079206465206C6120416E7461727469636120436869',1),
	(680,43,X'4D4C',X'4D61756C65',1),
	(681,43,X'524D',X'526567696F6E204D6574726F706F6C6974616E61',1),
	(682,43,X'5441',X'5461726170616361',1),
	(683,43,X'5653',X'56616C7061726169736F',1),
	(684,44,X'414E',X'416E687569',1),
	(685,44,X'4245',X'4265696A696E67',1),
	(686,44,X'4348',X'43686F6E6771696E67',1),
	(687,44,X'4655',X'46756A69616E',1),
	(688,44,X'4741',X'47616E7375',1),
	(689,44,X'4755',X'4775616E67646F6E67',1),
	(690,44,X'4758',X'4775616E677869',1),
	(691,44,X'475A',X'4775697A686F75',1),
	(692,44,X'4841',X'4861696E616E',1),
	(693,44,X'4842',X'4865626569',1),
	(694,44,X'484C',X'4865696C6F6E676A69616E67',1),
	(695,44,X'4845',X'48656E616E',1),
	(696,44,X'484B',X'486F6E67204B6F6E67',1),
	(697,44,X'4855',X'4875626569',1),
	(698,44,X'484E',X'48756E616E',1),
	(699,44,X'494D',X'496E6E6572204D6F6E676F6C6961',1),
	(700,44,X'4A49',X'4A69616E677375',1),
	(701,44,X'4A58',X'4A69616E677869',1),
	(702,44,X'4A4C',X'4A696C696E',1),
	(703,44,X'4C49',X'4C69616F6E696E67',1),
	(704,44,X'4D41',X'4D61636175',1),
	(705,44,X'4E49',X'4E696E67786961',1),
	(706,44,X'5348',X'536861616E7869',1),
	(707,44,X'5341',X'5368616E646F6E67',1),
	(708,44,X'5347',X'5368616E67686169',1),
	(709,44,X'5358',X'5368616E7869',1),
	(710,44,X'5349',X'5369636875616E',1),
	(711,44,X'5449',X'5469616E6A696E',1),
	(712,44,X'5849',X'58696E6A69616E67',1),
	(713,44,X'5955',X'59756E6E616E',1),
	(714,44,X'5A48',X'5A68656A69616E67',1),
	(715,46,X'44',X'446972656374696F6E2049736C616E64',1),
	(716,46,X'48',X'486F6D652049736C616E64',1),
	(717,46,X'4F',X'486F727362757267682049736C616E64',1),
	(718,46,X'53',X'536F7574682049736C616E64',1),
	(719,46,X'57',X'576573742049736C616E64',1),
	(720,47,X'414D5A',X'416D617A6F6E6173',1),
	(721,47,X'414E54',X'416E74696F71756961',1),
	(722,47,X'415241',X'417261756361',1),
	(723,47,X'41544C',X'41746C616E7469636F',1),
	(724,47,X'424443',X'426F676F746120442E432E',1),
	(725,47,X'424F4C',X'426F6C69766172',1),
	(726,47,X'424F59',X'426F79616361',1),
	(727,47,X'43414C',X'43616C646173',1),
	(728,47,X'434151',X'43617175657461',1),
	(729,47,X'434153',X'436173616E617265',1),
	(730,47,X'434155',X'4361756361',1),
	(731,47,X'434553',X'4365736172',1),
	(732,47,X'43484F',X'43686F636F',1),
	(733,47,X'434F52',X'436F72646F6261',1),
	(734,47,X'43414D',X'43756E64696E616D61726361',1),
	(735,47,X'474E41',X'477561696E6961',1),
	(736,47,X'474A52',X'4775616A697261',1),
	(737,47,X'475652',X'4775617669617265',1),
	(738,47,X'485549',X'4875696C61',1),
	(739,47,X'4D4147',X'4D616764616C656E61',1),
	(740,47,X'4D4554',X'4D657461',1),
	(741,47,X'4E4152',X'4E6172696E6F',1),
	(742,47,X'4E4453',X'4E6F7274652064652053616E74616E646572',1),
	(743,47,X'505554',X'507574756D61796F',1),
	(744,47,X'515549',X'5175696E64696F',1),
	(745,47,X'524953',X'5269736172616C6461',1),
	(746,47,X'534150',X'53616E20416E6472657320792050726F766964656E636961',1),
	(747,47,X'53414E',X'53616E74616E646572',1),
	(748,47,X'535543',X'5375637265',1),
	(749,47,X'544F4C',X'546F6C696D61',1),
	(750,47,X'564443',X'56616C6C652064656C204361756361',1),
	(751,47,X'564155',X'566175706573',1),
	(752,47,X'564943',X'56696368616461',1),
	(753,48,X'47',X'4772616E646520436F6D6F7265',1),
	(754,48,X'41',X'416E6A6F75616E',1),
	(755,48,X'4D',X'4D6F68656C69',1),
	(756,49,X'424F',X'426F75656E7A61',1),
	(757,49,X'4252',X'4272617A7A6176696C6C65',1),
	(758,49,X'4355',X'43757665747465',1),
	(759,49,X'434F',X'437576657474652D4F75657374',1),
	(760,49,X'4B4F',X'4B6F75696C6F75',1),
	(761,49,X'4C45',X'4C656B6F756D6F75',1),
	(762,49,X'4C49',X'4C696B6F75616C61',1),
	(763,49,X'4E49',X'4E69617269',1),
	(764,49,X'504C',X'506C617465617578',1),
	(765,49,X'504F',X'506F6F6C',1),
	(766,49,X'5341',X'53616E676861',1),
	(767,50,X'5055',X'50756B6170756B61',1),
	(768,50,X'524B',X'52616B6168616E6761',1),
	(769,50,X'4D4B',X'4D616E6968696B69',1),
	(770,50,X'5045',X'50656E7268796E',1),
	(771,50,X'4E49',X'4E61737361752049736C616E64',1),
	(772,50,X'5355',X'537572776172726F77',1),
	(773,50,X'5041',X'50616C6D657273746F6E',1),
	(774,50,X'4149',X'4169747574616B69',1),
	(775,50,X'4D41',X'4D616E756165',1),
	(776,50,X'5441',X'54616B75746561',1),
	(777,50,X'4D54',X'4D69746961726F',1),
	(778,50,X'4154',X'41746975',1),
	(779,50,X'4D55',X'4D61756B65',1),
	(780,50,X'5252',X'5261726F746F6E6761',1),
	(781,50,X'4D47',X'4D616E67616961',1),
	(782,51,X'414C',X'416C616A75656C61',1),
	(783,51,X'4341',X'4361727461676F',1),
	(784,51,X'4755',X'4775616E616361737465',1),
	(785,51,X'4845',X'48657265646961',1),
	(786,51,X'4C49',X'4C696D6F6E',1),
	(787,51,X'5055',X'50756E746172656E6173',1),
	(788,51,X'534A',X'53616E204A6F7365',1),
	(789,52,X'414245',X'4162656E676F75726F75',1),
	(790,52,X'414249',X'416269646A616E',1),
	(791,52,X'41424F',X'41626F6973736F',1),
	(792,52,X'414449',X'416469616B65',1),
	(793,52,X'41445A',X'41647A6F7065',1),
	(794,52,X'414742',X'4167626F76696C6C65',1),
	(795,52,X'41474E',X'41676E6962696C656B726F75',1),
	(796,52,X'414C45',X'416C657065',1),
	(797,52,X'424F43',X'426F63616E6461',1),
	(798,52,X'42414E',X'42616E676F6C6F',1),
	(799,52,X'42454F',X'42656F756D69',1),
	(800,52,X'424941',X'4269616E6B6F756D61',1),
	(801,52,X'42444B',X'426F6E646F756B6F75',1),
	(802,52,X'42474E',X'426F6E676F75616E6F75',1),
	(803,52,X'42464C',X'426F7561666C65',1),
	(804,52,X'424B45',X'426F75616B65',1),
	(805,52,X'424E41',X'426F756E61',1),
	(806,52,X'42444C',X'426F756E6469616C69',1),
	(807,52,X'444B4C',X'446162616B616C61',1),
	(808,52,X'444255',X'4461626F75',1),
	(809,52,X'44414C',X'44616C6F61',1),
	(810,52,X'44414E',X'44616E616E65',1),
	(811,52,X'44414F',X'44616F756B726F',1),
	(812,52,X'44494D',X'44696D626F6B726F',1),
	(813,52,X'444956',X'4469766F',1),
	(814,52,X'445545',X'4475656B6F7565',1),
	(815,52,X'464552',X'4665726B65737365646F75676F75',1),
	(816,52,X'474147',X'4761676E6F61',1),
	(817,52,X'474241',X'4772616E642D42617373616D',1),
	(818,52,X'474C41',X'4772616E642D4C61686F75',1),
	(819,52,X'475549',X'477569676C6F',1),
	(820,52,X'495353',X'4973736961',1),
	(821,52,X'4A4143',X'4A616371756576696C6C65',1),
	(822,52,X'4B4154',X'4B6174696F6C61',1),
	(823,52,X'4B4F52',X'4B6F72686F676F',1),
	(824,52,X'4C414B',X'4C616B6F7461',1),
	(825,52,X'4D414E',X'4D616E',1),
	(826,52,X'4D4B4E',X'4D616E6B6F6E6F',1),
	(827,52,X'4D4241',X'4D62616869616B726F',1),
	(828,52,X'4F4449',X'4F6469656E6E65',1),
	(829,52,X'4F554D',X'4F756D65',1),
	(830,52,X'53414B',X'53616B6173736F75',1),
	(831,52,X'535045',X'53616E2D506564726F',1),
	(832,52,X'534153',X'53617373616E647261',1),
	(833,52,X'534547',X'53656775656C61',1),
	(834,52,X'53494E',X'53696E667261',1),
	(835,52,X'534F55',X'536F75627265',1),
	(836,52,X'544142',X'5461626F75',1),
	(837,52,X'54414E',X'54616E6461',1),
	(838,52,X'544945',X'546965626973736F75',1),
	(839,52,X'54494E',X'54696E6772656C61',1),
	(840,52,X'544941',X'5469617373616C65',1),
	(841,52,X'544241',X'546F756261',1),
	(842,52,X'544C50',X'546F756C65706C6575',1),
	(843,52,X'544D44',X'546F756D6F6469',1),
	(844,52,X'564156',X'5661766F7561',1),
	(845,52,X'59414D',X'59616D6F7573736F756B726F',1),
	(846,52,X'5A5545',X'5A75656E6F756C61',1),
	(847,53,X'4242',X'426A656C6F7661722D42696C6F676F7261',1),
	(848,53,X'435A',X'43697479206F66205A6167726562',1),
	(849,53,X'444E',X'447562726F766E696B2D4E657265747661',1),
	(850,53,X'4953',X'4973747261',1),
	(851,53,X'4B41',X'4B61726C6F766163',1),
	(852,53,X'4B4B',X'4B6F707269766E6963612D4B72697A65766369',1),
	(853,53,X'4B5A',X'4B726170696E612D5A61676F726A65',1),
	(854,53,X'4C53',X'4C696B612D53656E6A',1),
	(855,53,X'4D45',X'4D6564696D75726A65',1),
	(856,53,X'4F42',X'4F73696A656B2D426172616E6A61',1),
	(857,53,X'5053',X'506F7A6567612D536C61766F6E6961',1),
	(858,53,X'5047',X'5072696D6F726A652D476F72736B69204B6F746172',1),
	(859,53,X'5349',X'536962656E696B',1),
	(860,53,X'534D',X'536973616B2D4D6F736C6176696E61',1),
	(861,53,X'5342',X'536C61766F6E736B692042726F642D506F736176696E61',1),
	(862,53,X'5344',X'53706C69742D44616C6D61746961',1),
	(863,53,X'5641',X'566172617A64696E',1),
	(864,53,X'5650',X'5669726F7669746963612D506F64726176696E61',1),
	(865,53,X'5653',X'56756B6F7661722D5372696A656D',1),
	(866,53,X'5A4B',X'5A616461722D4B6E696E',1),
	(867,53,X'5A41',X'5A6167726562',1),
	(868,54,X'4341',X'43616D6167756579',1),
	(869,54,X'4344',X'436965676F206465204176696C61',1),
	(870,54,X'4349',X'4369656E667565676F73',1),
	(871,54,X'4348',X'436975646164206465204C6120486162616E61',1),
	(872,54,X'4752',X'4772616E6D61',1),
	(873,54,X'4755',X'4775616E74616E616D6F',1),
	(874,54,X'484F',X'486F6C6775696E',1),
	(875,54,X'494A',X'49736C61206465206C61204A7576656E747564',1),
	(876,54,X'4C48',X'4C6120486162616E61',1),
	(877,54,X'4C54',X'4C61732054756E6173',1),
	(878,54,X'4D41',X'4D6174616E7A6173',1),
	(879,54,X'5052',X'50696E61722064656C2052696F',1),
	(880,54,X'5353',X'53616E637469205370697269747573',1),
	(881,54,X'5343',X'53616E746961676F2064652043756261',1),
	(882,54,X'5643',X'56696C6C6120436C617261',1),
	(883,55,X'46',X'46616D616775737461',1),
	(884,55,X'4B',X'4B7972656E6961',1),
	(885,55,X'41',X'4C61726E616361',1),
	(886,55,X'49',X'4C696D6173736F6C',1),
	(887,55,X'4E',X'4E69636F736961',1),
	(888,55,X'50',X'506170686F73',1),
	(889,56,X'55',X'C39A737465636BC3BD',1),
	(890,56,X'43',X'4A69686FC48D65736BC3BD',1),
	(891,56,X'42',X'4A69686F6D6F726176736BC3BD',1),
	(892,56,X'4B',X'4B61726C6F766172736BC3BD',1),
	(893,56,X'48',X'4B72C3A16C6F76656872616465636BC3BD',1),
	(894,56,X'4C',X'4C6962657265636BC3BD',1),
	(895,56,X'54',X'4D6F726176736B6F736C657A736BC3BD',1),
	(896,56,X'4D',X'4F6C6F6D6F75636BC3BD',1),
	(897,56,X'45',X'50617264756269636BC3BD',1),
	(898,56,X'50',X'506C7A65C588736BC3BD',1),
	(899,56,X'41',X'5072616861',1),
	(900,56,X'53',X'5374C59965646FC48D65736BC3BD',1),
	(901,56,X'4A',X'5679736FC48D696E61',1),
	(902,56,X'5A',X'5A6CC3AD6E736BC3BD',1),
	(903,57,X'4152',X'4172687573',1),
	(904,57,X'4248',X'426F726E686F6C6D',1),
	(905,57,X'434F',X'436F70656E686167656E',1),
	(906,57,X'464F',X'4661726F652049736C616E6473',1),
	(907,57,X'4652',X'467265646572696B73626F7267',1),
	(908,57,X'4659',X'46796E',1),
	(909,57,X'4B4F',X'4B6F62656E6861766E',1),
	(910,57,X'4E4F',X'4E6F72646A796C6C616E64',1),
	(911,57,X'5249',X'52696265',1),
	(912,57,X'524B',X'52696E676B6F62696E67',1),
	(913,57,X'524F',X'526F736B696C6465',1),
	(914,57,X'534F',X'536F6E6465726A796C6C616E64',1),
	(915,57,X'5354',X'53746F727374726F6D',1),
	(916,57,X'564B',X'56656A6C65',1),
	(917,57,X'564A',X'566573746A2661656C69673B6C6C616E64',1),
	(918,57,X'5642',X'5669626F7267',1),
	(919,58,X'53',X'27416C69205361626968',1),
	(920,58,X'4B',X'44696B68696C',1),
	(921,58,X'4A',X'446A69626F757469',1),
	(922,58,X'4F',X'4F626F636B',1),
	(923,58,X'54',X'5461646A6F757261',1),
	(924,59,X'414E44',X'5361696E7420416E6472657720506172697368',1),
	(925,59,X'444156',X'5361696E7420446176696420506172697368',1),
	(926,59,X'47454F',X'5361696E742047656F72676520506172697368',1),
	(927,59,X'4A4F48',X'5361696E74204A6F686E20506172697368',1),
	(928,59,X'4A4F53',X'5361696E74204A6F7365706820506172697368',1),
	(929,59,X'4C554B',X'5361696E74204C756B6520506172697368',1),
	(930,59,X'4D4152',X'5361696E74204D61726B20506172697368',1),
	(931,59,X'504154',X'5361696E74205061747269636B20506172697368',1),
	(932,59,X'504155',X'5361696E74205061756C20506172697368',1),
	(933,59,X'504554',X'5361696E7420506574657220506172697368',1),
	(934,60,X'444E',X'446973747269746F204E6163696F6E616C',1),
	(935,60,X'415A',X'417A7561',1),
	(936,60,X'4243',X'42616F7275636F',1),
	(937,60,X'4248',X'42617261686F6E61',1),
	(938,60,X'444A',X'44616A61626F6E',1),
	(939,60,X'4455',X'447561727465',1),
	(940,60,X'454C',X'456C6961732050696E61',1),
	(941,60,X'5359',X'456C20536579626F',1),
	(942,60,X'4554',X'45737061696C6C6174',1),
	(943,60,X'484D',X'4861746F204D61796F72',1),
	(944,60,X'494E',X'496E646570656E64656E636961',1),
	(945,60,X'414C',X'4C6120416C7461677261636961',1),
	(946,60,X'524F',X'4C6120526F6D616E61',1),
	(947,60,X'5645',X'4C612056656761',1),
	(948,60,X'4D54',X'4D61726961205472696E696461642053616E6368657A',1),
	(949,60,X'4D4E',X'4D6F6E73656E6F72204E6F75656C',1),
	(950,60,X'4D43',X'4D6F6E746520437269737469',1),
	(951,60,X'4D50',X'4D6F6E746520506C617461',1),
	(952,60,X'5044',X'50656465726E616C6573',1),
	(953,60,X'5052',X'50657261766961202842616E6929',1),
	(954,60,X'5050',X'50756572746F20506C617461',1),
	(955,60,X'534C',X'53616C6365646F',1),
	(956,60,X'534D',X'53616D616E61',1),
	(957,60,X'5348',X'53616E6368657A2052616D6972657A',1),
	(958,60,X'5343',X'53616E2043726973746F62616C',1),
	(959,60,X'4A4F',X'53616E204A6F7365206465204F636F61',1),
	(960,60,X'534A',X'53616E204A75616E',1),
	(961,60,X'504D',X'53616E20506564726F206465204D61636F726973',1),
	(962,60,X'5341',X'53616E746961676F',1),
	(963,60,X'5354',X'53616E746961676F20526F6472696775657A',1),
	(964,60,X'5344',X'53616E746F20446F6D696E676F',1),
	(965,60,X'5641',X'56616C7665726465',1),
	(966,61,X'414C',X'41696C6575',1),
	(967,61,X'414E',X'41696E61726F',1),
	(968,61,X'4241',X'426175636175',1),
	(969,61,X'424F',X'426F626F6E61726F',1),
	(970,61,X'434F',X'436F7661204C696D61',1),
	(971,61,X'4449',X'44696C69',1),
	(972,61,X'4552',X'45726D657261',1),
	(973,61,X'4C41',X'4C617574656D',1),
	(974,61,X'4C49',X'4C697175696361',1),
	(975,61,X'4D54',X'4D616E617475746F',1),
	(976,61,X'4D46',X'4D616E7566616869',1),
	(977,61,X'4F45',X'4F656375737369',1),
	(978,61,X'5649',X'5669717565717565',1),
	(979,62,X'415A55',X'417A756179',1),
	(980,62,X'424F4C',X'426F6C69766172',1),
	(981,62,X'43414E',X'4361266E74696C64653B6172',1),
	(982,62,X'434152',X'436172636869',1),
	(983,62,X'434849',X'4368696D626F72617A6F',1),
	(984,62,X'434F54',X'436F746F70617869',1),
	(985,62,X'454F52',X'456C204F726F',1),
	(986,62,X'45534D',X'45736D6572616C646173',1),
	(987,62,X'475053',X'47616C266161637574653B7061676F73',1),
	(988,62,X'475541',X'477561796173',1),
	(989,62,X'494D42',X'496D626162757261',1),
	(990,62,X'4C4F4A',X'4C6F6A61',1),
	(991,62,X'4C524F',X'4C6F732052696F73',1),
	(992,62,X'4D414E',X'4D616E6162266961637574653B',1),
	(993,62,X'4D5341',X'4D6F726F6E612053616E746961676F',1),
	(994,62,X'4E4150',X'4E61706F',1),
	(995,62,X'4F5245',X'4F72656C6C616E61',1),
	(996,62,X'504153',X'50617374617A61',1),
	(997,62,X'504943',X'50696368696E636861',1),
	(998,62,X'535543',X'537563756D62266961637574653B6F73',1),
	(999,62,X'54554E',X'54756E67757261687561',1),
	(1000,62,X'5A4348',X'5A616D6F7261204368696E6368697065',1),
	(1001,63,X'444859',X'41642044617161686C69796168',1),
	(1002,63,X'42414D',X'416C204261687220616C2041686D6172',1),
	(1003,63,X'424859',X'416C204275686179726168',1),
	(1004,63,X'46594D',X'416C2046617979756D',1),
	(1005,63,X'474259',X'416C20476861726269796168',1),
	(1006,63,X'494452',X'416C2049736B616E64617269796168',1),
	(1007,63,X'494D4C',X'416C2049736D6127696C69796168',1),
	(1008,63,X'4A5A48',X'416C204A697A6168',1),
	(1009,63,X'4D4659',X'416C204D696E756669796168',1),
	(1010,63,X'4D4E59',X'416C204D696E7961',1),
	(1011,63,X'514852',X'416C2051616869726168',1),
	(1012,63,X'514C59',X'416C2051616C79756269796168',1),
	(1013,63,X'574A44',X'416C205761646920616C204A61646964',1),
	(1014,63,X'534851',X'41736820536861727169796168',1),
	(1015,63,X'535759',X'417320537577617973',1),
	(1016,63,X'415357',X'417377616E',1),
	(1017,63,X'415359',X'4173797574',1),
	(1018,63,X'425357',X'42616E6920537577617966',1),
	(1019,63,X'425344',X'427572205361276964',1),
	(1020,63,X'444D59',X'44756D796174',1),
	(1021,63,X'4A4E53',X'4A616E75622053696E6127',1),
	(1022,63,X'4B5348',X'4B6166722061736820536861796B68',1),
	(1023,63,X'4D4154',X'4D6174727568',1),
	(1024,63,X'51494E',X'51696E61',1),
	(1025,63,X'534853',X'5368616D616C2053696E6127',1),
	(1026,63,X'535548',X'537568616A',1),
	(1027,64,X'4148',X'4168756163686170616E',1),
	(1028,64,X'4341',X'436162616E6173',1),
	(1029,64,X'4348',X'4368616C6174656E616E676F',1),
	(1030,64,X'4355',X'4375736361746C616E',1),
	(1031,64,X'4C42',X'4C61204C69626572746164',1),
	(1032,64,X'505A',X'4C612050617A',1),
	(1033,64,X'554E',X'4C6120556E696F6E',1),
	(1034,64,X'4D4F',X'4D6F72617A616E',1),
	(1035,64,X'534D',X'53616E204D696775656C',1),
	(1036,64,X'5353',X'53616E2053616C7661646F72',1),
	(1037,64,X'5356',X'53616E20566963656E7465',1),
	(1038,64,X'5341',X'53616E746120416E61',1),
	(1039,64,X'534F',X'536F6E736F6E617465',1),
	(1040,64,X'5553',X'5573756C7574616E',1),
	(1041,65,X'414E',X'50726F76696E63696120416E6E6F626F6E',1),
	(1042,65,X'424E',X'50726F76696E6369612042696F6B6F204E6F727465',1),
	(1043,65,X'4253',X'50726F76696E6369612042696F6B6F20537572',1),
	(1044,65,X'4353',X'50726F76696E6369612043656E74726F20537572',1),
	(1045,65,X'4B4E',X'50726F76696E636961204B69652D4E74656D',1),
	(1046,65,X'4C49',X'50726F76696E636961204C69746F72616C',1),
	(1047,65,X'574E',X'50726F76696E6369612057656C652D4E7A6173',1),
	(1048,66,X'4D41',X'43656E7472616C20284D61656B656C29',1),
	(1049,66,X'4B45',X'416E7365626120284B6572656E29',1),
	(1050,66,X'444B',X'536F75746865726E2052656420536561202844656275622D4B6569682D426168726929',1),
	(1051,66,X'534B',X'4E6F72746865726E2052656420536561202853656D69656E2D4B6569682D426168726929',1),
	(1052,66,X'4445',X'536F75746865726E2028446562756229',1),
	(1053,66,X'4252',X'476173682D4261726B612028426172656E747529',1),
	(1054,67,X'4841',X'4861726A756D6161202854616C6C696E6E29',1),
	(1055,67,X'4849',X'486969756D616120284B6172646C6129',1),
	(1056,67,X'4956',X'4964612D566972756D616120284A6F68766929',1),
	(1057,67,X'4A41',X'4A617276616D61612028506169646529',1),
	(1058,67,X'4A4F',X'4A6F676576616D616120284A6F6765766129',1),
	(1059,67,X'4C56',X'4C61616E652D566972756D6161202852616B7665726529',1),
	(1060,67,X'4C41',X'4C61616E656D616120284861617073616C7529',1),
	(1061,67,X'5041',X'5061726E756D616120285061726E7529',1),
	(1062,67,X'504F',X'506F6C76616D61612028506F6C766129',1),
	(1063,67,X'5241',X'5261706C616D616120285261706C6129',1),
	(1064,67,X'5341',X'53616172656D616120284B756573736161726529',1),
	(1065,67,X'5441',X'54617274756D61612028546172747529',1),
	(1066,67,X'5641',X'56616C67616D6161202856616C676129',1),
	(1067,67,X'5649',X'56696C6A616E64696D6161202856696C6A616E646929',1),
	(1068,67,X'564F',X'566F72756D61612028566F727529',1),
	(1069,68,X'4146',X'41666172',1),
	(1070,68,X'4148',X'416D68617261',1),
	(1071,68,X'4247',X'42656E697368616E67756C2D47756D617A',1),
	(1072,68,X'4742',X'47616D62656C61',1),
	(1073,68,X'4852',X'486172696169',1),
	(1074,68,X'4F52',X'4F726F6D6961',1),
	(1075,68,X'534D',X'536F6D616C69',1),
	(1076,68,X'534E',X'536F75746865726E204E6174696F6E73202D204E6174696F6E616C697469657320616E642050656F706C657320526567696F6E',1),
	(1077,68,X'5447',X'546967726179',1),
	(1078,68,X'4141',X'4164646973204162616261',1),
	(1079,68,X'4444',X'446972652044617761',1),
	(1080,71,X'43',X'43656E7472616C204469766973696F6E',1),
	(1081,71,X'4E',X'4E6F72746865726E204469766973696F6E',1),
	(1082,71,X'45',X'4561737465726E204469766973696F6E',1),
	(1083,71,X'57',X'5765737465726E204469766973696F6E',1),
	(1084,71,X'52',X'526F74756D61',1),
	(1085,72,X'414C',X'416876656E616E6D61616E204C61616E69',1),
	(1086,72,X'4553',X'4574656C612D53756F6D656E204C61616E69',1),
	(1087,72,X'4953',X'4974612D53756F6D656E204C61616E69',1),
	(1088,72,X'4C53',X'4C616E73692D53756F6D656E204C61616E69',1),
	(1089,72,X'4C41',X'4C6170696E204C616E616E69',1),
	(1090,72,X'4F55',X'4F756C756E204C61616E69',1),
	(1091,73,X'414C',X'416C73616365',1),
	(1092,73,X'4151',X'417175697461696E65',1),
	(1093,73,X'4155',X'4175766572676E65',1),
	(1114,74,X'3031',X'41696E',1),
	(1115,74,X'3032',X'4169736E65',1),
	(1116,74,X'3033',X'416C6C696572',1),
	(1117,74,X'3034',X'416C7065732064652048617574652050726F76656E6365',1),
	(1118,74,X'3035',X'4861757465732D416C706573',1),
	(1119,74,X'3036',X'416C706573204D61726974696D6573',1),
	(1120,74,X'3037',X'417264266567726176653B636865',1),
	(1121,74,X'3038',X'417264656E6E6573',1),
	(1122,74,X'3039',X'417269266567726176653B6765',1),
	(1123,74,X'3130',X'41756265',1),
	(1124,74,X'3131',X'41756465',1),
	(1125,74,X'3132',X'41766579726F6E',1),
	(1126,74,X'3133',X'426F7563686573206475205268266F636972633B6E65',1),
	(1127,74,X'3134',X'43616C7661646F73',1),
	(1128,74,X'3135',X'43616E74616C',1),
	(1129,74,X'3136',X'43686172656E7465',1),
	(1130,74,X'3137',X'43686172656E7465204D61726974696D65',1),
	(1131,74,X'3138',X'43686572',1),
	(1132,74,X'3139',X'436F7272266567726176653B7A65',1),
	(1133,74,X'3241',X'436F72736520647520537564',1),
	(1134,74,X'3242',X'486175746520436F727365',1),
	(1135,74,X'3231',X'43266F636972633B7465206426233033393B6F72',1),
	(1136,74,X'3232',X'43266F636972633B746573206426233033393B41726D6F72',1),
	(1137,74,X'3233',X'437265757365',1),
	(1138,74,X'3234',X'446F72646F676E65',1),
	(1139,74,X'3235',X'446F756273',1),
	(1140,74,X'3236',X'4472266F636972633B6D65',1),
	(1141,74,X'3237',X'45757265',1),
	(1142,74,X'3238',X'45757265206574204C6F6972',1),
	(1143,74,X'3239',X'46696E697374266567726176653B7265',1),
	(1144,74,X'3330',X'47617264',1),
	(1145,74,X'3331',X'4861757465204761726F6E6E65',1),
	(1146,74,X'3332',X'47657273',1),
	(1147,74,X'3333',X'4769726F6E6465',1),
	(1148,74,X'3334',X'48266561637574653B7261756C74',1),
	(1149,74,X'3335',X'496C6C652065742056696C61696E65',1),
	(1150,74,X'3336',X'496E647265',1),
	(1151,74,X'3337',X'496E647265206574204C6F697265',1),
	(1152,74,X'3338',X'4973266561637574653B7265',1),
	(1153,74,X'3339',X'4A757261',1),
	(1154,74,X'3430',X'4C616E646573',1),
	(1155,74,X'3431',X'4C6F69722065742043686572',1),
	(1156,74,X'3432',X'4C6F697265',1),
	(1157,74,X'3433',X'4861757465204C6F697265',1),
	(1158,74,X'3434',X'4C6F6972652041746C616E7469717565',1),
	(1159,74,X'3435',X'4C6F69726574',1),
	(1160,74,X'3436',X'4C6F74',1),
	(1161,74,X'3437',X'4C6F74206574204761726F6E6E65',1),
	(1162,74,X'3438',X'4C6F7A266567726176653B7265',1),
	(1163,74,X'3439',X'4D61696E65206574204C6F697265',1),
	(1164,74,X'3530',X'4D616E636865',1),
	(1165,74,X'3531',X'4D61726E65',1),
	(1166,74,X'3532',X'4861757465204D61726E65',1),
	(1167,74,X'3533',X'4D6179656E6E65',1),
	(1168,74,X'3534',X'4D657572746865206574204D6F73656C6C65',1),
	(1169,74,X'3535',X'4D65757365',1),
	(1170,74,X'3536',X'4D6F72626968616E',1),
	(1171,74,X'3537',X'4D6F73656C6C65',1),
	(1172,74,X'3538',X'4E69266567726176653B767265',1),
	(1173,74,X'3539',X'4E6F7264',1),
	(1174,74,X'3630',X'4F697365',1),
	(1175,74,X'3631',X'4F726E65',1),
	(1176,74,X'3632',X'5061732064652043616C616973',1),
	(1177,74,X'3633',X'5075792064652044266F636972633B6D65',1),
	(1178,74,X'3634',X'507972266561637574653B6E266561637574653B65732041746C616E746971756573',1),
	(1179,74,X'3635',X'48617574657320507972266561637574653B6E266561637574653B6573',1),
	(1180,74,X'3636',X'507972266561637574653B6E266561637574653B6573204F7269656E74616C6573',1),
	(1181,74,X'3637',X'426173205268696E',1),
	(1182,74,X'3638',X'48617574205268696E',1),
	(1183,74,X'3639',X'5268266F636972633B6E65',1),
	(1184,74,X'3730',X'4861757465205361266F636972633B6E65',1),
	(1185,74,X'3731',X'5361266F636972633B6E65206574204C6F697265',1),
	(1186,74,X'3732',X'536172746865',1),
	(1187,74,X'3733',X'5361766F6965',1),
	(1188,74,X'3734',X'4861757465205361766F6965',1),
	(1189,74,X'3735',X'5061726973',1),
	(1190,74,X'3736',X'5365696E65204D61726974696D65',1),
	(1191,74,X'3737',X'5365696E65206574204D61726E65',1),
	(1192,74,X'3738',X'5976656C696E6573',1),
	(1193,74,X'3739',X'446575782053266567726176653B76726573',1),
	(1194,74,X'3830',X'536F6D6D65',1),
	(1195,74,X'3831',X'5461726E',1),
	(1196,74,X'3832',X'5461726E206574204761726F6E6E65',1),
	(1197,74,X'3833',X'566172',1),
	(1198,74,X'3834',X'566175636C757365',1),
	(1199,74,X'3835',X'56656E64266561637574653B65',1),
	(1200,74,X'3836',X'5669656E6E65',1),
	(1201,74,X'3837',X'4861757465205669656E6E65',1),
	(1202,74,X'3838',X'566F73676573',1),
	(1203,74,X'3839',X'596F6E6E65',1),
	(1204,74,X'3930',X'5465727269746F6972652064652042656C666F7274',1),
	(1205,74,X'3931',X'4573736F6E6E65',1),
	(1206,74,X'3932',X'4861757473206465205365696E65',1),
	(1207,74,X'3933',X'5365696E652053742D44656E6973',1),
	(1208,74,X'3934',X'56616C206465204D61726E65',1),
	(1209,74,X'3935',X'56616C2064274F697365',1),
	(1210,76,X'4D',X'417263686970656C20646573204D6172717569736573',1),
	(1211,76,X'54',X'417263686970656C20646573205475616D6F7475',1),
	(1212,76,X'49',X'417263686970656C2064657320547562756169',1),
	(1213,76,X'56',X'496C65732064752056656E74',1),
	(1214,76,X'53',X'496C657320536F75732D6C652D56656E74',1),
	(1215,77,X'43',X'496C65732043726F7A6574',1),
	(1216,77,X'4B',X'496C6573204B65726775656C656E',1),
	(1217,77,X'41',X'496C6520416D7374657264616D',1),
	(1218,77,X'50',X'496C65205361696E742D5061756C',1),
	(1219,77,X'44',X'4164656C6965204C616E64',1),
	(1220,78,X'4553',X'4573747561697265',1),
	(1221,78,X'484F',X'486175742D4F676F6F7565',1),
	(1222,78,X'4D4F',X'4D6F79656E2D4F676F6F7565',1),
	(1223,78,X'4E47',X'4E676F756E6965',1),
	(1224,78,X'4E59',X'4E79616E6761',1),
	(1225,78,X'4F49',X'4F676F6F75652D4976696E646F',1),
	(1226,78,X'4F4C',X'4F676F6F75652D4C6F6C6F',1),
	(1227,78,X'4F4D',X'4F676F6F75652D4D61726974696D65',1),
	(1228,78,X'574E',X'576F6C65752D4E74656D',1),
	(1229,79,X'424A',X'42616E6A756C',1),
	(1230,79,X'4253',X'4261737365',1),
	(1231,79,X'4252',X'4272696B616D61',1),
	(1232,79,X'4A41',X'4A616E6A616E6762757265',1),
	(1233,79,X'4B41',X'4B616E6966656E67',1),
	(1234,79,X'4B45',X'4B65726577616E',1),
	(1235,79,X'4B55',X'4B756E74617572',1),
	(1236,79,X'4D41',X'4D616E73616B6F6E6B6F',1),
	(1237,79,X'4C52',X'4C6F776572205269766572',1),
	(1238,79,X'4352',X'43656E7472616C205269766572',1),
	(1239,79,X'4E42',X'4E6F7274682042616E6B',1),
	(1240,79,X'5552',X'5570706572205269766572',1),
	(1241,79,X'5745',X'5765737465726E',1),
	(1242,80,X'4142',X'41626B68617A6961',1),
	(1243,80,X'414A',X'416A61726961',1),
	(1244,80,X'5442',X'5462696C697369',1),
	(1245,80,X'4755',X'4775726961',1),
	(1246,80,X'494D',X'496D6572657469',1),
	(1247,80,X'4B41',X'4B616B68657469',1),
	(1248,80,X'4B4B',X'4B76656D6F204B6172746C69',1),
	(1249,80,X'4D4D',X'4D74736B686574612D4D7469616E657469',1),
	(1250,80,X'524C',X'5261636861204C6563686B68756D6920616E64204B76656D6F205376616E6574',1),
	(1251,80,X'535A',X'53616D656772656C6F2D5A656D6F205376616E657469',1),
	(1252,80,X'534A',X'53616D74736B68652D4A6176616B68657469',1),
	(1253,80,X'534B',X'5368696461204B6172746C69',1),
	(1254,81,X'424157',X'426164656E2D572675756D6C3B727474656D62657267',1),
	(1255,81,X'424159',X'42617965726E',1),
	(1256,81,X'424552',X'4265726C696E',1),
	(1257,81,X'425247',X'4272616E64656E62757267',1),
	(1258,81,X'425245',X'4272656D656E',1),
	(1259,81,X'48414D',X'48616D62757267',1),
	(1260,81,X'484553',X'48657373656E',1),
	(1261,81,X'4D4543',X'4D65636B6C656E627572672D566F72706F6D6D65726E',1),
	(1262,81,X'4E4453',X'4E69656465727361636873656E',1),
	(1263,81,X'4E5257',X'4E6F7264726865696E2D5765737466616C656E',1),
	(1264,81,X'524845',X'526865696E6C616E642D5066616C7A',1),
	(1265,81,X'534152',X'536161726C616E64',1),
	(1266,81,X'534153',X'5361636873656E',1),
	(1267,81,X'534143',X'5361636873656E2D416E68616C74',1),
	(1268,81,X'53434E',X'5363686C65737769672D486F6C737465696E',1),
	(1269,81,X'544845',X'54682675756D6C3B72696E67656E',1),
	(1270,82,X'4153',X'417368616E746920526567696F6E',1),
	(1271,82,X'4241',X'42726F6E672D416861666F20526567696F6E',1),
	(1272,82,X'4345',X'43656E7472616C20526567696F6E',1),
	(1273,82,X'4541',X'4561737465726E20526567696F6E',1),
	(1274,82,X'4741',X'4772656174657220416363726120526567696F6E',1),
	(1275,82,X'4E4F',X'4E6F72746865726E20526567696F6E',1),
	(1276,82,X'5545',X'5570706572204561737420526567696F6E',1),
	(1277,82,X'5557',X'5570706572205765737420526567696F6E',1),
	(1278,82,X'564F',X'566F6C746120526567696F6E',1),
	(1279,82,X'5745',X'5765737465726E20526567696F6E',1),
	(1280,84,X'4154',X'417474696361',1),
	(1281,84,X'434E',X'43656E7472616C20477265656365',1),
	(1282,84,X'434D',X'43656E7472616C204D616365646F6E6961',1),
	(1283,84,X'4352',X'4372657465',1),
	(1284,84,X'454D',X'45617374204D616365646F6E696120616E6420546872616365',1),
	(1285,84,X'4550',X'457069727573',1),
	(1286,84,X'4949',X'496F6E69616E2049736C616E6473',1),
	(1287,84,X'4E41',X'4E6F7274682041656765616E',1),
	(1288,84,X'5050',X'50656C6F706F6E6E65736F73',1),
	(1289,84,X'5341',X'536F7574682041656765616E',1),
	(1290,84,X'5448',X'5468657373616C79',1),
	(1291,84,X'5747',X'5765737420477265656365',1),
	(1292,84,X'574D',X'57657374204D616365646F6E6961',1),
	(1293,85,X'41',X'4176616E6E6161',1),
	(1294,85,X'54',X'54756E75',1),
	(1295,85,X'4B',X'4B69746161',1),
	(1296,86,X'41',X'5361696E7420416E64726577',1),
	(1297,86,X'44',X'5361696E74204461766964',1),
	(1298,86,X'47',X'5361696E742047656F726765',1),
	(1299,86,X'4A',X'5361696E74204A6F686E',1),
	(1300,86,X'4D',X'5361696E74204D61726B',1),
	(1301,86,X'50',X'5361696E74205061747269636B',1),
	(1302,86,X'43',X'436172726961636F75',1),
	(1303,86,X'51',X'5065746974204D617274696E69717565',1),
	(1304,89,X'4156',X'416C7461205665726170617A',1),
	(1305,89,X'4256',X'42616A61205665726170617A',1),
	(1306,89,X'434D',X'4368696D616C74656E616E676F',1),
	(1307,89,X'4351',X'4368697175696D756C61',1),
	(1308,89,X'5045',X'456C20506574656E',1),
	(1309,89,X'5052',X'456C2050726F677265736F',1),
	(1310,89,X'5143',X'456C20517569636865',1),
	(1311,89,X'4553',X'45736375696E746C61',1),
	(1312,89,X'4755',X'47756174656D616C61',1),
	(1313,89,X'4855',X'48756568756574656E616E676F',1),
	(1314,89,X'495A',X'497A6162616C',1),
	(1315,89,X'4A41',X'4A616C617061',1),
	(1316,89,X'4A55',X'4A757469617061',1),
	(1317,89,X'515A',X'517565747A616C74656E616E676F',1),
	(1318,89,X'5245',X'526574616C68756C6575',1),
	(1319,89,X'5354',X'53616361746570657175657A',1),
	(1320,89,X'534D',X'53616E204D6172636F73',1),
	(1321,89,X'5352',X'53616E746120526F7361',1),
	(1322,89,X'534F',X'536F6C6F6C61',1),
	(1323,89,X'5355',X'5375636869746570657175657A',1),
	(1324,89,X'544F',X'546F746F6E69636170616E',1),
	(1325,89,X'5A41',X'5A6163617061',1),
	(1326,90,X'434E4B',X'436F6E616B7279',1),
	(1327,90,X'42594C',X'4265796C61',1),
	(1328,90,X'424641',X'426F666661',1),
	(1329,90,X'424F4B',X'426F6B65',1),
	(1330,90,X'434F59',X'436F796168',1),
	(1331,90,X'44424C',X'4461626F6C61',1),
	(1332,90,X'444C42',X'44616C616261',1),
	(1333,90,X'444752',X'44696E67756972617965',1),
	(1334,90,X'444252',X'44756272656B61',1),
	(1335,90,X'46524E',X'466172616E6168',1),
	(1336,90,X'465243',X'466F7265636172696168',1),
	(1337,90,X'465249',X'46726961',1),
	(1338,90,X'47414F',X'47616F75616C',1),
	(1339,90,X'474344',X'477565636B65646F75',1),
	(1340,90,X'4B4E4B',X'4B616E6B616E',1),
	(1341,90,X'4B524E',X'4B65726F75616E65',1),
	(1342,90,X'4B4E44',X'4B696E646961',1),
	(1343,90,X'4B5344',X'4B69737369646F75676F75',1),
	(1344,90,X'4B4241',X'4B6F75626961',1),
	(1345,90,X'4B4441',X'4B6F756E64617261',1),
	(1346,90,X'4B5241',X'4B6F75726F75737361',1),
	(1347,90,X'4C4142',X'4C616265',1),
	(1348,90,X'4C4C4D',X'4C656C6F756D61',1),
	(1349,90,X'4C4F4C',X'4C6F6C61',1),
	(1350,90,X'4D4354',X'4D6163656E7461',1),
	(1351,90,X'4D414C',X'4D616C69',1),
	(1352,90,X'4D414D',X'4D616D6F75',1),
	(1353,90,X'4D414E',X'4D616E6469616E61',1),
	(1354,90,X'4E5A52',X'4E7A6572656B6F7265',1),
	(1355,90,X'504954',X'50697461',1),
	(1356,90,X'534947',X'53696775697269',1),
	(1357,90,X'544C4D',X'54656C696D656C65',1),
	(1358,90,X'544F47',X'546F75677565',1),
	(1359,90,X'594F4D',X'596F6D6F75',1),
	(1360,91,X'4246',X'42616661746120526567696F6E',1),
	(1361,91,X'4242',X'42696F6D626F20526567696F6E',1),
	(1362,91,X'4253',X'42697373617520526567696F6E',1),
	(1363,91,X'424C',X'426F6C616D6120526567696F6E',1),
	(1364,91,X'4341',X'43616368657520526567696F6E',1),
	(1365,91,X'4741',X'4761627520526567696F6E',1),
	(1366,91,X'4F49',X'4F696F20526567696F6E',1),
	(1367,91,X'5155',X'5175696E61726120526567696F6E',1),
	(1368,91,X'544F',X'546F6D62616C6920526567696F6E',1),
	(1369,92,X'4257',X'426172696D612D5761696E69',1),
	(1370,92,X'434D',X'437579756E692D4D617A6172756E69',1),
	(1371,92,X'444D',X'44656D65726172612D4D616861696361',1),
	(1372,92,X'4543',X'4561737420426572626963652D436F72656E74796E65',1),
	(1373,92,X'4557',X'45737365717569626F2049736C616E64732D576573742044656D6572617261',1),
	(1374,92,X'4D42',X'4D6168616963612D42657262696365',1),
	(1375,92,X'504D',X'506F6D65726F6F6E2D537570656E61616D',1),
	(1376,92,X'5049',X'506F7461726F2D5369706172756E69',1),
	(1377,92,X'5544',X'55707065722044656D65726172612D42657262696365',1),
	(1378,92,X'5554',X'55707065722054616B7574752D55707065722045737365717569626F',1),
	(1379,93,X'4152',X'41727469626F6E697465',1),
	(1380,93,X'4345',X'43656E747265',1),
	(1381,93,X'4741',X'4772616E6427416E7365',1),
	(1382,93,X'4E44',X'4E6F7264',1),
	(1383,93,X'4E45',X'4E6F72642D457374',1),
	(1384,93,X'4E4F',X'4E6F72642D4F75657374',1),
	(1385,93,X'4F55',X'4F75657374',1),
	(1386,93,X'5344',X'537564',1),
	(1387,93,X'5345',X'5375642D457374',1),
	(1388,94,X'46',X'466C61742049736C616E64',1),
	(1389,94,X'4D',X'4D63446F6E616C642049736C616E64',1),
	(1390,94,X'53',X'536861672049736C616E64',1),
	(1391,94,X'48',X'48656172642049736C616E64',1),
	(1392,95,X'4154',X'41746C616E74696461',1),
	(1393,95,X'4348',X'43686F6C7574656361',1),
	(1394,95,X'434C',X'436F6C6F6E',1),
	(1395,95,X'434D',X'436F6D617961677561',1),
	(1396,95,X'4350',X'436F70616E',1),
	(1397,95,X'4352',X'436F72746573',1),
	(1398,95,X'5041',X'456C205061726169736F',1),
	(1399,95,X'464D',X'4672616E636973636F204D6F72617A616E',1),
	(1400,95,X'4744',X'4772616369617320612044696F73',1),
	(1401,95,X'494E',X'496E746962756361',1),
	(1402,95,X'4942',X'49736C6173206465206C6120426168696120284261792049736C616E647329',1),
	(1403,95,X'505A',X'4C612050617A',1),
	(1404,95,X'4C45',X'4C656D70697261',1),
	(1405,95,X'4F43',X'4F636F74657065717565',1),
	(1406,95,X'4F4C',X'4F6C616E63686F',1),
	(1407,95,X'5342',X'53616E74612042617262617261',1),
	(1408,95,X'5641',X'56616C6C65',1),
	(1409,95,X'594F',X'596F726F',1),
	(1410,96,X'484357',X'43656E7472616C20616E64205765737465726E20486F6E67204B6F6E672049736C616E64',1),
	(1411,96,X'484541',X'4561737465726E20486F6E67204B6F6E672049736C616E64',1),
	(1412,96,X'48534F',X'536F75746865726E20486F6E67204B6F6E672049736C616E64',1),
	(1413,96,X'485743',X'57616E204368616920486F6E67204B6F6E672049736C616E64',1),
	(1414,96,X'4B4B43',X'4B6F776C6F6F6E2043697479204B6F776C6F6F6E',1),
	(1415,96,X'4B4B54',X'4B77756E20546F6E67204B6F776C6F6F6E',1),
	(1416,96,X'4B5353',X'5368616D205368756920506F204B6F776C6F6F6E',1),
	(1417,96,X'4B5754',X'576F6E67205461692053696E204B6F776C6F6F6E',1),
	(1418,96,X'4B5954',X'596175205473696D204D6F6E67204B6F776C6F6F6E',1),
	(1419,96,X'4E4953',X'49736C616E6473204E6577205465727269746F72696573',1),
	(1420,96,X'4E4B54',X'4B776169205473696E67204E6577205465727269746F72696573',1),
	(1421,96,X'4E4E4F',X'4E6F727468204E6577205465727269746F72696573',1),
	(1422,96,X'4E534B',X'536169204B756E67204E6577205465727269746F72696573',1),
	(1423,96,X'4E5354',X'5368612054696E204E6577205465727269746F72696573',1),
	(1424,96,X'4E5450',X'54616920506F204E6577205465727269746F72696573',1),
	(1425,96,X'4E5457',X'547375656E2057616E204E6577205465727269746F72696573',1),
	(1426,96,X'4E544D',X'5475656E204D756E204E6577205465727269746F72696573',1),
	(1427,96,X'4E594C',X'5975656E204C6F6E67204E6577205465727269746F72696573',1),
	(1428,97,X'424B',X'426163732D4B69736B756E',1),
	(1429,97,X'4241',X'426172616E7961',1),
	(1430,97,X'4245',X'42656B6573',1),
	(1431,97,X'4253',X'42656B65736373616261',1),
	(1432,97,X'425A',X'426F72736F642D416261756A2D5A656D706C656E',1),
	(1433,97,X'4255',X'4275646170657374',1),
	(1434,97,X'4353',X'43736F6E67726164',1),
	(1435,97,X'4445',X'446562726563656E',1),
	(1436,97,X'4455',X'44756E61756A7661726F73',1),
	(1437,97,X'4547',X'45676572',1),
	(1438,97,X'4645',X'46656A6572',1),
	(1439,97,X'4759',X'47796F72',1),
	(1440,97,X'474D',X'47796F722D4D6F736F6E2D536F70726F6E',1),
	(1441,97,X'4842',X'48616A64752D4269686172',1),
	(1442,97,X'4845',X'4865766573',1),
	(1443,97,X'484F',X'486F646D657A6F766173617268656C79',1),
	(1444,97,X'4A4E',X'4A61737A2D4E6167796B756E2D537A6F6C6E6F6B',1),
	(1445,97,X'4B41',X'4B61706F73766172',1),
	(1446,97,X'4B45',X'4B6563736B656D6574',1),
	(1447,97,X'4B4F',X'4B6F6D61726F6D2D45737A746572676F6D',1),
	(1448,97,X'4D49',X'4D69736B6F6C63',1),
	(1449,97,X'4E41',X'4E6167796B616E697A7361',1),
	(1450,97,X'4E4F',X'4E6F67726164',1),
	(1451,97,X'4E59',X'4E79697265677968617A61',1),
	(1452,97,X'5045',X'50656373',1),
	(1453,97,X'5053',X'50657374',1),
	(1454,97,X'534F',X'536F6D6F6779',1),
	(1455,97,X'5350',X'536F70726F6E',1),
	(1456,97,X'5353',X'537A61626F6C63732D537A61746D61722D4265726567',1),
	(1457,97,X'535A',X'537A65676564',1),
	(1458,97,X'5345',X'537A656B65736665686572766172',1),
	(1459,97,X'534C',X'537A6F6C6E6F6B',1),
	(1460,97,X'534D',X'537A6F6D62617468656C79',1),
	(1461,97,X'5441',X'5461746162616E7961',1),
	(1462,97,X'544F',X'546F6C6E61',1),
	(1463,97,X'5641',X'566173',1),
	(1464,97,X'5645',X'5665737A7072656D',1),
	(1465,97,X'5A41',X'5A616C61',1),
	(1466,97,X'5A5A',X'5A616C6165676572737A6567',1),
	(1467,98,X'414C',X'4175737475726C616E64',1),
	(1468,98,X'4846',X'486F66756F626F72676172737661656F69',1),
	(1469,98,X'4E45',X'4E6F726F75726C616E6420657973747261',1),
	(1470,98,X'4E56',X'4E6F726F75726C616E6420766573747261',1),
	(1471,98,X'534C',X'53756F75726C616E64',1),
	(1472,98,X'534E',X'53756F75726E6573',1),
	(1473,98,X'5646',X'566573746669726F6972',1),
	(1474,98,X'564C',X'5665737475726C616E64',1),
	(1475,99,X'414E',X'416E64616D616E20616E64204E69636F6261722049736C616E6473',1),
	(1476,99,X'4150',X'416E646872612050726164657368',1),
	(1477,99,X'4152',X'4172756E616368616C2050726164657368',1),
	(1478,99,X'4153',X'417373616D',1),
	(1479,99,X'4249',X'4269686172',1),
	(1480,99,X'4348',X'4368616E646967617268',1),
	(1481,99,X'4441',X'446164726120616E64204E6167617220486176656C69',1),
	(1482,99,X'444D',X'44616D616E20616E6420446975',1),
	(1483,99,X'4445',X'44656C6869',1),
	(1484,99,X'474F',X'476F61',1),
	(1485,99,X'4755',X'47756A61726174',1),
	(1486,99,X'4841',X'48617279616E61',1),
	(1487,99,X'4850',X'48696D616368616C2050726164657368',1),
	(1488,99,X'4A41',X'4A616D6D7520616E64204B6173686D6972',1),
	(1489,99,X'4B41',X'4B61726E6174616B61',1),
	(1490,99,X'4B45',X'4B6572616C61',1),
	(1491,99,X'4C49',X'4C616B73686164776565702049736C616E6473',1),
	(1492,99,X'4D50',X'4D61646879612050726164657368',1),
	(1493,99,X'4D41',X'4D61686172617368747261',1),
	(1494,99,X'4D4E',X'4D616E69707572',1),
	(1495,99,X'4D45',X'4D656768616C617961',1),
	(1496,99,X'4D49',X'4D697A6F72616D',1),
	(1497,99,X'4E41',X'4E6167616C616E64',1),
	(1498,99,X'4F52',X'4F7269737361',1),
	(1499,99,X'504F',X'506F6E6469636865727279',1),
	(1500,99,X'5055',X'50756E6A6162',1),
	(1501,99,X'5241',X'52616A61737468616E',1),
	(1502,99,X'5349',X'53696B6B696D',1),
	(1503,99,X'544E',X'54616D696C204E616475',1),
	(1504,99,X'5452',X'54726970757261',1),
	(1505,99,X'5550',X'55747461722050726164657368',1),
	(1506,99,X'5742',X'576573742042656E67616C',1),
	(1507,100,X'49444143',X'41636568',1),
	(1508,100,X'49444241',X'42616C69',1),
	(1509,100,X'49444254',X'42616E74656E',1),
	(1510,100,X'49444245',X'42656E676B756C75',1),
	(1511,100,X'4944474F',X'476F726F6E74616C6F',1),
	(1512,100,X'49444A4B',X'4A616B617274612052617961',1),
	(1513,100,X'49444A41',X'4A616D6269',1),
	(1514,100,X'49444A42',X'4A617761204261726174',1),
	(1515,100,X'49444A54',X'4A6177612054656E676168',1),
	(1516,100,X'49444A49',X'4A6177612054696D7572',1),
	(1517,100,X'49444B42',X'4B616C696D616E74616E204261726174',1),
	(1518,100,X'49444B53',X'4B616C696D616E74616E2053656C6174616E',1),
	(1519,100,X'49444B54',X'4B616C696D616E74616E2054656E676168',1),
	(1520,100,X'49444B49',X'4B616C696D616E74616E2054696D7572',1),
	(1521,100,X'49444B55',X'4B616C696D616E74616E205574617261',1),
	(1522,100,X'49444242',X'4B6570756C6175616E2042616E676B612042656C6974756E67',1),
	(1523,100,X'49444B52',X'4B6570756C6175616E2052696175',1),
	(1524,100,X'49444C41',X'4C616D70756E67',1),
	(1525,100,X'49444D41',X'4D616C756B75',1),
	(1526,100,X'49444D55',X'4D616C756B75205574617261',1),
	(1527,100,X'49444E42',X'4E7573612054656E6767617261204261726174',1),
	(1528,100,X'49444E54',X'4E7573612054656E67676172612054696D7572',1),
	(1529,100,X'49445041',X'5061707561',1),
	(1530,100,X'49445042',X'5061707561204261726174',1),
	(1531,100,X'49445249',X'52696175',1),
	(1532,100,X'49445352',X'53756C6177657369204261726174',1),
	(1533,100,X'4944534E',X'53756C61776573692053656C6174616E',1),
	(1534,100,X'49445354',X'53756C61776573692054656E676168',1),
	(1535,100,X'49445347',X'53756C61776573692054656E6767617261',1),
	(1536,100,X'49445341',X'53756C6177657369205574617261',1),
	(1537,100,X'49445342',X'53756D6174657261204261726174',1),
	(1538,100,X'49445353',X'53756D61746572612053656C6174616E',1),
	(1539,100,X'49445355',X'53756D6174657261205574617261',1),
	(1540,100,X'4944594F',X'596F6779616B61727461',1),
	(1541,101,X'51415A',X'51617A76696E',1),
	(1542,101,X'47494C',X'47696C616E',1),
	(1543,101,X'415244',X'4172646162696C',1),
	(1544,101,X'5A414E',X'5A616E6A616E',1),
	(1545,101,X'45415A',X'4561737420417A61726261696A616E',1),
	(1546,101,X'57455A',X'5765737420417A61726261696A616E',1),
	(1547,101,X'4B5244',X'4B757264697374616E',1),
	(1548,101,X'484D44',X'48616D6164616E',1),
	(1549,101,X'4B524D',X'4B65726D616E73686168',1),
	(1550,101,X'494C4D',X'496C616D',1),
	(1551,101,X'4C5253',X'4C6F72657374616E',1),
	(1552,101,X'4B5A54',X'4B68757A657374616E',1),
	(1553,101,X'434D42',X'436861686172204D616861616C20616E642042616B687469617269',1),
	(1554,101,X'4B4241',X'4B6F686B696C7579656820616E642042757965722041686D6164',1),
	(1555,101,X'425348',X'42757368656872',1),
	(1556,101,X'464152',X'46617273',1),
	(1557,101,X'48524D',X'486F726D6F7A67616E',1),
	(1558,101,X'53424C',X'53697374616E20616E642042616C756368697374616E',1),
	(1559,101,X'4B5242',X'4B65726D616E',1),
	(1560,101,X'595A44',X'59617A64',1),
	(1561,101,X'454648',X'4573666168616E',1),
	(1562,101,X'534D4E',X'53656D6E616E',1),
	(1563,101,X'4D5A44',X'4D617A616E646172616E',1),
	(1564,101,X'474C53',X'476F6C657374616E',1),
	(1565,101,X'4E4B48',X'4E6F727468204B686F726173616E',1),
	(1566,101,X'524B48',X'52617A617669204B686F726173616E',1),
	(1567,101,X'534B48',X'536F757468204B686F726173616E',1),
	(1568,102,X'4244',X'42616768646164',1),
	(1569,102,X'5344',X'53616C61682061642044696E',1),
	(1570,102,X'4459',X'446979616C61',1),
	(1571,102,X'5753',X'5761736974',1),
	(1572,102,X'4D59',X'4D617973616E',1),
	(1573,102,X'4241',X'416C20426173726168',1),
	(1574,102,X'4451',X'44686920516172',1),
	(1575,102,X'4D55',X'416C204D757468616E6E61',1),
	(1576,102,X'5141',X'416C205161646973796168',1),
	(1577,102,X'4242',X'426162696C',1),
	(1578,102,X'4B42',X'416C204B617262616C61',1),
	(1579,102,X'4E4A',X'416E204E616A6166',1),
	(1580,102,X'4142',X'416C20416E626172',1),
	(1581,102,X'4E4E',X'4E696E617761',1),
	(1582,102,X'4448',X'446168756B',1),
	(1583,102,X'414C',X'417262696C',1),
	(1584,102,X'544D',X'4174205461276D696D',1),
	(1585,102,X'534C',X'41732053756C61796D616E69796168',1),
	(1586,103,X'4341',X'4361726C6F77',1),
	(1587,103,X'4356',X'436176616E',1),
	(1588,103,X'434C',X'436C617265',1),
	(1589,103,X'434F',X'436F726B',1),
	(1590,103,X'444F',X'446F6E6567616C',1),
	(1591,103,X'4455',X'4475626C696E',1),
	(1592,103,X'4741',X'47616C776179',1),
	(1593,103,X'4B45',X'4B65727279',1),
	(1594,103,X'4B49',X'4B696C64617265',1),
	(1595,103,X'4B4C',X'4B696C6B656E6E79',1),
	(1596,103,X'4C41',X'4C616F6973',1),
	(1597,103,X'4C45',X'4C65697472696D',1),
	(1598,103,X'4C49',X'4C696D657269636B',1),
	(1599,103,X'4C4F',X'4C6F6E67666F7264',1),
	(1600,103,X'4C55',X'4C6F757468',1),
	(1601,103,X'4D41',X'4D61796F',1),
	(1602,103,X'4D45',X'4D65617468',1),
	(1603,103,X'4D4F',X'4D6F6E616768616E',1),
	(1604,103,X'4F46',X'4F6666616C79',1),
	(1605,103,X'524F',X'526F73636F6D6D6F6E',1),
	(1606,103,X'534C',X'536C69676F',1),
	(1607,103,X'5449',X'546970706572617279',1),
	(1608,103,X'5741',X'5761746572666F7264',1),
	(1609,103,X'5745',X'576573746D65617468',1),
	(1610,103,X'5758',X'576578666F7264',1),
	(1611,103,X'5749',X'5769636B6C6F77',1),
	(1612,104,X'4253',X'4265276572205368657661',1),
	(1613,104,X'4248',X'42696B6127617420486179617264656E',1),
	(1614,104,X'4541',X'45696C617420616E64204172617661',1),
	(1615,104,X'4741',X'47616C696C',1),
	(1616,104,X'4841',X'4861696661',1),
	(1617,104,X'4A4D',X'4A6568756461204D6F756E7461696E73',1),
	(1618,104,X'4A45',X'4A65727573616C656D',1),
	(1619,104,X'4E45',X'4E65676576',1),
	(1620,104,X'5345',X'53656D61726961',1),
	(1621,104,X'5348',X'536861726F6E',1),
	(1622,104,X'5441',X'54656C20417669762028476F73682044616E29',1),
	(3860,105,X'434C',X'43616C74616E69737365747461',1),
	(3842,105,X'4147',X'4167726967656E746F',1),
	(3843,105,X'414C',X'416C657373616E64726961',1),
	(3844,105,X'414E',X'416E636F6E61',1),
	(3845,105,X'414F',X'416F737461',1),
	(3846,105,X'4152',X'4172657A7A6F',1),
	(3847,105,X'4150',X'4173636F6C6920506963656E6F',1),
	(3848,105,X'4154',X'41737469',1),
	(3849,105,X'4156',X'4176656C6C696E6F',1),
	(3850,105,X'4241',X'42617269',1),
	(3851,105,X'424C',X'42656C6C756E6F',1),
	(3852,105,X'424E',X'42656E6576656E746F',1),
	(3853,105,X'4247',X'42657267616D6F',1),
	(3854,105,X'4249',X'4269656C6C61',1),
	(3855,105,X'424F',X'426F6C6F676E61',1),
	(3856,105,X'425A',X'426F6C7A616E6F',1),
	(3857,105,X'4253',X'42726573636961',1),
	(3858,105,X'4252',X'4272696E64697369',1),
	(3859,105,X'4341',X'4361676C69617269',1),
	(1643,106,X'434C41',X'436C6172656E646F6E20506172697368',1),
	(1644,106,X'48414E',X'48616E6F76657220506172697368',1),
	(1645,106,X'4B494E',X'4B696E6773746F6E20506172697368',1),
	(1646,106,X'4D414E',X'4D616E6368657374657220506172697368',1),
	(1647,106,X'504F52',X'506F72746C616E6420506172697368',1),
	(1648,106,X'414E44',X'5361696E7420416E6472657720506172697368',1),
	(1649,106,X'414E4E',X'5361696E7420416E6E20506172697368',1),
	(1650,106,X'434154',X'5361696E7420436174686572696E6520506172697368',1),
	(1651,106,X'454C49',X'5361696E7420456C697A616265746820506172697368',1),
	(1652,106,X'4A414D',X'5361696E74204A616D657320506172697368',1),
	(1653,106,X'4D4152',X'5361696E74204D61727920506172697368',1),
	(1654,106,X'54484F',X'5361696E742054686F6D617320506172697368',1),
	(1655,106,X'54524C',X'5472656C61776E7920506172697368',1),
	(1656,106,X'574D4C',X'576573746D6F72656C616E6420506172697368',1),
	(1657,107,X'4149',X'4169636869',1),
	(1658,107,X'414B',X'416B697461',1),
	(1659,107,X'414F',X'416F6D6F7269',1),
	(1660,107,X'4348',X'4368696261',1),
	(1661,107,X'4548',X'4568696D65',1),
	(1662,107,X'464B',X'46756B7569',1),
	(1663,107,X'4655',X'46756B756F6B61',1),
	(1664,107,X'4653',X'46756B757368696D61',1),
	(1665,107,X'4749',X'47696675',1),
	(1666,107,X'4755',X'47756D6D61',1),
	(1667,107,X'4849',X'4869726F7368696D61',1),
	(1668,107,X'484F',X'486F6B6B6169646F',1),
	(1669,107,X'4859',X'48796F676F',1),
	(1670,107,X'4942',X'49626172616B69',1),
	(1671,107,X'4953',X'497368696B617761',1),
	(1672,107,X'4957',X'4977617465',1),
	(1673,107,X'4B41',X'4B6167617761',1),
	(1674,107,X'4B47',X'4B61676F7368696D61',1),
	(1675,107,X'4B4E',X'4B616E6167617761',1),
	(1676,107,X'4B4F',X'4B6F636869',1),
	(1677,107,X'4B55',X'4B756D616D6F746F',1),
	(1678,107,X'4B59',X'4B796F746F',1),
	(1679,107,X'4D49',X'4D6965',1),
	(1680,107,X'4D59',X'4D6979616769',1),
	(1681,107,X'4D5A',X'4D6979617A616B69',1),
	(1682,107,X'4E41',X'4E6167616E6F',1),
	(1683,107,X'4E47',X'4E61676173616B69',1),
	(1684,107,X'4E52',X'4E617261',1),
	(1685,107,X'4E49',X'4E696967617461',1),
	(1686,107,X'4F49',X'4F697461',1),
	(1687,107,X'4F4B',X'4F6B6179616D61',1),
	(1688,107,X'4F4E',X'4F6B696E617761',1),
	(1689,107,X'4F53',X'4F73616B61',1),
	(1690,107,X'5341',X'53616761',1),
	(1691,107,X'5349',X'53616974616D61',1),
	(1692,107,X'5348',X'5368696761',1),
	(1693,107,X'534D',X'5368696D616E65',1),
	(1694,107,X'535A',X'5368697A756F6B61',1),
	(1695,107,X'544F',X'546F6368696769',1),
	(1696,107,X'5453',X'546F6B757368696D61',1),
	(1697,107,X'544B',X'546F6B796F',1),
	(1698,107,X'5454',X'546F74746F7269',1),
	(1699,107,X'5459',X'546F79616D61',1),
	(1700,107,X'5741',X'57616B6179616D61',1),
	(1701,107,X'5941',X'59616D6167617461',1),
	(1702,107,X'594D',X'59616D616775636869',1),
	(1703,107,X'594E',X'59616D616E61736869',1),
	(1704,108,X'414D',X'27416D6D616E',1),
	(1705,108,X'414A',X'416A6C756E',1),
	(1706,108,X'4141',X'416C2027417161626168',1),
	(1707,108,X'4142',X'416C2042616C716127',1),
	(1708,108,X'414B',X'416C204B6172616B',1),
	(1709,108,X'414C',X'416C204D6166726171',1),
	(1710,108,X'4154',X'417420546166696C6168',1),
	(1711,108,X'415A',X'417A205A6172716127',1),
	(1712,108,X'4952',X'4972626964',1),
	(1713,108,X'4A41',X'4A6172617368',1),
	(1714,108,X'4D41',X'4D6127616E',1),
	(1715,108,X'4D44',X'4D6164616261',1),
	(1716,109,X'414C',X'416C6D617479',1),
	(1717,109,X'4143',X'416C6D6174792043697479',1),
	(1718,109,X'414D',X'41716D6F6C61',1),
	(1719,109,X'4151',X'4171746F6265',1),
	(1720,109,X'4153',X'417374616E612043697479',1),
	(1721,109,X'4154',X'417479726175',1),
	(1722,109,X'4241',X'42617479732051617A61717374616E',1),
	(1723,109,X'4259',X'426179716F6E6779722043697479',1),
	(1724,109,X'4D41',X'4D616E6767687973746175',1),
	(1725,109,X'4F4E',X'4F6E6774757374696B2051617A61717374616E',1),
	(1726,109,X'5041',X'5061766C6F646172',1),
	(1727,109,X'5141',X'516172616768616E6479',1),
	(1728,109,X'514F',X'516F7374616E6179',1),
	(1729,109,X'5159',X'51797A796C6F726461',1),
	(1730,109,X'5348',X'536879676879732051617A61717374616E',1),
	(1731,109,X'534F',X'536F6C74757374696B2051617A61717374616E',1),
	(1732,109,X'5A48',X'5A68616D62796C',1),
	(1733,110,X'4345',X'43656E7472616C',1),
	(1734,110,X'434F',X'436F617374',1),
	(1735,110,X'4541',X'4561737465726E',1),
	(1736,110,X'4E41',X'4E6169726F62692041726561',1),
	(1737,110,X'4E45',X'4E6F727468204561737465726E',1),
	(1738,110,X'4E59',X'4E79616E7A61',1),
	(1739,110,X'5256',X'526966742056616C6C6579',1),
	(1740,110,X'5745',X'5765737465726E',1),
	(1741,111,X'4147',X'41626169616E67',1),
	(1742,111,X'414D',X'4162656D616D61',1),
	(1743,111,X'414B',X'4172616E756B61',1),
	(1744,111,X'414F',X'41726F726165',1),
	(1745,111,X'4241',X'42616E616261',1),
	(1746,111,X'4245',X'42657275',1),
	(1747,111,X'6254',X'42757461726974617269',1),
	(1748,111,X'4B41',X'4B616E746F6E',1),
	(1749,111,X'4B52',X'4B69726974696D617469',1),
	(1750,111,X'4B55',X'4B75726961',1),
	(1751,111,X'4D49',X'4D6169616E61',1),
	(1752,111,X'4D4E',X'4D616B696E',1),
	(1753,111,X'4D45',X'4D6172616B6569',1),
	(1754,111,X'4E49',X'4E696B756E6175',1),
	(1755,111,X'4E4F',X'4E6F6E6F757469',1),
	(1756,111,X'4F4E',X'4F6E6F746F61',1),
	(1757,111,X'5454',X'546162697465756561',1),
	(1758,111,X'5452',X'54616275616572616E',1),
	(1759,111,X'544D',X'54616D616E61',1),
	(1760,111,X'5457',X'546172617761',1),
	(1761,111,X'5445',X'54657261696E61',1),
	(1762,112,X'434841',X'43686167616E672D646F',1),
	(1763,112,X'484142',X'48616D67796F6E672D62756B746F',1),
	(1764,112,X'48414E',X'48616D67796F6E672D6E616D646F',1),
	(1765,112,X'485742',X'4877616E676861652D62756B746F',1),
	(1766,112,X'48574E',X'4877616E676861652D6E616D646F',1),
	(1767,112,X'4B414E',X'4B616E67776F6E2D646F',1),
	(1768,112,X'505942',X'5027796F6E67616E2D62756B746F',1),
	(1769,112,X'50594E',X'5027796F6E67616E2D6E616D646F',1),
	(1770,112,X'59414E',X'5279616E6767616E672D646F202859616E6767616E672D646F29',1),
	(1771,112,X'4E414A',X'5261736F6E204469726563746C7920476F7665726E65642043697479',1),
	(1772,112,X'50594F',X'5027796F6E6779616E67205370656369616C2043697479',1),
	(1773,113,X'434F',X'436827756E676368276F6E672D62756B746F',1),
	(1774,113,X'4348',X'436827756E676368276F6E672D6E616D646F',1),
	(1775,113,X'4344',X'4368656A752D646F',1),
	(1776,113,X'4342',X'43686F6C6C612D62756B746F',1),
	(1777,113,X'434E',X'43686F6C6C612D6E616D646F',1),
	(1778,113,X'4947',X'496E6368276F6E2D6777616E67796F6B7369',1),
	(1779,113,X'4B41',X'4B616E67776F6E2D646F',1),
	(1780,113,X'4B47',X'4B77616E676A752D6777616E67796F6B7369',1),
	(1781,113,X'4B44',X'4B796F6E6767692D646F',1),
	(1782,113,X'4B42',X'4B796F6E6773616E672D62756B746F',1),
	(1783,113,X'4B4E',X'4B796F6E6773616E672D6E616D646F',1),
	(1784,113,X'5047',X'507573616E2D6777616E67796F6B7369',1),
	(1785,113,X'534F',X'536F756C2D7427756B70796F6C7369',1),
	(1786,113,X'5441',X'54616567752D6777616E67796F6B7369',1),
	(1787,113,X'5447',X'5461656A6F6E2D6777616E67796F6B7369',1),
	(1788,114,X'414C',X'416C20274173696D6168',1),
	(1789,114,X'4141',X'416C2041686D616469',1),
	(1790,114,X'4146',X'416C2046617277616E69796168',1),
	(1791,114,X'414A',X'416C204A6168726127',1),
	(1792,114,X'4841',X'486177616C6C69',1),
	(1793,115,X'4742',X'426973686B656B',1),
	(1794,115,X'42',X'4261746B656E',1),
	(1795,115,X'43',X'436875',1),
	(1796,115,X'4A',X'4A616C616C2D41626164',1),
	(1797,115,X'4E',X'4E6172796E',1),
	(1798,115,X'4F',X'4F7368',1),
	(1799,115,X'54',X'54616C6173',1),
	(1800,115,X'59',X'5973796B2D4B6F6C',1),
	(1801,116,X'5654',X'5669656E7469616E65',1),
	(1802,116,X'4154',X'417474617075',1),
	(1803,116,X'424B',X'426F6B656F',1),
	(1804,116,X'424C',X'426F6C696B68616D786169',1),
	(1805,116,X'4348',X'4368616D706173616B',1),
	(1806,116,X'484F',X'486F75617068616E',1),
	(1807,116,X'4B48',X'4B68616D6D6F75616E',1),
	(1808,116,X'4C4D',X'4C6F75616E67204E616D746861',1),
	(1809,116,X'4C50',X'4C6F75616E6770686162616E67',1),
	(1810,116,X'4F55',X'4F75646F6D786169',1),
	(1811,116,X'5048',X'50686F6E6773616C69',1),
	(1812,116,X'534C',X'53616C6176616E',1),
	(1813,116,X'5356',X'536176616E6E616B686574',1),
	(1814,116,X'5649',X'5669656E7469616E65',1),
	(1815,116,X'5841',X'586169676E61626F756C69',1),
	(1816,116,X'5845',X'58656B6F6E67',1),
	(1817,116,X'5849',X'5869616E676B686F616E67',1),
	(1818,116,X'584E',X'586169736F6D626F756E',1),
	(1819,117,X'41495A',X'41697A6B7261756B6C65732052616A6F6E73',1),
	(1820,117,X'414C55',X'416C756B736E65732052616A6F6E73',1),
	(1821,117,X'42414C',X'42616C76752052616A6F6E73',1),
	(1822,117,X'424155',X'426175736B61732052616A6F6E73',1),
	(1823,117,X'434553',X'436573752052616A6F6E73',1),
	(1824,117,X'444752',X'44617567617670696C732052616A6F6E73',1),
	(1825,117,X'444F42',X'446F62656C65732052616A6F6E73',1),
	(1826,117,X'47554C',X'47756C62656E65732052616A6F6E73',1),
	(1827,117,X'4A454B',X'4A656B616270696C732052616A6F6E73',1),
	(1828,117,X'4A4752',X'4A656C67617661732052616A6F6E73',1),
	(1829,117,X'4B5241',X'4B7261736C617661732052616A6F6E73',1),
	(1830,117,X'4B554C',X'4B756C64696761732052616A6F6E73',1),
	(1831,117,X'4C5052',X'4C696570616A61732052616A6F6E73',1),
	(1832,117,X'4C494D',X'4C696D62617A752052616A6F6E73',1),
	(1833,117,X'4C5544',X'4C75647A61732052616A6F6E73',1),
	(1834,117,X'4D4144',X'4D61646F6E61732052616A6F6E73',1),
	(1835,117,X'4F4752',X'4F677265732052616A6F6E73',1),
	(1836,117,X'505245',X'507265696C752052616A6F6E73',1),
	(1837,117,X'525A52',X'52657A656B6E65732052616A6F6E73',1),
	(1838,117,X'524752',X'52696761732052616A6F6E73',1),
	(1839,117,X'53414C',X'53616C6475732052616A6F6E73',1),
	(1840,117,X'54414C',X'54616C73752052616A6F6E73',1),
	(1841,117,X'54554B',X'54756B756D612052616A6F6E73',1),
	(1842,117,X'564C4B',X'56616C6B61732052616A6F6E73',1),
	(1843,117,X'564C4D',X'56616C6D69657261732052616A6F6E73',1),
	(1844,117,X'565352',X'56656E747370696C732052616A6F6E73',1),
	(1845,117,X'444756',X'44617567617670696C73',1),
	(1846,117,X'4A4756',X'4A656C67617661',1),
	(1847,117,X'4A5552',X'4A75726D616C61',1),
	(1848,117,X'4C504B',X'4C696570616A61',1),
	(1849,117,X'525A4B',X'52657A656B6E65',1),
	(1850,117,X'524741',X'52696761',1),
	(1851,117,X'56534C',X'56656E747370696C73',1),
	(1852,119,X'4245',X'4265726561',1),
	(1853,119,X'4242',X'42757468612D4275746865',1),
	(1854,119,X'4C45',X'4C6572696265',1),
	(1855,119,X'4D46',X'4D61666574656E67',1),
	(1856,119,X'4D53',X'4D6173657275',1),
	(1857,119,X'4D48',X'4D6F68616C65277320486F656B',1),
	(1858,119,X'4D4B',X'4D6F6B686F746C6F6E67',1),
	(1859,119,X'514E',X'51616368612773204E656B',1),
	(1860,119,X'5154',X'51757468696E67',1),
	(1861,119,X'5454',X'54686162612D5473656B61',1),
	(1862,120,X'4249',X'426F6D69',1),
	(1863,120,X'4247',X'426F6E67',1),
	(1864,120,X'4742',X'4772616E64204261737361',1),
	(1865,120,X'434D',X'4772616E642043617065204D6F756E74',1),
	(1866,120,X'4747',X'4772616E64204765646568',1),
	(1867,120,X'474B',X'4772616E64204B7275',1),
	(1868,120,X'4C4F',X'4C6F6661',1),
	(1869,120,X'4D47',X'4D617267696269',1),
	(1870,120,X'4D4C',X'4D6172796C616E64',1),
	(1871,120,X'4D53',X'4D6F6E747365727261646F',1),
	(1872,120,X'4E42',X'4E696D6261',1),
	(1873,120,X'5243',X'52697665722043657373',1),
	(1874,120,X'534E',X'53696E6F65',1),
	(1875,121,X'414A',X'416A646162697961',1),
	(1876,121,X'415A',X'416C2027417A697A69796168',1),
	(1877,121,X'4641',X'416C204661746968',1),
	(1878,121,X'4A41',X'416C204A6162616C20616C20416B68646172',1),
	(1879,121,X'4A55',X'416C204A7566726168',1),
	(1880,121,X'4B48',X'416C204B68756D73',1),
	(1881,121,X'4B55',X'416C204B7566726168',1),
	(1882,121,X'4E4B',X'416E204E7571617420616C204B68616D73',1),
	(1883,121,X'4153',X'41736820536861746927',1),
	(1884,121,X'4157',X'417762617269',1),
	(1885,121,X'5A41',X'417A205A617769796168',1),
	(1886,121,X'4241',X'42616E6768617A69',1),
	(1887,121,X'4441',X'4461726E6168',1),
	(1888,121,X'4744',X'47686164616D6973',1),
	(1889,121,X'4759',X'4768617279616E',1),
	(1890,121,X'4D49',X'4D69737261746168',1),
	(1891,121,X'4D5A',X'4D75727A7571',1),
	(1892,121,X'5342',X'5361626861',1),
	(1893,121,X'5357',X'53617766616A6A696E',1),
	(1894,121,X'5355',X'53757274',1),
	(1895,121,X'544C',X'5461726162756C75732028547269706F6C6929',1),
	(1896,121,X'5448',X'54617268756E6168',1),
	(1897,121,X'5455',X'547562727571',1),
	(1898,121,X'5941',X'59616672616E',1),
	(1899,121,X'5A4C',X'5A6C6974616E',1),
	(1900,122,X'56',X'566164757A',1),
	(1901,122,X'41',X'53636861616E',1),
	(1902,122,X'42',X'42616C7A657273',1),
	(1903,122,X'4E',X'5472696573656E',1),
	(1904,122,X'45',X'45736368656E',1),
	(1905,122,X'4D',X'4D617572656E',1),
	(1906,122,X'54',X'5472696573656E62657267',1),
	(1907,122,X'52',X'52756767656C6C',1),
	(1908,122,X'47',X'47616D7072696E',1),
	(1909,122,X'4C',X'536368656C6C656E62657267',1),
	(1910,122,X'50',X'506C616E6B656E',1),
	(1911,123,X'414C',X'416C79747573',1),
	(1912,123,X'4B41',X'4B61756E6173',1),
	(1913,123,X'4B4C',X'4B6C616970656461',1),
	(1914,123,X'4D41',X'4D6172696A616D706F6C65',1),
	(1915,123,X'5041',X'50616E6576657A7973',1),
	(1916,123,X'5349',X'536961756C696169',1),
	(1917,123,X'5441',X'54617572616765',1),
	(1918,123,X'5445',X'54656C73696169',1),
	(1919,123,X'5554',X'5574656E61',1),
	(1920,123,X'5649',X'56696C6E697573',1),
	(1921,124,X'4444',X'4469656B69726368',1),
	(1922,124,X'4443',X'436C657276617578',1),
	(1923,124,X'4452',X'526564616E6765',1),
	(1924,124,X'4456',X'5669616E64656E',1),
	(1925,124,X'4457',X'57696C747A',1),
	(1926,124,X'4747',X'47726576656E6D6163686572',1),
	(1927,124,X'4745',X'4563687465726E616368',1),
	(1928,124,X'4752',X'52656D696368',1),
	(1929,124,X'4C4C',X'4C7578656D626F757267',1),
	(1930,124,X'4C43',X'436170656C6C656E',1),
	(1931,124,X'4C45',X'457363682D7375722D416C7A65747465',1),
	(1932,124,X'4C4D',X'4D6572736368',1),
	(1933,125,X'4F4C46',X'4F7572204C61647920466174696D6120506172697368',1),
	(1934,125,X'414E54',X'53742E20416E74686F6E7920506172697368',1),
	(1935,125,X'4C415A',X'53742E204C617A6172757320506172697368',1),
	(1936,125,X'434154',X'43617468656472616C20506172697368',1),
	(1937,125,X'4C4157',X'53742E204C617772656E636520506172697368',1),
	(1938,127,X'414E',X'416E74616E616E617269766F',1),
	(1939,127,X'4153',X'416E74736972616E616E61',1),
	(1940,127,X'464E',X'4669616E6172616E74736F61',1),
	(1941,127,X'4D4A',X'4D6168616A616E6761',1),
	(1942,127,X'544D',X'546F616D6173696E61',1),
	(1943,127,X'544C',X'546F6C69617261',1),
	(1944,128,X'424C4B',X'42616C616B61',1),
	(1945,128,X'424C54',X'426C616E74797265',1),
	(1946,128,X'434B57',X'4368696B77617761',1),
	(1947,128,X'435244',X'4368697261647A756C75',1),
	(1948,128,X'435450',X'43686974697061',1),
	(1949,128,X'44445A',X'4465647A61',1),
	(1950,128,X'445741',X'446F7761',1),
	(1951,128,X'4B5247',X'4B61726F6E6761',1),
	(1952,128,X'4B5347',X'4B6173756E6775',1),
	(1953,128,X'4C4B4D',X'4C696B6F6D61',1),
	(1954,128,X'4C4C47',X'4C696C6F6E677765',1),
	(1955,128,X'4D4347',X'4D616368696E6761',1),
	(1956,128,X'4D4743',X'4D616E676F636869',1),
	(1957,128,X'4D4348',X'4D6368696E6A69',1),
	(1958,128,X'4D4C4A',X'4D756C616E6A65',1),
	(1959,128,X'4D575A',X'4D77616E7A61',1),
	(1960,128,X'4D5A4D',X'4D7A696D6261',1),
	(1961,128,X'4E5455',X'4E7463686575',1),
	(1962,128,X'4E4B42',X'4E6B6861746120426179',1),
	(1963,128,X'4E4B48',X'4E6B686F74616B6F7461',1),
	(1964,128,X'4E534A',X'4E73616E6A65',1),
	(1965,128,X'4E5449',X'4E746368697369',1),
	(1966,128,X'50484C',X'5068616C6F6D6265',1),
	(1967,128,X'524D50',X'52756D706869',1),
	(1968,128,X'534C4D',X'53616C696D61',1),
	(1969,128,X'544859',X'5468796F6C6F',1),
	(1970,128,X'5A4241',X'5A6F6D6261',1),
	(1971,129,X'4A4F',X'4A6F686F72',1),
	(1972,129,X'4B45',X'4B65646168',1),
	(1973,129,X'4B4C',X'4B656C616E74616E',1),
	(1974,129,X'4C41',X'4C616275616E',1),
	(1975,129,X'4D45',X'4D656C616B61',1),
	(1976,129,X'4E53',X'4E65676572692053656D62696C616E',1),
	(1977,129,X'5041',X'506168616E67',1),
	(1978,129,X'5045',X'506572616B',1),
	(1979,129,X'5052',X'5065726C6973',1),
	(1980,129,X'5050',X'50756C61752050696E616E67',1),
	(1981,129,X'5341',X'5361626168',1),
	(1982,129,X'5352',X'5361726177616B',1),
	(1983,129,X'5345',X'53656C616E676F72',1),
	(1984,129,X'5445',X'546572656E6767616E75',1),
	(1985,129,X'5750',X'57696C617961682050657273656B757475616E',1),
	(1986,130,X'544855',X'5468696C616468756E6D6174686920557468757275',1),
	(1987,130,X'544844',X'5468696C616468756E6D61746869204468656B756E75',1),
	(1988,130,X'4D4C55',X'4D696C616468756E6D6164756C7520557468757275',1),
	(1989,130,X'4D4C44',X'4D696C616468756E6D6164756C75204468656B756E75',1),
	(1990,130,X'4D4155',X'4D61616C686F736D6164756C7520557468757275',1),
	(1991,130,X'4D4144',X'4D61616C686F736D6164756C75204468656B756E75',1),
	(1992,130,X'464141',X'46616164686970706F6C6875',1),
	(1993,130,X'4D4141',X'4D616C652041746F6C6C',1),
	(1994,130,X'414155',X'4172692041746F6C6C20557468757275',1),
	(1995,130,X'414144',X'4172692041746F6C6C204468656B6E75',1),
	(1996,130,X'464541',X'46656C696468652041746F6C6C',1),
	(1997,130,X'4D5541',X'4D756C616B752041746F6C6C',1),
	(1998,130,X'4E4155',X'4E696C616E6468652041746F6C6C20557468757275',1),
	(1999,130,X'4E4144',X'4E696C616E6468652041746F6C6C204468656B756E75',1),
	(2000,130,X'4B4C48',X'4B6F6C68756D6164756C75',1),
	(2001,130,X'484448',X'486164686468756E6D61746869',1),
	(2002,130,X'484155',X'487576616468752041746F6C6C20557468757275',1),
	(2003,130,X'484144',X'487576616468752041746F6C6C204468656B756E75',1),
	(2004,130,X'464D55',X'467561204D756C616B75',1),
	(2005,130,X'414444',X'41646475',1),
	(2006,131,X'4741',X'47616F',1),
	(2007,131,X'4B59',X'4B61796573',1),
	(2008,131,X'4B44',X'4B6964616C',1),
	(2009,131,X'4B4C',X'4B6F756C696B6F726F',1),
	(2010,131,X'4D50',X'4D6F707469',1),
	(2011,131,X'5347',X'5365676F75',1),
	(2012,131,X'534B',X'53696B6173736F',1),
	(2013,131,X'5442',X'546F6D626F7563746F75',1),
	(2014,131,X'4344',X'42616D616B6F204361706974616C204469737472696374',1),
	(2015,132,X'415454',X'417474617264',1),
	(2016,132,X'42414C',X'42616C7A616E',1),
	(2017,132,X'424755',X'4269726775',1),
	(2018,132,X'424B4B',X'4269726B69726B617261',1),
	(2019,132,X'42525A',X'4269727A656262756761',1),
	(2020,132,X'424F52',X'426F726D6C61',1),
	(2021,132,X'44494E',X'44696E676C69',1),
	(2022,132,X'464755',X'4667757261',1),
	(2023,132,X'464C4F',X'466C6F7269616E61',1),
	(2024,132,X'47444A',X'4775646A61',1),
	(2025,132,X'475A52',X'477A697261',1),
	(2026,132,X'475247',X'476172677572',1),
	(2027,132,X'475851',X'4761786171',1),
	(2028,132,X'484D52',X'48616D72756E',1),
	(2029,132,X'494B4C',X'496B6C696E',1),
	(2030,132,X'49534C',X'49736C61',1),
	(2031,132,X'4B4C4B',X'4B616C6B617261',1),
	(2032,132,X'4B524B',X'4B69726B6F70',1),
	(2033,132,X'4C494A',X'4C696A61',1),
	(2034,132,X'4C5551',X'4C757161',1),
	(2035,132,X'4D5253',X'4D61727361',1),
	(2036,132,X'4D4B4C',X'4D61727361736B616C61',1),
	(2037,132,X'4D584C',X'4D61727361786C6F6B6B',1),
	(2038,132,X'4D444E',X'4D64696E61',1),
	(2039,132,X'4D454C',X'4D656C6C696561',1),
	(2040,132,X'4D4752',X'4D67617272',1),
	(2041,132,X'4D5354',X'4D6F737461',1),
	(2042,132,X'4D5141',X'4D7161626261',1),
	(2043,132,X'4D5349',X'4D73696461',1),
	(2044,132,X'4D5446',X'4D7461726661',1),
	(2045,132,X'4E4158',X'4E6178786172',1),
	(2046,132,X'50414F',X'50616F6C61',1),
	(2047,132,X'50454D',X'50656D62726F6B65',1),
	(2048,132,X'504945',X'5069657461',1),
	(2049,132,X'514F52',X'516F726D69',1),
	(2050,132,X'515245',X'5172656E6469',1),
	(2051,132,X'524142',X'5261626174',1),
	(2052,132,X'534146',X'53616669',1),
	(2053,132,X'534749',X'53616E2047696C6A616E',1),
	(2054,132,X'534C55',X'53616E7461204C7563696A61',1),
	(2055,132,X'535042',X'53616E205061776C20696C2D4261686172',1),
	(2056,132,X'534757',X'53616E204777616E6E',1),
	(2057,132,X'535645',X'53616E74612056656E657261',1),
	(2058,132,X'534947',X'5369676769657769',1),
	(2059,132,X'534C4D',X'536C69656D61',1),
	(2060,132,X'535751',X'537769657169',1),
	(2061,132,X'545842',X'5461205862696578',1),
	(2062,132,X'545258',X'5461727869656E',1),
	(2063,132,X'564C54',X'56616C6C65747461',1),
	(2064,132,X'58474A',X'5867616A7261',1),
	(2065,132,X'5A4252',X'5A6162626172',1),
	(2066,132,X'5A4247',X'5A6562627567',1),
	(2067,132,X'5A4A54',X'5A656A74756E',1),
	(2068,132,X'5A5251',X'5A757272696571',1),
	(2069,132,X'464E54',X'466F6E74616E61',1),
	(2070,132,X'47484A',X'4768616A6E7369656C656D',1),
	(2071,132,X'474852',X'4768617262',1),
	(2072,132,X'474853',X'476861737269',1),
	(2073,132,X'4B5243',X'4B657263656D',1),
	(2074,132,X'4D554E',X'4D756E786172',1),
	(2075,132,X'4E4144',X'4E61647572',1),
	(2076,132,X'51414C',X'51616C61',1),
	(2077,132,X'564943',X'566963746F726961',1),
	(2078,132,X'534C41',X'53616E204C617772656E7A',1),
	(2079,132,X'534E54',X'53616E6E6174',1),
	(2080,132,X'5A4147',X'5861677261',1),
	(2081,132,X'584557',X'5865776B696A61',1),
	(2082,132,X'5A4542',X'5A6562627567',1),
	(2083,133,X'414C47',X'41696C696E67696E6165',1),
	(2084,133,X'414C4C',X'41696C696E676C61706C6170',1),
	(2085,133,X'414C4B',X'41696C756B',1),
	(2086,133,X'41524E',X'41726E6F',1),
	(2087,133,X'415552',X'417572',1),
	(2088,133,X'424B52',X'42696B6172',1),
	(2089,133,X'424B4E',X'42696B696E69',1),
	(2090,133,X'424B4B',X'426F6B616B',1),
	(2091,133,X'45424E',X'45626F6E',1),
	(2092,133,X'454E54',X'456E65776574616B',1),
	(2093,133,X'454B42',X'4572696B7562',1),
	(2094,133,X'4A4254',X'4A61626174',1),
	(2095,133,X'4A4C54',X'4A616C756974',1),
	(2096,133,X'4A454D',X'4A656D6F',1),
	(2097,133,X'4B494C',X'4B696C69',1),
	(2098,133,X'4B574A',X'4B77616A616C65696E',1),
	(2099,133,X'4C4145',X'4C6165',1),
	(2100,133,X'4C4942',X'4C6962',1),
	(2101,133,X'4C4B50',X'4C696B696570',1),
	(2102,133,X'4D4A52',X'4D616A75726F',1),
	(2103,133,X'4D4C50',X'4D616C6F656C6170',1),
	(2104,133,X'4D4A54',X'4D656A6974',1),
	(2105,133,X'4D494C',X'4D696C69',1),
	(2106,133,X'4E4D4B',X'4E616D6F72696B',1),
	(2107,133,X'4E414D',X'4E616D75',1),
	(2108,133,X'52474C',X'526F6E67656C6170',1),
	(2109,133,X'52474B',X'526F6E6772696B',1),
	(2110,133,X'544F4B',X'546F6B65',1),
	(2111,133,X'554A41',X'556A6165',1),
	(2112,133,X'554A4C',X'556A656C616E67',1),
	(2113,133,X'55544B',X'55746972696B',1),
	(2114,133,X'575448',X'576F74686F',1),
	(2115,133,X'57544A',X'576F746A65',1),
	(2116,135,X'4144',X'4164726172',1),
	(2117,135,X'4153',X'417373616261',1),
	(2118,135,X'4252',X'4272616B6E61',1),
	(2119,135,X'444E',X'44616B686C6574204E6F7561646869626F75',1),
	(2120,135,X'474F',X'476F72676F6C',1),
	(2121,135,X'474D',X'47756964696D616B61',1),
	(2122,135,X'4843',X'486F6468204563682043686172677569',1),
	(2123,135,X'4847',X'486F646820456C20476861726269',1),
	(2124,135,X'494E',X'496E6368697269',1),
	(2125,135,X'5441',X'546167616E74',1),
	(2126,135,X'545A',X'5469726973205A656D6D6F7572',1),
	(2127,135,X'5452',X'547261727A61',1),
	(2128,135,X'4E4F',X'4E6F75616B63686F7474',1),
	(2129,136,X'4252',X'426561752042617373696E2D526F73652048696C6C',1),
	(2130,136,X'4355',X'4375726570697065',1),
	(2131,136,X'5055',X'506F7274204C6F756973',1),
	(2132,136,X'5142',X'51756174726520426F726E6573',1),
	(2133,136,X'5650',X'5661636F61732D50686F656E6978',1),
	(2134,136,X'4147',X'4167616C6567612049736C616E6473',1),
	(2135,136,X'4343',X'4361726761646F7320436172616A6F732053686F616C7320285361696E74204272616E646F6E2049736C616E647329',1),
	(2136,136,X'524F',X'526F64726967756573',1),
	(2137,136,X'424C',X'426C61636B205269766572',1),
	(2138,136,X'464C',X'466C616371',1),
	(2139,136,X'4750',X'4772616E6420506F7274',1),
	(2140,136,X'4D4F',X'4D6F6B61',1),
	(2141,136,X'5041',X'50616D706C656D6F7573736573',1),
	(2142,136,X'5057',X'506C61696E65732057696C68656D73',1),
	(2143,136,X'504C',X'506F7274204C6F756973',1),
	(2144,136,X'5252',X'526976696572652064752052656D70617274',1),
	(2145,136,X'5341',X'536176616E6E65',1),
	(2146,138,X'424E',X'42616A612043616C69666F726E6961204E6F727465',1),
	(2147,138,X'4253',X'42616A612043616C69666F726E696120537572',1),
	(2148,138,X'4341',X'43616D7065636865',1),
	(2149,138,X'4349',X'43686961706173',1),
	(2150,138,X'4348',X'436869687561687561',1),
	(2151,138,X'435A',X'436F616875696C61206465205A617261676F7A61',1),
	(2152,138,X'434C',X'436F6C696D61',1),
	(2153,138,X'4446',X'446973747269746F204665646572616C',1),
	(2154,138,X'4455',X'447572616E676F',1),
	(2155,138,X'4741',X'4775616E616A7561746F',1),
	(2156,138,X'4745',X'477565727265726F',1),
	(2157,138,X'4849',X'486964616C676F',1),
	(2158,138,X'4A41',X'4A616C6973636F',1),
	(2159,138,X'4D45',X'4D657869636F',1),
	(2160,138,X'4D49',X'4D6963686F6163616E206465204F63616D706F',1),
	(2161,138,X'4D4F',X'4D6F72656C6F73',1),
	(2162,138,X'4E41',X'4E617961726974',1),
	(2163,138,X'4E4C',X'4E7565766F204C656F6E',1),
	(2164,138,X'4F41',X'4F6178616361',1),
	(2165,138,X'5055',X'507565626C61',1),
	(2166,138,X'5141',X'51756572657461726F2064652041727465616761',1),
	(2167,138,X'5152',X'5175696E74616E6120526F6F',1),
	(2168,138,X'5341',X'53616E204C75697320506F746F7369',1),
	(2169,138,X'5349',X'53696E616C6F61',1),
	(2170,138,X'534F',X'536F6E6F7261',1),
	(2171,138,X'5442',X'5461626173636F',1),
	(2172,138,X'544D',X'54616D61756C69706173',1),
	(2173,138,X'544C',X'546C617863616C61',1),
	(2174,138,X'5645',X'566572616372757A2D4C6C617665',1),
	(2175,138,X'5955',X'5975636174616E',1),
	(2176,138,X'5A41',X'5A6163617465636173',1),
	(2177,139,X'43',X'436875756B',1),
	(2178,139,X'4B',X'4B6F73726165',1),
	(2179,139,X'50',X'506F686E706569',1),
	(2180,139,X'59',X'596170',1),
	(2181,140,X'4741',X'47616761757A6961',1),
	(2182,140,X'4355',X'43686973696E6175',1),
	(2183,140,X'4241',X'42616C7469',1),
	(2184,140,X'4341',X'436168756C',1),
	(2185,140,X'4544',X'4564696E6574',1),
	(2186,140,X'4C41',X'4C617075736E61',1),
	(2187,140,X'4F52',X'4F72686569',1),
	(2188,140,X'534F',X'536F726F6361',1),
	(2189,140,X'5449',X'54696768696E61',1),
	(2190,140,X'554E',X'556E6768656E69',1),
	(2191,140,X'534E',X'5374E2809A6E6761204E69737472756C7569',1),
	(2192,141,X'4656',X'466F6E74766965696C6C65',1),
	(2193,141,X'4C43',X'4C6120436F6E64616D696E65',1),
	(2194,141,X'4D56',X'4D6F6E61636F2D56696C6C65',1),
	(2195,141,X'4D43',X'4D6F6E74652D4361726C6F',1),
	(2196,142,X'31',X'556C616E626161746172',1),
	(2197,142,X'303335',X'4F72686F6E',1),
	(2198,142,X'303337',X'44617268616E2075756C',1),
	(2199,142,X'303339',X'48656E746979',1),
	(2200,142,X'303431',X'486F7673676F6C',1),
	(2201,142,X'303433',X'486F7664',1),
	(2202,142,X'303436',X'557673',1),
	(2203,142,X'303437',X'546F76',1),
	(2204,142,X'303439',X'53656C656E6765',1),
	(2205,142,X'303531',X'537568626161746172',1),
	(2206,142,X'303533',X'4F6D6E6F676F7669',1),
	(2207,142,X'303535',X'4F766F7268616E676179',1),
	(2208,142,X'303537',X'447A617668616E',1),
	(2209,142,X'303539',X'44756E64676F764C',1),
	(2210,142,X'303631',X'446F726E6F64',1),
	(2211,142,X'303633',X'446F726E6F676F76',1),
	(2212,142,X'303634',X'476F76692D53756D626572',1),
	(2213,142,X'303635',X'476F76692D416C746179',1),
	(2214,142,X'303637',X'42756C67616E',1),
	(2215,142,X'303639',X'426179616E686F6E676F72',1),
	(2216,142,X'303731',X'426179616E2D4F6C676979',1),
	(2217,142,X'303733',X'417268616E676179',1),
	(2218,143,X'41',X'5361696E7420416E74686F6E79',1),
	(2219,143,X'47',X'5361696E742047656F72676573',1),
	(2220,143,X'50',X'5361696E74205065746572',1),
	(2221,144,X'414744',X'416761646972',1),
	(2222,144,X'484F43',X'416C20486F6365696D61',1),
	(2223,144,X'415A49',X'417A696C616C',1),
	(2224,144,X'424D45',X'42656E69204D656C6C616C',1),
	(2225,144,X'42534C',X'42656E20536C696D616E65',1),
	(2226,144,X'424C4D',X'426F756C656D616E65',1),
	(2227,144,X'43424C',X'43617361626C616E6361',1),
	(2228,144,X'434841',X'4368616F75656E',1),
	(2229,144,X'454A41',X'456C204A6164696461',1),
	(2230,144,X'454B53',X'456C204B656C6161206465732053726167686E61',1),
	(2231,144,X'455241',X'4572205261636869646961',1),
	(2232,144,X'455353',X'457373616F75697261',1),
	(2233,144,X'464553',X'466573',1),
	(2234,144,X'464947',X'466967756967',1),
	(2235,144,X'474C4D',X'4775656C6D696D',1),
	(2236,144,X'494652',X'496672616E65',1),
	(2237,144,X'4B454E',X'4B656E69747261',1),
	(2238,144,X'4B484D',X'4B68656D6973736574',1),
	(2239,144,X'4B484E',X'4B68656E69667261',1),
	(2240,144,X'4B484F',X'4B686F757269626761',1),
	(2241,144,X'4C594E',X'4C6161796F756E65',1),
	(2242,144,X'4C4152',X'4C617261636865',1),
	(2243,144,X'4D524B',X'4D617272616B656368',1),
	(2244,144,X'4D4B4E',X'4D656B6E6573',1),
	(2245,144,X'4E4144',X'4E61646F72',1),
	(2246,144,X'4F525A',X'4F7561727A617A617465',1),
	(2247,144,X'4F554A',X'4F756A6461',1),
	(2248,144,X'525341',X'52616261742D53616C65',1),
	(2249,144,X'534146',X'53616669',1),
	(2250,144,X'534554',X'536574746174',1),
	(2251,144,X'534B41',X'53696469204B6163656D',1),
	(2252,144,X'544752',X'54616E67696572',1),
	(2253,144,X'54414E',X'54616E2D54616E',1),
	(2254,144,X'54414F',X'54616F756E617465',1),
	(2255,144,X'545244',X'5461726F7564616E6E74',1),
	(2256,144,X'544154',X'54617461',1),
	(2257,144,X'54415A',X'54617A61',1),
	(2258,144,X'544554',X'5465746F75616E',1),
	(2259,144,X'54495A',X'54697A6E6974',1),
	(2260,144,X'41444B',X'41642044616B686C61',1),
	(2261,144,X'424A44',X'426F756A646F7572',1),
	(2262,144,X'45534D',X'457320536D617261',1),
	(2263,145,X'4344',X'4361626F2044656C6761646F',1),
	(2264,145,X'475A',X'47617A61',1),
	(2265,145,X'494E',X'496E68616D62616E65',1),
	(2266,145,X'4D4E',X'4D616E696361',1),
	(2267,145,X'4D43',X'4D617075746F20286369747929',1),
	(2268,145,X'4D50',X'4D617075746F',1),
	(2269,145,X'4E41',X'4E616D70756C61',1),
	(2270,145,X'4E49',X'4E6961737361',1),
	(2271,145,X'534F',X'536F66616C61',1),
	(2272,145,X'5445',X'54657465',1),
	(2273,145,X'5A41',X'5A616D62657A6961',1),
	(2274,146,X'4159',X'41796579617277616479',1),
	(2275,146,X'4247',X'4261676F',1),
	(2276,146,X'4D47',X'4D6167776179',1),
	(2277,146,X'4D44',X'4D616E64616C6179',1),
	(2278,146,X'5347',X'53616761696E67',1),
	(2279,146,X'544E',X'54616E696E746861727969',1),
	(2280,146,X'5947',X'59616E676F6E',1),
	(2281,146,X'4348',X'4368696E205374617465',1),
	(2282,146,X'4B43',X'4B616368696E205374617465',1),
	(2283,146,X'4B48',X'4B61796168205374617465',1),
	(2284,146,X'4B4E',X'4B6179696E205374617465',1),
	(2285,146,X'4D4E',X'4D6F6E205374617465',1),
	(2286,146,X'524B',X'52616B68696E65205374617465',1),
	(2287,146,X'5348',X'5368616E205374617465',1),
	(2288,147,X'4341',X'43617072697669',1),
	(2289,147,X'4552',X'45726F6E676F',1),
	(2290,147,X'4841',X'486172646170',1),
	(2291,147,X'4B52',X'4B61726173',1),
	(2292,147,X'4B56',X'4B6176616E676F',1),
	(2293,147,X'4B48',X'4B686F6D6173',1),
	(2294,147,X'4B55',X'4B756E656E65',1),
	(2295,147,X'4F57',X'4F68616E6777656E61',1),
	(2296,147,X'4F4B',X'4F6D6168656B65',1),
	(2297,147,X'4F54',X'4F6D7573617469',1),
	(2298,147,X'4F4E',X'4F7368616E61',1),
	(2299,147,X'4F4F',X'4F7368696B6F746F',1),
	(2300,147,X'4F4A',X'4F746A6F7A6F6E646A757061',1),
	(2301,148,X'414F',X'4169776F',1),
	(2302,148,X'4141',X'416E61626172',1),
	(2303,148,X'4154',X'416E6574616E',1),
	(2304,148,X'4149',X'416E6962617265',1),
	(2305,148,X'4241',X'4261697469',1),
	(2306,148,X'424F',X'426F65',1),
	(2307,148,X'4255',X'4275616461',1),
	(2308,148,X'4445',X'44656E69676F6D6F6475',1),
	(2309,148,X'4557',X'457761',1),
	(2310,148,X'494A',X'496A7577',1),
	(2311,148,X'4D45',X'4D656E656E67',1),
	(2312,148,X'4E49',X'4E69626F6B',1),
	(2313,148,X'5541',X'5561626F65',1),
	(2314,148,X'5941',X'596172656E',1),
	(2315,149,X'4241',X'4261676D617469',1),
	(2316,149,X'4248',X'4268657269',1),
	(2317,149,X'4448',X'44686177616C6167697269',1),
	(2318,149,X'4741',X'47616E64616B69',1),
	(2319,149,X'4A41',X'4A616E616B707572',1),
	(2320,149,X'4B41',X'4B61726E616C69',1),
	(2321,149,X'4B4F',X'4B6F7369',1),
	(2322,149,X'4C55',X'4C756D62696E69',1),
	(2323,149,X'4D41',X'4D6168616B616C69',1),
	(2324,149,X'4D45',X'4D65636869',1),
	(2325,149,X'4E41',X'4E61726179616E69',1),
	(2326,149,X'5241',X'5261707469',1),
	(2327,149,X'5341',X'53616761726D61746861',1),
	(2328,149,X'5345',X'53657469',1),
	(2329,150,X'4452',X'4472656E746865',1),
	(2330,150,X'464C',X'466C65766F6C616E64',1),
	(2331,150,X'4652',X'46726965736C616E64',1),
	(2332,150,X'4745',X'47656C6465726C616E64',1),
	(2333,150,X'4752',X'47726F6E696E67656E',1),
	(2334,150,X'4C49',X'4C696D62757267',1),
	(2335,150,X'4E42',X'4E6F6F72642042726162616E74',1),
	(2336,150,X'4E48',X'4E6F6F726420486F6C6C616E64',1),
	(2337,150,X'4F56',X'4F766572696A7373656C',1),
	(2338,150,X'5554',X'55747265636874',1),
	(2339,150,X'5A45',X'5A65656C616E64',1),
	(2340,150,X'5A48',X'5A75696420486F6C6C616E64',1),
	(2341,152,X'4C',X'496C6573204C6F7961757465',1),
	(2342,152,X'4E',X'4E6F7264',1),
	(2343,152,X'53',X'537564',1),
	(2344,153,X'41554B',X'4175636B6C616E64',1),
	(2345,153,X'424F50',X'426179206F6620506C656E7479',1),
	(2346,153,X'43414E',X'43616E74657262757279',1),
	(2347,153,X'434F52',X'436F726F6D616E64656C',1),
	(2348,153,X'474953',X'476973626F726E65',1),
	(2349,153,X'46494F',X'46696F72646C616E64',1),
	(2350,153,X'484B42',X'4861776B65277320426179',1),
	(2351,153,X'4D4248',X'4D61726C626F726F756768',1),
	(2352,153,X'4D5754',X'4D616E61776174752D57616E67616E7569',1),
	(2353,153,X'4D434D',X'4D7420436F6F6B2D4D61636B656E7A6965',1),
	(2354,153,X'4E534E',X'4E656C736F6E',1),
	(2355,153,X'4E544C',X'4E6F7274686C616E64',1),
	(2356,153,X'4F5441',X'4F7461676F',1),
	(2357,153,X'53544C',X'536F7574686C616E64',1),
	(2358,153,X'544B49',X'546172616E616B69',1),
	(2359,153,X'57474E',X'57656C6C696E67746F6E',1),
	(2360,153,X'574B4F',X'5761696B61746F',1),
	(2361,153,X'574149',X'5761697270726172617061',1),
	(2362,153,X'575443',X'5765737420436F617374',1),
	(2363,154,X'414E',X'41746C616E7469636F204E6F727465',1),
	(2364,154,X'4153',X'41746C616E7469636F20537572',1),
	(2365,154,X'424F',X'426F61636F',1),
	(2366,154,X'4341',X'436172617A6F',1),
	(2367,154,X'4349',X'4368696E616E64656761',1),
	(2368,154,X'434F',X'43686F6E74616C6573',1),
	(2369,154,X'4553',X'457374656C69',1),
	(2370,154,X'4752',X'4772616E616461',1),
	(2371,154,X'4A49',X'4A696E6F74656761',1),
	(2372,154,X'4C45',X'4C656F6E',1),
	(2373,154,X'4D44',X'4D616472697A',1),
	(2374,154,X'4D4E',X'4D616E61677561',1),
	(2375,154,X'4D53',X'4D6173617961',1),
	(2376,154,X'4D54',X'4D61746167616C7061',1),
	(2377,154,X'4E53',X'4E7565766F205365676F766961',1),
	(2378,154,X'5253',X'52696F2053616E204A75616E',1),
	(2379,154,X'5249',X'5269766173',1),
	(2380,155,X'4147',X'41676164657A',1),
	(2381,155,X'4446',X'4469666661',1),
	(2382,155,X'4453',X'446F73736F',1),
	(2383,155,X'4D41',X'4D6172616469',1),
	(2384,155,X'4E4D',X'4E69616D6579',1),
	(2385,155,X'5448',X'5461686F7561',1),
	(2386,155,X'544C',X'54696C6C6162657269',1),
	(2387,155,X'5A44',X'5A696E646572',1),
	(2388,156,X'4142',X'41626961',1),
	(2389,156,X'4354',X'4162756A61204665646572616C204361706974616C205465727269746F7279',1),
	(2390,156,X'4144',X'4164616D617761',1),
	(2391,156,X'414B',X'416B77612049626F6D',1),
	(2392,156,X'414E',X'416E616D627261',1),
	(2393,156,X'4243',X'426175636869',1),
	(2394,156,X'4259',X'426179656C7361',1),
	(2395,156,X'424E',X'42656E7565',1),
	(2396,156,X'424F',X'426F726E6F',1),
	(2397,156,X'4352',X'43726F7373205269766572',1),
	(2398,156,X'4445',X'44656C7461',1),
	(2399,156,X'4542',X'45626F6E7969',1),
	(2400,156,X'4544',X'45646F',1),
	(2401,156,X'454B',X'456B697469',1),
	(2402,156,X'454E',X'456E756775',1),
	(2403,156,X'474F',X'476F6D6265',1),
	(2404,156,X'494D',X'496D6F',1),
	(2405,156,X'4A49',X'4A6967617761',1),
	(2406,156,X'4B44',X'4B6164756E61',1),
	(2407,156,X'4B4E',X'4B616E6F',1),
	(2408,156,X'4B54',X'4B617473696E61',1),
	(2409,156,X'4B45',X'4B65626269',1),
	(2410,156,X'4B4F',X'4B6F6769',1),
	(2411,156,X'4B57',X'4B77617261',1),
	(2412,156,X'4C41',X'4C61676F73',1),
	(2413,156,X'4E41',X'4E6173736172617761',1),
	(2414,156,X'4E49',X'4E69676572',1),
	(2415,156,X'4F47',X'4F67756E',1),
	(2416,156,X'4F4E47',X'4F6E646F',1),
	(2417,156,X'4F53',X'4F73756E',1),
	(2418,156,X'4F59',X'4F796F',1),
	(2419,156,X'504C',X'506C6174656175',1),
	(2420,156,X'5249',X'526976657273',1),
	(2421,156,X'534F',X'536F6B6F746F',1),
	(2422,156,X'5441',X'546172616261',1),
	(2423,156,X'594F',X'596F6265',1),
	(2424,156,X'5A41',X'5A616D66617261',1),
	(2425,159,X'4E',X'4E6F72746865726E2049736C616E6473',1),
	(2426,159,X'52',X'526F7461',1),
	(2427,159,X'53',X'53616970616E',1),
	(2428,159,X'54',X'54696E69616E',1),
	(2429,160,X'414B',X'416B657273687573',1),
	(2430,160,X'4141',X'417573742D4167646572',1),
	(2431,160,X'4255',X'4275736B65727564',1),
	(2432,160,X'464D',X'46696E6E6D61726B',1),
	(2433,160,X'484D',X'4865646D61726B',1),
	(2434,160,X'484C',X'486F7264616C616E64',1),
	(2435,160,X'4D52',X'4D6F7265206F6720526F6D64616C',1),
	(2436,160,X'4E54',X'4E6F72642D54726F6E64656C6167',1),
	(2437,160,X'4E4C',X'4E6F72646C616E64',1),
	(2438,160,X'4F46',X'4F7374666F6C64',1),
	(2439,160,X'4F50',X'4F70706C616E64',1),
	(2440,160,X'4F4C',X'4F736C6F',1),
	(2441,160,X'524C',X'526F67616C616E64',1),
	(2442,160,X'5354',X'536F722D54726F6E64656C6167',1),
	(2443,160,X'534A',X'536F676E206F6720466A6F7264616E65',1),
	(2444,160,X'5356',X'5376616C62617264',1),
	(2445,160,X'544D',X'54656C656D61726B',1),
	(2446,160,X'5452',X'54726F6D73',1),
	(2447,160,X'5641',X'566573742D4167646572',1),
	(2448,160,X'5646',X'56657374666F6C64',1),
	(2449,161,X'4441',X'41642044616B68696C69796168',1),
	(2450,161,X'4241',X'416C20426174696E6168',1),
	(2451,161,X'5755',X'416C205775737461',1),
	(2452,161,X'5348',X'41736820536861727169796168',1),
	(2453,161,X'5A41',X'417A205A616869726168',1),
	(2454,161,X'4D41',X'4D6173716174',1),
	(2455,161,X'4D55',X'4D7573616E64616D',1),
	(2456,161,X'5A55',X'5A75666172',1),
	(2457,162,X'42',X'42616C6F6368697374616E',1),
	(2458,162,X'54',X'4665646572616C6C792041646D696E697374657265642054726962616C204172656173',1),
	(2459,162,X'49',X'49736C616D61626164204361706974616C205465727269746F7279',1),
	(2460,162,X'4E',X'4E6F7274682D576573742046726F6E74696572',1),
	(2461,162,X'50',X'50756E6A6162',1),
	(2462,162,X'53',X'53696E6468',1),
	(2463,163,X'414D',X'41696D656C69696B',1),
	(2464,163,X'4152',X'4169726169',1),
	(2465,163,X'414E',X'416E67617572',1),
	(2466,163,X'4841',X'4861746F686F626569',1),
	(2467,163,X'4B41',X'4B6179616E67656C',1),
	(2468,163,X'4B4F',X'4B6F726F72',1),
	(2469,163,X'4D45',X'4D656C656B656F6B',1),
	(2470,163,X'4E41',X'4E67617261617264',1),
	(2471,163,X'4E47',X'4E6761726368656C6F6E67',1),
	(2472,163,X'4E44',X'4E676172646D6175',1),
	(2473,163,X'4E54',X'4E67617470616E67',1),
	(2474,163,X'4E43',X'4E67636865736172',1),
	(2475,163,X'4E52',X'4E676572656D6C656E677569',1),
	(2476,163,X'4E57',X'4E676977616C',1),
	(2477,163,X'5045',X'50656C656C6975',1),
	(2478,163,X'534F',X'536F6E736F726F6C',1),
	(2479,164,X'4254',X'426F6361732064656C20546F726F',1),
	(2480,164,X'4348',X'4368697269717569',1),
	(2481,164,X'4343',X'436F636C65',1),
	(2482,164,X'434C',X'436F6C6F6E',1),
	(2483,164,X'4441',X'44617269656E',1),
	(2484,164,X'4845',X'48657272657261',1),
	(2485,164,X'4C53',X'4C6F732053616E746F73',1),
	(2486,164,X'5041',X'50616E616D61',1),
	(2487,164,X'5342',X'53616E20426C6173',1),
	(2488,164,X'5647',X'5665726167756173',1),
	(2489,165,X'4256',X'426F756761696E76696C6C65',1),
	(2490,165,X'4345',X'43656E7472616C',1),
	(2491,165,X'4348',X'4368696D6275',1),
	(2492,165,X'4548',X'4561737465726E20486967686C616E6473',1),
	(2493,165,X'4542',X'45617374204E6577204272697461696E',1),
	(2494,165,X'4553',X'4561737420536570696B',1),
	(2495,165,X'454E',X'456E6761',1),
	(2496,165,X'4755',X'47756C66',1),
	(2497,165,X'4D44',X'4D6164616E67',1),
	(2498,165,X'4D4E',X'4D616E7573',1),
	(2499,165,X'4D42',X'4D696C6E6520426179',1),
	(2500,165,X'4D52',X'4D6F726F6265',1),
	(2501,165,X'4E43',X'4E6174696F6E616C204361706974616C',1),
	(2502,165,X'4E49',X'4E6577204972656C616E64',1),
	(2503,165,X'4E4F',X'4E6F72746865726E',1),
	(2504,165,X'5341',X'53616E6461756E',1),
	(2505,165,X'5348',X'536F75746865726E20486967686C616E6473',1),
	(2506,165,X'5745',X'5765737465726E',1),
	(2507,165,X'5748',X'5765737465726E20486967686C616E6473',1),
	(2508,165,X'5742',X'57657374204E6577204272697461696E',1),
	(2509,166,X'4147',X'416C746F205061726167756179',1),
	(2510,166,X'414E',X'416C746F20506172616E61',1),
	(2511,166,X'414D',X'416D616D626179',1),
	(2512,166,X'4153',X'4173756E63696F6E',1),
	(2513,166,X'424F',X'426F717565726F6E',1),
	(2514,166,X'4347',X'4361616775617A75',1),
	(2515,166,X'435A',X'4361617A617061',1),
	(2516,166,X'434E',X'43616E696E64657975',1),
	(2517,166,X'4345',X'43656E7472616C',1),
	(2518,166,X'4343',X'436F6E63657063696F6E',1),
	(2519,166,X'4344',X'436F7264696C6C657261',1),
	(2520,166,X'4755',X'477561697261',1),
	(2521,166,X'4954',X'497461707561',1),
	(2522,166,X'4D49',X'4D6973696F6E6573',1),
	(2523,166,X'4E45',X'4E65656D62756375',1),
	(2524,166,X'5041',X'506172616775617269',1),
	(2525,166,X'5048',X'507265736964656E7465204861796573',1),
	(2526,166,X'5350',X'53616E20506564726F',1),
	(2527,167,X'414D',X'416D617A6F6E6173',1),
	(2528,167,X'414E',X'416E63617368',1),
	(2529,167,X'4150',X'41707572696D6163',1),
	(2530,167,X'4152',X'4172657175697061',1),
	(2531,167,X'4159',X'417961637563686F',1),
	(2532,167,X'434A',X'43616A616D61726361',1),
	(2533,167,X'434C',X'43616C6C616F',1),
	(2534,167,X'4355',X'437573636F',1),
	(2535,167,X'4856',X'4875616E636176656C696361',1),
	(2536,167,X'484F',X'4875616E75636F',1),
	(2537,167,X'4943',X'496361',1),
	(2538,167,X'4A55',X'4A756E696E',1),
	(2539,167,X'4C44',X'4C61204C69626572746164',1),
	(2540,167,X'4C59',X'4C616D62617965717565',1),
	(2541,167,X'4C49',X'4C696D61',1),
	(2542,167,X'4C4F',X'4C6F7265746F',1),
	(2543,167,X'4D44',X'4D616472652064652044696F73',1),
	(2544,167,X'4D4F',X'4D6F717565677561',1),
	(2545,167,X'5041',X'506173636F',1),
	(2546,167,X'5049',X'5069757261',1),
	(2547,167,X'5055',X'50756E6F',1),
	(2548,167,X'534D',X'53616E204D617274696E',1),
	(2549,167,X'5441',X'5461636E61',1),
	(2550,167,X'5455',X'54756D626573',1),
	(2551,167,X'5543',X'55636179616C69',1),
	(2552,168,X'414252',X'41627261',1),
	(2553,168,X'414E4F',X'41677573616E2064656C204E6F727465',1),
	(2554,168,X'415355',X'41677573616E2064656C20537572',1),
	(2555,168,X'414B4C',X'416B6C616E',1),
	(2556,168,X'414C42',X'416C626179',1),
	(2557,168,X'414E54',X'416E7469717565',1),
	(2558,168,X'415059',X'41706179616F',1),
	(2559,168,X'415552',X'4175726F7261',1),
	(2560,168,X'424153',X'426173696C616E',1),
	(2561,168,X'425441',X'42617461616E',1),
	(2562,168,X'425445',X'426174616E6573',1),
	(2563,168,X'425447',X'426174616E676173',1),
	(2564,168,X'424C52',X'42696C6972616E',1),
	(2565,168,X'42454E',X'42656E67756574',1),
	(2566,168,X'424F4C',X'426F686F6C',1),
	(2567,168,X'42554B',X'42756B69646E6F6E',1),
	(2568,168,X'42554C',X'42756C6163616E',1),
	(2569,168,X'434147',X'4361676179616E',1),
	(2570,168,X'434E4F',X'43616D6172696E6573204E6F727465',1),
	(2571,168,X'435355',X'43616D6172696E657320537572',1),
	(2572,168,X'43414D',X'43616D696775696E',1),
	(2573,168,X'434150',X'436170697A',1),
	(2574,168,X'434154',X'436174616E6475616E6573',1),
	(2575,168,X'434156',X'436176697465',1),
	(2576,168,X'434542',X'43656275',1),
	(2577,168,X'434D50',X'436F6D706F7374656C61',1),
	(2578,168,X'444E4F',X'446176616F2064656C204E6F727465',1),
	(2579,168,X'445355',X'446176616F2064656C20537572',1),
	(2580,168,X'444F52',X'446176616F204F7269656E74616C',1),
	(2581,168,X'455341',X'4561737465726E2053616D6172',1),
	(2582,168,X'475549',X'4775696D61726173',1),
	(2583,168,X'494655',X'49667567616F',1),
	(2584,168,X'494E4F',X'496C6F636F73204E6F727465',1),
	(2585,168,X'495355',X'496C6F636F7320537572',1),
	(2586,168,X'494C4F',X'496C6F696C6F',1),
	(2587,168,X'495341',X'49736162656C61',1),
	(2588,168,X'4B414C',X'4B616C696E6761',1),
	(2589,168,X'4C4147',X'4C6167756E61',1),
	(2590,168,X'4C4E4F',X'4C616E616F2064656C204E6F727465',1),
	(2591,168,X'4C5355',X'4C616E616F2064656C20537572',1),
	(2592,168,X'554E49',X'4C6120556E696F6E',1),
	(2593,168,X'4C4559',X'4C65797465',1),
	(2594,168,X'4D4147',X'4D616775696E64616E616F',1),
	(2595,168,X'4D524E',X'4D6172696E6475717565',1),
	(2596,168,X'4D5342',X'4D617362617465',1),
	(2597,168,X'4D4943',X'4D696E646F726F204F63636964656E74616C',1),
	(2598,168,X'4D4952',X'4D696E646F726F204F7269656E74616C',1),
	(2599,168,X'4D5343',X'4D6973616D6973204F63636964656E74616C',1),
	(2600,168,X'4D4F52',X'4D6973616D6973204F7269656E74616C',1),
	(2601,168,X'4D4F50',X'4D6F756E7461696E',1),
	(2602,168,X'4E4F43',X'4E6567726F73204F63636964656E74616C',1),
	(2603,168,X'4E4F52',X'4E6567726F73204F7269656E74616C',1),
	(2604,168,X'4E4354',X'4E6F72746820436F74616261746F',1),
	(2605,168,X'4E534D',X'4E6F72746865726E2053616D6172',1),
	(2606,168,X'4E4543',X'4E75657661204563696A61',1),
	(2607,168,X'4E565A',X'4E756576612056697A63617961',1),
	(2608,168,X'504C57',X'50616C6177616E',1),
	(2609,168,X'504D50',X'50616D70616E6761',1),
	(2610,168,X'504E47',X'50616E676173696E616E',1),
	(2611,168,X'515A4E',X'5175657A6F6E',1),
	(2612,168,X'51524E',X'51756972696E6F',1),
	(2613,168,X'52495A',X'52697A616C',1),
	(2614,168,X'524F4D',X'526F6D626C6F6E',1),
	(2615,168,X'534D52',X'53616D6172',1),
	(2616,168,X'535247',X'536172616E67616E69',1),
	(2617,168,X'53514A',X'53697175696A6F72',1),
	(2618,168,X'535253',X'536F72736F676F6E',1),
	(2619,168,X'53434F',X'536F75746820436F74616261746F',1),
	(2620,168,X'534C45',X'536F75746865726E204C65797465',1),
	(2621,168,X'534B55',X'53756C74616E204B756461726174',1),
	(2622,168,X'534C55',X'53756C75',1),
	(2623,168,X'534E4F',X'5375726967616F2064656C204E6F727465',1),
	(2624,168,X'535355',X'5375726967616F2064656C20537572',1),
	(2625,168,X'544152',X'5461726C6163',1),
	(2626,168,X'544157',X'546177692D54617769',1),
	(2627,168,X'5A424C',X'5A616D62616C6573',1),
	(2628,168,X'5A4E4F',X'5A616D626F616E67612064656C204E6F727465',1),
	(2629,168,X'5A5355',X'5A616D626F616E67612064656C20537572',1),
	(2630,168,X'5A5349',X'5A616D626F616E67612053696275676179',1),
	(2631,170,X'444F',X'446F6C6E6F736C61736B6965',1),
	(2632,170,X'4B50',X'4B756A6177736B6F2D506F6D6F72736B6965',1),
	(2633,170,X'4C4F',X'4C6F647A6B6965',1),
	(2634,170,X'4C4C',X'4C7562656C736B6965',1),
	(2635,170,X'4C55',X'4C756275736B6965',1),
	(2636,170,X'4D4C',X'4D616C6F706F6C736B6965',1),
	(2637,170,X'4D5A',X'4D617A6F776965636B6965',1),
	(2638,170,X'4F50',X'4F706F6C736B6965',1),
	(2639,170,X'5050',X'506F646B61727061636B6965',1),
	(2640,170,X'504C',X'506F646C61736B6965',1),
	(2641,170,X'504D',X'506F6D6F72736B6965',1),
	(2642,170,X'534C',X'536C61736B6965',1),
	(2643,170,X'5357',X'53776965746F6B727A79736B6965',1),
	(2644,170,X'574D',X'5761726D696E736B6F2D4D617A7572736B6965',1),
	(2645,170,X'5750',X'5769656C6B6F706F6C736B6965',1),
	(2646,170,X'5A41',X'5A6163686F646E696F706F6D6F72736B6965',1),
	(2647,198,X'50',X'5361696E7420506965727265',1),
	(2648,198,X'4D',X'4D697175656C6F6E',1),
	(2649,171,X'4143',X'412663636564696C3B6F726573',1),
	(2650,171,X'4156',X'41766569726F',1),
	(2651,171,X'4245',X'42656A61',1),
	(2652,171,X'4252',X'4272616761',1),
	(2653,171,X'4241',X'42726167616E2663636564696C3B61',1),
	(2654,171,X'4342',X'43617374656C6F204272616E636F',1),
	(2655,171,X'434F',X'436F696D627261',1),
	(2656,171,X'4556',X'264561637574653B766F7261',1),
	(2657,171,X'4641',X'4661726F',1),
	(2658,171,X'4755',X'477561726461',1),
	(2659,171,X'4C45',X'4C6569726961',1),
	(2660,171,X'4C49',X'4C6973626F61',1),
	(2661,171,X'4D45',X'4D616465697261',1),
	(2662,171,X'504F',X'506F7274616C65677265',1),
	(2663,171,X'5052',X'506F72746F',1),
	(2664,171,X'5341',X'53616E746172266561637574653B6D',1),
	(2665,171,X'5345',X'536574267561637574653B62616C',1),
	(2666,171,X'5643',X'5669616E6120646F2043617374656C6F',1),
	(2667,171,X'5652',X'56696C61205265616C',1),
	(2668,171,X'5649',X'5669736575',1),
	(2669,173,X'4457',X'416420446177686168',1),
	(2670,173,X'4757',X'416C204768757761797269796168',1),
	(2671,173,X'4A4D',X'416C204A756D61796C69796168',1),
	(2672,173,X'4B52',X'416C204B68617772',1),
	(2673,173,X'574B',X'416C2057616B726168',1),
	(2674,173,X'524E',X'41722052617979616E',1),
	(2675,173,X'4A42',X'4A61726179616E20616C20426174696E6168',1),
	(2676,173,X'4D53',X'4D6164696E617420617368205368616D616C',1),
	(2677,173,X'5544',X'556D6D205361276964',1),
	(2678,173,X'554C',X'556D6D2053616C616C',1),
	(2679,175,X'4142',X'416C6261',1),
	(2680,175,X'4152',X'41726164',1),
	(2681,175,X'4147',X'4172676573',1),
	(2682,175,X'4243',X'4261636175',1),
	(2683,175,X'4248',X'4269686F72',1),
	(2684,175,X'424E',X'42697374726974612D4E6173617564',1),
	(2685,175,X'4254',X'426F746F73616E69',1),
	(2686,175,X'4256',X'427261736F76',1),
	(2687,175,X'4252',X'427261696C61',1),
	(2688,175,X'42',X'427563757265737469',1),
	(2689,175,X'425A',X'42757A6175',1),
	(2690,175,X'4353',X'43617261732D5365766572696E',1),
	(2691,175,X'434C',X'43616C6172617369',1),
	(2692,175,X'434A',X'436C756A',1),
	(2693,175,X'4354',X'436F6E7374616E7461',1),
	(2694,175,X'4356',X'436F7661736E61',1),
	(2695,175,X'4442',X'44696D626F76697461',1),
	(2696,175,X'444A',X'446F6C6A',1),
	(2697,175,X'474C',X'47616C617469',1),
	(2698,175,X'4752',X'47697572676975',1),
	(2699,175,X'474A',X'476F726A',1),
	(2700,175,X'4852',X'4861726768697461',1),
	(2701,175,X'4844',X'48756E65646F617261',1),
	(2702,175,X'494C',X'49616C6F6D697461',1),
	(2703,175,X'4953',X'49617369',1),
	(2704,175,X'4946',X'496C666F76',1),
	(2705,175,X'4D4D',X'4D6172616D75726573',1),
	(2706,175,X'4D48',X'4D65686564696E7469',1),
	(2707,175,X'4D53',X'4D75726573',1),
	(2708,175,X'4E54',X'4E65616D74',1),
	(2709,175,X'4F54',X'4F6C74',1),
	(2710,175,X'5048',X'507261686F7661',1),
	(2711,175,X'534D',X'536174752D4D617265',1),
	(2712,175,X'534A',X'53616C616A',1),
	(2713,175,X'5342',X'5369626975',1),
	(2714,175,X'5356',X'53756365617661',1),
	(2715,175,X'5452',X'54656C656F726D616E',1),
	(2716,175,X'544D',X'54696D6973',1),
	(2717,175,X'544C',X'54756C636561',1),
	(2718,175,X'5653',X'5661736C7569',1),
	(2719,175,X'564C',X'56616C636561',1),
	(2720,175,X'564E',X'5672616E636561',1),
	(2721,176,X'4142',X'4162616B616E',1),
	(2722,176,X'4147',X'4167696E736B6F7965',1),
	(2723,176,X'414E',X'416E61647972',1),
	(2724,176,X'4152',X'41726B6168616E67656C736B',1),
	(2725,176,X'4153',X'41737472616B68616E',1),
	(2726,176,X'4241',X'4261726E61756C',1),
	(2727,176,X'4245',X'42656C676F726F64',1),
	(2728,176,X'4249',X'4269726F6269647A68616E',1),
	(2729,176,X'424C',X'426C61676F766573686368656E736B',1),
	(2730,176,X'4252',X'427279616E736B',1),
	(2731,176,X'4348',X'436865626F6B73617279',1),
	(2732,176,X'434C',X'4368656C796162696E736B',1),
	(2733,176,X'4352',X'436865726B6573736B',1),
	(2734,176,X'4349',X'4368697461',1),
	(2735,176,X'4455',X'447564696E6B61',1),
	(2736,176,X'454C',X'456C69737461',1),
	(2737,176,X'474F',X'476F6D6F2D416C746179736B',1),
	(2738,176,X'4741',X'476F726E6F2D416C746179736B',1),
	(2739,176,X'4752',X'47726F7A6E7979',1),
	(2740,176,X'4952',X'49726B7574736B',1),
	(2741,176,X'4956',X'4976616E6F766F',1),
	(2742,176,X'495A',X'497A686576736B',1),
	(2743,176,X'4B41',X'4B616C696E6967726164',1),
	(2744,176,X'4B4C',X'4B616C756761',1),
	(2745,176,X'4B53',X'4B61736E6F646172',1),
	(2746,176,X'4B5A',X'4B617A616E',1),
	(2747,176,X'4B45',X'4B656D65726F766F',1),
	(2748,176,X'4B48',X'4B68616261726F76736B',1),
	(2749,176,X'4B4D',X'4B68616E74792D4D616E736979736B',1),
	(2750,176,X'4B4F',X'4B6F7374726F6D61',1),
	(2751,176,X'4B52',X'4B7261736E6F646172',1),
	(2752,176,X'4B4E',X'4B7261736E6F796172736B',1),
	(2753,176,X'4B55',X'4B7564796D6B6172',1),
	(2754,176,X'4B47',X'4B757267616E',1),
	(2755,176,X'4B4B',X'4B7572736B',1),
	(2756,176,X'4B59',X'4B797A796C',1),
	(2757,176,X'4C49',X'4C69706574736B',1),
	(2758,176,X'4D41',X'4D61676164616E',1),
	(2759,176,X'4D4B',X'4D616B686163686B616C61',1),
	(2760,176,X'4D59',X'4D61796B6F70',1),
	(2761,176,X'4D4F',X'4D6F73636F77',1),
	(2762,176,X'4D55',X'4D75726D616E736B',1),
	(2763,176,X'4E41',X'4E616C6368696B',1),
	(2764,176,X'4E52',X'4E617279616E204D6172',1),
	(2765,176,X'4E5A',X'4E617A72616E',1),
	(2766,176,X'4E49',X'4E697A686E6979204E6F76676F726F64',1),
	(2767,176,X'4E4F',X'4E6F76676F726F64',1),
	(2768,176,X'4E56',X'4E6F766F7369626972736B',1),
	(2769,176,X'4F4D',X'4F6D736B',1),
	(2770,176,X'4F52',X'4F72656C',1),
	(2771,176,X'4F45',X'4F72656E62757267',1),
	(2772,176,X'5041',X'50616C616E61',1),
	(2773,176,X'5045',X'50656E7A61',1),
	(2774,176,X'5052',X'5065726D',1),
	(2775,176,X'504B',X'506574726F7061766C6F76736B2D4B616D63686174736B6979',1),
	(2776,176,X'5054',X'506574726F7A61766F64736B',1),
	(2777,176,X'5053',X'50736B6F76',1),
	(2778,176,X'524F',X'526F73746F762D6E612D446F6E75',1),
	(2779,176,X'5259',X'5279617A616E',1),
	(2780,176,X'534C',X'53616C656B68617264',1),
	(2781,176,X'5341',X'53616D617261',1),
	(2782,176,X'5352',X'536172616E736B',1),
	(2783,176,X'5356',X'53617261746F76',1),
	(2784,176,X'534D',X'536D6F6C656E736B',1),
	(2785,176,X'5350',X'53742E2050657465727362757267',1),
	(2786,176,X'5354',X'53746176726F706F6C',1),
	(2787,176,X'5359',X'53796B7479766B6172',1),
	(2788,176,X'5441',X'54616D626F76',1),
	(2789,176,X'544F',X'546F6D736B',1),
	(2790,176,X'5455',X'54756C61',1),
	(2791,176,X'5452',X'54757261',1),
	(2792,176,X'5456',X'54766572',1),
	(2793,176,X'5459',X'5479756D656E',1),
	(2794,176,X'5546',X'556661',1),
	(2795,176,X'554C',X'556C2779616E6F76736B',1),
	(2796,176,X'5555',X'556C616E2D556465',1),
	(2797,176,X'5553',X'557374272D4F7264796E736B6979',1),
	(2798,176,X'564C',X'566C6164696B61766B617A',1),
	(2799,176,X'5641',X'566C6164696D6972',1),
	(2800,176,X'5656',X'566C616469766F73746F6B',1),
	(2801,176,X'5647',X'566F6C676F67726164',1),
	(2802,176,X'5644',X'566F6C6F676461',1),
	(2803,176,X'564F',X'566F726F6E657A68',1),
	(2804,176,X'5659',X'567961746B61',1),
	(2805,176,X'5941',X'59616B7574736B',1),
	(2806,176,X'5952',X'5961726F736C61766C',1),
	(2807,176,X'5945',X'59656B61746572696E62757267',1),
	(2808,176,X'594F',X'596F73686B61722D4F6C61',1),
	(2809,177,X'4255',X'427574617265',1),
	(2810,177,X'4259',X'4279756D6261',1),
	(2811,177,X'4359',X'4379616E67756775',1),
	(2812,177,X'474B',X'47696B6F6E676F726F',1),
	(2813,177,X'4753',X'476973656E7969',1),
	(2814,177,X'4754',X'4769746172616D61',1),
	(2815,177,X'4B47',X'4B6962756E676F',1),
	(2816,177,X'4B59',X'4B6962757965',1),
	(2817,177,X'4B52',X'4B6967616C6920527572616C65',1),
	(2818,177,X'4B56',X'4B6967616C692D76696C6C65',1),
	(2819,177,X'5255',X'527568656E67657269',1),
	(2820,177,X'554D',X'556D7574617261',1),
	(2821,178,X'43434E',X'43687269737420436875726368204E6963686F6C6120546F776E',1),
	(2822,178,X'534153',X'5361696E7420416E6E652053616E647920506F696E74',1),
	(2823,178,X'534742',X'5361696E742047656F7267652042617373657465727265',1),
	(2824,178,X'534747',X'5361696E742047656F7267652047696E6765726C616E64',1),
	(2825,178,X'534A57',X'5361696E74204A616D65732057696E6477617264',1),
	(2826,178,X'534A43',X'5361696E74204A6F686E2043617065737465727265',1),
	(2827,178,X'534A46',X'5361696E74204A6F686E2046696774726565',1),
	(2828,178,X'534D43',X'5361696E74204D617279204361796F6E',1),
	(2829,178,X'434150',X'5361696E74205061756C2043617065737465727265',1),
	(2830,178,X'434841',X'5361696E74205061756C20436861726C6573746F776E',1),
	(2831,178,X'535042',X'5361696E742050657465722042617373657465727265',1),
	(2832,178,X'53544C',X'5361696E742054686F6D6173204C6F776C616E64',1),
	(2833,178,X'53544D',X'5361696E742054686F6D6173204D6964646C652049736C616E64',1),
	(2834,178,X'545050',X'5472696E6974792050616C6D6574746F20506F696E74',1),
	(2835,179,X'4152',X'416E73652D6C612D52617965',1),
	(2836,179,X'4341',X'4361737472696573',1),
	(2837,179,X'4348',X'43686F697365756C',1),
	(2838,179,X'4441',X'4461757068696E',1),
	(2839,179,X'4445',X'44656E6E657279',1),
	(2840,179,X'4749',X'47726F732D49736C6574',1),
	(2841,179,X'4C41',X'4C61626F726965',1),
	(2842,179,X'4D49',X'4D69636F7564',1),
	(2843,179,X'5052',X'507261736C696E',1),
	(2844,179,X'534F',X'536F75667269657265',1),
	(2845,179,X'5646',X'56696575782D466F7274',1),
	(2846,180,X'43',X'436861726C6F747465',1),
	(2847,180,X'52',X'4772656E6164696E6573',1),
	(2848,180,X'41',X'5361696E7420416E64726577',1),
	(2849,180,X'44',X'5361696E74204461766964',1),
	(2850,180,X'47',X'5361696E742047656F726765',1),
	(2851,180,X'50',X'5361696E74205061747269636B',1),
	(2852,181,X'414E',X'4127616E61',1),
	(2853,181,X'4149',X'416967612D692D6C652D546169',1),
	(2854,181,X'4154',X'41747561',1),
	(2855,181,X'4641',X'4661276173616C656C65616761',1),
	(2856,181,X'4745',X'4761676127656D61756761',1),
	(2857,181,X'4746',X'4761676169666F6D61756761',1),
	(2858,181,X'5041',X'50616C61756C69',1),
	(2859,181,X'5341',X'5361747570612769746561',1),
	(2860,181,X'5455',X'5475616D6173616761',1),
	(2861,181,X'5646',X'566127612D6F2D466F6E6F7469',1),
	(2862,181,X'5653',X'566169736967616E6F',1),
	(2863,182,X'4143',X'416371756176697661',1),
	(2864,182,X'424D',X'426F72676F204D616767696F7265',1),
	(2865,182,X'4348',X'4368696573616E756F7661',1),
	(2866,182,X'444F',X'446F6D61676E616E6F',1),
	(2867,182,X'4641',X'46616574616E6F',1),
	(2868,182,X'4649',X'46696F72656E74696E6F',1),
	(2869,182,X'4D4F',X'4D6F6E74656769617264696E6F',1),
	(2870,182,X'534D',X'43697474612064692053616E204D6172696E6F',1),
	(2871,182,X'5345',X'536572726176616C6C65',1),
	(2872,183,X'53',X'53616F20546F6D65',1),
	(2873,183,X'50',X'5072696E63697065',1),
	(2874,184,X'4248',X'416C204261686168',1),
	(2875,184,X'4853',X'416C20487564756420617368205368616D616C69796168',1),
	(2876,184,X'4A46',X'416C204A617766',1),
	(2877,184,X'4D44',X'416C204D6164696E6168',1),
	(2878,184,X'5153',X'416C20516173696D',1),
	(2879,184,X'5244',X'4172205269796164',1),
	(2880,184,X'4151',X'4173682053686172716979616820284561737465726E29',1),
	(2881,184,X'4153',X'2741736972',1),
	(2882,184,X'484C',X'486127696C',1),
	(2883,184,X'4A5A',X'4A697A616E',1),
	(2884,184,X'4D4C',X'4D616B6B6168',1),
	(2885,184,X'4E52',X'4E616A72616E',1),
	(2886,184,X'5442',X'546162756B',1),
	(2887,185,X'4441',X'44616B6172',1),
	(2888,185,X'4449',X'44696F757262656C',1),
	(2889,185,X'4641',X'46617469636B',1),
	(2890,185,X'4B41',X'4B616F6C61636B',1),
	(2891,185,X'4B4F',X'4B6F6C6461',1),
	(2892,185,X'4C4F',X'4C6F756761',1),
	(2893,185,X'4D41',X'4D6174616D',1),
	(2894,185,X'534C',X'5361696E742D4C6F756973',1),
	(2895,185,X'5441',X'54616D6261636F756E6461',1),
	(2896,185,X'5448',X'5468696573',1),
	(2897,185,X'5A49',X'5A696775696E63686F72',1),
	(2898,186,X'4150',X'416E7365206175782050696E73',1),
	(2899,186,X'4142',X'416E736520426F696C656175',1),
	(2900,186,X'4145',X'416E73652045746F696C65',1),
	(2901,186,X'414C',X'416E7365204C6F756973',1),
	(2902,186,X'4152',X'416E736520526F79616C65',1),
	(2903,186,X'424C',X'42616965204C617A617265',1),
	(2904,186,X'4253',X'42616965205361696E746520416E6E65',1),
	(2905,186,X'4256',X'426561752056616C6C6F6E',1),
	(2906,186,X'4241',X'42656C20416972',1),
	(2907,186,X'424F',X'42656C204F6D627265',1),
	(2908,186,X'4341',X'43617363616465',1),
	(2909,186,X'474C',X'476C61636973',1),
	(2910,186,X'474D',X'4772616E642720416E736520286F6E204D61686529',1),
	(2911,186,X'4750',X'4772616E642720416E736520286F6E20507261736C696E29',1),
	(2912,186,X'4447',X'4C61204469677565',1),
	(2913,186,X'5241',X'4C61205269766965726520416E676C61697365',1),
	(2914,186,X'4D42',X'4D6F6E7420427578746F6E',1),
	(2915,186,X'4D46',X'4D6F6E7420466C65757269',1),
	(2916,186,X'504C',X'506C616973616E6365',1),
	(2917,186,X'5052',X'506F696E7465204C6120527565',1),
	(2918,186,X'5047',X'506F727420476C617564',1),
	(2919,186,X'534C',X'5361696E74204C6F756973',1),
	(2920,186,X'5441',X'54616B616D616B61',1),
	(2921,187,X'45',X'4561737465726E',1),
	(2922,187,X'4E',X'4E6F72746865726E',1),
	(2923,187,X'53',X'536F75746865726E',1),
	(2924,187,X'57',X'5765737465726E',1),
	(2925,189,X'4241',X'42616E736B6F627973747269636BC3BD',1),
	(2926,189,X'4252',X'4272617469736C6176736BC3BD',1),
	(2927,189,X'4B4F',X'4B6FC5A169636BC3BD',1),
	(2928,189,X'4E49',X'4E69747269616E736B79',1),
	(2929,189,X'5052',X'507265C5A16F76736BC3BD',1),
	(2930,189,X'5443',X'5472656EC48D69616E736B79',1),
	(2931,189,X'5456',X'54726E6176736BC3BD',1),
	(2932,189,X'5A49',X'C5BD696C696E736BC3BD',1),
	(2933,191,X'4345',X'43656E7472616C',1),
	(2934,191,X'4348',X'43686F697365756C',1),
	(2935,191,X'4743',X'47756164616C63616E616C',1),
	(2936,191,X'484F',X'486F6E69617261',1),
	(2937,191,X'4953',X'49736162656C',1),
	(2938,191,X'4D4B',X'4D616B697261',1),
	(2939,191,X'4D4C',X'4D616C61697461',1),
	(2940,191,X'5242',X'52656E6E656C6C20616E642042656C6C6F6E61',1),
	(2941,191,X'544D',X'54656D6F7475',1),
	(2942,191,X'5745',X'5765737465726E',1),
	(2943,192,X'4157',X'417764616C',1),
	(2944,192,X'424B',X'42616B6F6F6C',1),
	(2945,192,X'424E',X'42616E6161646972',1),
	(2946,192,X'4252',X'42617269',1),
	(2947,192,X'4259',X'426179',1),
	(2948,192,X'4741',X'47616C677564757564',1),
	(2949,192,X'4745',X'4765646F',1),
	(2950,192,X'4849',X'4869697261616E',1),
	(2951,192,X'4A44',X'4A756262616461204468657865',1),
	(2952,192,X'4A48',X'4A75626261646120486F6F7365',1),
	(2953,192,X'4D55',X'4D75647567',1),
	(2954,192,X'4E55',X'4E756761616C',1),
	(2955,192,X'5341',X'53616E616167',1),
	(2956,192,X'5344',X'5368616265656C6C616861204468657865',1),
	(2957,192,X'5348',X'5368616265656C6C61686120486F6F7365',1),
	(2958,192,X'534C',X'536F6F6C',1),
	(2959,192,X'544F',X'546F676468656572',1),
	(2960,192,X'5747',X'576F716F6F79692047616C62656564',1),
	(2961,193,X'4543',X'4561737465726E2043617065',1),
	(2962,193,X'4653',X'46726565205374617465',1),
	(2963,193,X'4754',X'47617574656E67',1),
	(2964,193,X'4B4E',X'4B77615A756C752D4E6174616C',1),
	(2965,193,X'4C50',X'4C696D706F706F',1),
	(2966,193,X'4D50',X'4D70756D616C616E6761',1),
	(2967,193,X'4E57',X'4E6F7274682057657374',1),
	(2968,193,X'4E43',X'4E6F72746865726E2043617065',1),
	(2969,193,X'5743',X'5765737465726E2043617065',1),
	(2970,195,X'4341',X'4C6120436F7275266E74696C64653B61',1),
	(2971,195,X'414C',X'264161637574653B6C617661',1),
	(2972,195,X'4142',X'416C626163657465',1),
	(2973,195,X'4143',X'416C6963616E7465',1),
	(2974,195,X'414D',X'416C6D65726961',1),
	(2975,195,X'4153',X'4173747572696173',1),
	(2976,195,X'4156',X'264161637574653B76696C61',1),
	(2977,195,X'424A',X'426164616A6F7A',1),
	(2978,195,X'4942',X'42616C6561726573',1),
	(2979,195,X'4241',X'42617263656C6F6E61',1),
	(2980,195,X'4255',X'427572676F73',1),
	(2981,195,X'4343',X'43266161637574653B6365726573',1),
	(2982,195,X'435A',X'43266161637574653B64697A',1),
	(2983,195,X'4354',X'43616E746162726961',1),
	(2984,195,X'434C',X'43617374656C6C266F61637574653B6E',1),
	(2985,195,X'4345',X'4365757461',1),
	(2986,195,X'4352',X'436975646164205265616C',1),
	(2987,195,X'4344',X'43266F61637574653B72646F6261',1),
	(2988,195,X'4355',X'4375656E6361',1),
	(2989,195,X'4749',X'4769726F6E61',1),
	(2990,195,X'4744',X'4772616E616461',1),
	(2991,195,X'474A',X'47756164616C616A617261',1),
	(2992,195,X'4750',X'47756970267561637574653B7A636F61',1),
	(2993,195,X'484C',X'4875656C7661',1),
	(2994,195,X'4853',X'487565736361',1),
	(2995,195,X'4A4E',X'4A61266561637574653B6E',1),
	(2996,195,X'524A',X'4C612052696F6A61',1),
	(2997,195,X'504D',X'4C61732050616C6D6173',1),
	(2998,195,X'4C45',X'4C656F6E',1),
	(2999,195,X'4C4C',X'4C6C65696461',1),
	(3000,195,X'4C47',X'4C75676F',1),
	(3001,195,X'4D44',X'4D6164726964',1),
	(3002,195,X'4D41',X'4D616C616761',1),
	(3003,195,X'4D4C',X'4D656C696C6C61',1),
	(3004,195,X'4D55',X'4D7572636961',1),
	(3005,195,X'4E56',X'4E617661727261',1),
	(3006,195,X'4F55',X'4F7572656E7365',1),
	(3007,195,X'504C',X'50616C656E636961',1),
	(3008,195,X'504F',X'506F6E74657665647261',1),
	(3009,195,X'534C',X'53616C616D616E6361',1),
	(3010,195,X'5343',X'53616E7461204372757A2064652054656E6572696665',1),
	(3011,195,X'5347',X'5365676F766961',1),
	(3012,195,X'5356',X'536576696C6C61',1),
	(3013,195,X'534F',X'536F726961',1),
	(3014,195,X'5441',X'5461727261676F6E61',1),
	(3015,195,X'5445',X'54657275656C',1),
	(3016,195,X'544F',X'546F6C65646F',1),
	(3017,195,X'5643',X'56616C656E636961',1),
	(3018,195,X'5644',X'56616C6C61646F6C6964',1),
	(3019,195,X'565A',X'56697A63617961',1),
	(3020,195,X'5A4D',X'5A616D6F7261',1),
	(3021,195,X'5A52',X'5A617261676F7A61',1),
	(3022,196,X'4345',X'43656E7472616C',1),
	(3023,196,X'4541',X'4561737465726E',1),
	(3024,196,X'4E43',X'4E6F7274682043656E7472616C',1),
	(3025,196,X'4E4F',X'4E6F72746865726E',1),
	(3026,196,X'4E57',X'4E6F727468205765737465726E',1),
	(3027,196,X'5341',X'53616261726167616D757761',1),
	(3028,196,X'534F',X'536F75746865726E',1),
	(3029,196,X'5556',X'557661',1),
	(3030,196,X'5745',X'5765737465726E',1),
	(3031,197,X'41',X'417363656E73696F6E',1),
	(3032,197,X'53',X'5361696E742048656C656E61',1),
	(3033,197,X'54',X'5472697374616E2064612043756E6861',1),
	(3034,199,X'414E4C',X'4127616C6920616E204E696C',1),
	(3035,199,X'42414D',X'416C204261687220616C2041686D6172',1),
	(3036,199,X'425254',X'416C204275686179726174',1),
	(3037,199,X'4A5A52',X'416C204A617A69726168',1),
	(3038,199,X'4B5254',X'416C204B68617274756D',1),
	(3039,199,X'514452',X'416C2051616461726966',1),
	(3040,199,X'574448',X'416C20576168646168',1),
	(3041,199,X'414E42',X'416E204E696C20616C204162796164',1),
	(3042,199,X'414E5A',X'416E204E696C20616C20417A726171',1),
	(3043,199,X'415348',X'417368205368616D616C69796168',1),
	(3044,199,X'424A41',X'4261687220616C204A6162616C',1),
	(3045,199,X'474953',X'476861726220616C204973746977612769796168',1),
	(3046,199,X'474247',X'4768617262204261687220616C204768617A616C',1),
	(3047,199,X'474441',X'476861726220446172667572',1),
	(3048,199,X'474B55',X'4768617262204B7572647566616E',1),
	(3049,199,X'4A4441',X'4A616E756220446172667572',1),
	(3050,199,X'4A4B55',X'4A616E7562204B7572647566616E',1),
	(3051,199,X'4A514C',X'4A756E71616C69',1),
	(3052,199,X'4B534C',X'4B617373616C61',1),
	(3053,199,X'4E4E4C',X'4E61687220616E204E696C',1),
	(3054,199,X'534247',X'5368616D616C204261687220616C204768617A616C',1),
	(3055,199,X'534441',X'5368616D616C20446172667572',1),
	(3056,199,X'534B55',X'5368616D616C204B7572647566616E',1),
	(3057,199,X'534953',X'536861727120616C204973746977612769796168',1),
	(3058,199,X'534E52',X'53696E6E6172',1),
	(3059,199,X'575242',X'5761726162',1),
	(3060,200,X'4252',X'42726F6B6F706F6E646F',1),
	(3061,200,X'434D',X'436F6D6D6577696A6E65',1),
	(3062,200,X'4352',X'436F726F6E6965',1),
	(3063,200,X'4D41',X'4D61726F77696A6E65',1),
	(3064,200,X'4E49',X'4E69636B65726965',1),
	(3065,200,X'5041',X'50617261',1),
	(3066,200,X'504D',X'506172616D617269626F',1),
	(3067,200,X'5341',X'536172616D61636361',1),
	(3068,200,X'5349',X'536970616C6977696E69',1),
	(3069,200,X'5741',X'57616E696361',1),
	(3070,202,X'48',X'48686F68686F',1),
	(3071,202,X'4C',X'4C75626F6D626F',1),
	(3072,202,X'4D',X'4D616E7A696E69',1),
	(3073,202,X'53',X'5368697368656C77656E69',1),
	(3074,203,X'4B',X'426C656B696E6765',1),
	(3075,203,X'57',X'44616C61726E61',1),
	(3076,203,X'58',X'472661756D6C3B766C65626F7267',1),
	(3077,203,X'49',X'476F746C616E64',1),
	(3078,203,X'4E',X'48616C6C616E64',1),
	(3079,203,X'5A',X'4A2661756D6C3B6D746C616E64',1),
	(3080,203,X'46',X'4A266F756D6C3B6E6B266F756D6C3B70696E67',1),
	(3081,203,X'48',X'4B616C6D6172',1),
	(3082,203,X'47',X'4B726F6E6F62657267',1),
	(3083,203,X'4244',X'4E6F7272626F7474656E',1),
	(3084,203,X'54',X'264F756D6C3B726562726F',1),
	(3085,203,X'45',X'264F756D6C3B7374657267266F756D6C3B746C616E64',1),
	(3086,203,X'4D',X'536B266172696E673B6E65',1),
	(3087,203,X'44',X'53266F756D6C3B6465726D616E6C616E64',1),
	(3088,203,X'4142',X'53746F636B686F6C6D',1),
	(3089,203,X'43',X'55707073616C61',1),
	(3090,203,X'53',X'562661756D6C3B726D6C616E64',1),
	(3091,203,X'4143',X'562661756D6C3B73746572626F7474656E',1),
	(3092,203,X'59',X'562661756D6C3B737465726E6F72726C616E64',1),
	(3093,203,X'55',X'562661756D6C3B73746D616E6C616E64',1),
	(3094,203,X'4F',X'562661756D6C3B737472612047266F756D6C3B74616C616E64',1),
	(3095,204,X'4147',X'416172676175',1),
	(3096,204,X'4152',X'417070656E7A656C6C2041757373657272686F64656E',1),
	(3097,204,X'4149',X'417070656E7A656C6C20496E6E657272686F64656E',1),
	(3098,204,X'4253',X'426173656C2D5374616474',1),
	(3099,204,X'424C',X'426173656C2D4C616E64736368616674',1),
	(3100,204,X'4245',X'4265726E',1),
	(3101,204,X'4652',X'467269626F757267',1),
	(3102,204,X'4745',X'47656E266567726176653B7665',1),
	(3103,204,X'474C',X'476C61727573',1),
	(3104,204,X'4752',X'47726175622675756D6C3B6E64656E',1),
	(3105,204,X'4A55',X'4A757261',1),
	(3106,204,X'4C55',X'4C757A65726E',1),
	(3107,204,X'4E45',X'4E657563682661636972633B74656C',1),
	(3108,204,X'4E57',X'4E696477616C64',1),
	(3109,204,X'4F57',X'4F6277616C64',1),
	(3110,204,X'5347',X'53742E2047616C6C656E',1),
	(3111,204,X'5348',X'53636861666668617573656E',1),
	(3112,204,X'535A',X'53636877797A',1),
	(3113,204,X'534F',X'536F6C6F746875726E',1),
	(3114,204,X'5447',X'54687572676175',1),
	(3115,204,X'5449',X'546963696E6F',1),
	(3116,204,X'5552',X'557269',1),
	(3117,204,X'5653',X'56616C616973',1),
	(3118,204,X'5644',X'56617564',1),
	(3119,204,X'5A47',X'5A7567',1),
	(3120,204,X'5A48',X'5A2675756D6C3B72696368',1),
	(3121,205,X'4841',X'416C20486173616B6168',1),
	(3122,205,X'4C41',X'416C204C616468697169796168',1),
	(3123,205,X'5155',X'416C2051756E61797469726168',1),
	(3124,205,X'5251',X'417220526171716168',1),
	(3125,205,X'5355',X'41732053757761796461',1),
	(3126,205,X'4441',X'44617261',1),
	(3127,205,X'445A',X'4461797220617A205A617772',1),
	(3128,205,X'4449',X'44696D61736871',1),
	(3129,205,X'484C',X'48616C6162',1),
	(3130,205,X'484D',X'48616D6168',1),
	(3131,205,X'4849',X'48696D73',1),
	(3132,205,X'4944',X'49646C6962',1),
	(3133,205,X'5244',X'5269662044696D61736871',1),
	(3134,205,X'5441',X'546172747573',1),
	(3135,206,X'4348',X'4368616E672D687561',1),
	(3136,206,X'4349',X'436869612D69',1),
	(3137,206,X'4853',X'4873696E2D636875',1),
	(3138,206,X'484C',X'4875612D6C69656E',1),
	(3139,206,X'494C',X'492D6C616E',1),
	(3140,206,X'4B48',X'4B616F2D687369756E6720636F756E7479',1),
	(3141,206,X'4B4D',X'4B696E2D6D656E',1),
	(3142,206,X'4C43',X'4C69656E2D636869616E67',1),
	(3143,206,X'4D4C',X'4D69616F2D6C69',1),
	(3144,206,X'4E54',X'4E616E2D74276F75',1),
	(3145,206,X'5048',X'5027656E672D6875',1),
	(3146,206,X'5054',X'5027696E672D74756E67',1),
	(3147,206,X'5447',X'542761692D6368756E67',1),
	(3148,206,X'5441',X'542761692D6E616E',1),
	(3149,206,X'5450',X'542761692D70656920636F756E7479',1),
	(3150,206,X'5454',X'542761692D74756E67',1),
	(3151,206,X'5459',X'5427616F2D7975616E',1),
	(3152,206,X'594C',X'59756E2D6C696E',1),
	(3153,206,X'4343',X'436869612D692063697479',1),
	(3154,206,X'434C',X'4368692D6C756E67',1),
	(3155,206,X'4843',X'4873696E2D636875',1),
	(3156,206,X'5448',X'542761692D6368756E67',1),
	(3157,206,X'544E',X'542761692D6E616E',1),
	(3158,206,X'4B43',X'4B616F2D687369756E672063697479',1),
	(3159,206,X'5443',X'542761692D7065692063697479',1),
	(3160,207,X'4742',X'476F726E6F2D426164616B687374616E',1),
	(3161,207,X'4B54',X'4B6861746C6F6E',1),
	(3162,207,X'5355',X'5375676864',1),
	(3163,208,X'4152',X'417275736861',1),
	(3164,208,X'4453',X'4461722065732053616C61616D',1),
	(3165,208,X'444F',X'446F646F6D61',1),
	(3166,208,X'4952',X'4972696E6761',1),
	(3167,208,X'4B41',X'4B6167657261',1),
	(3168,208,X'4B49',X'4B69676F6D61',1),
	(3169,208,X'4B4A',X'4B696C696D616E6A61726F',1),
	(3170,208,X'4C4E',X'4C696E6469',1),
	(3171,208,X'4D59',X'4D616E79617261',1),
	(3172,208,X'4D52',X'4D617261',1),
	(3173,208,X'4D42',X'4D62657961',1),
	(3174,208,X'4D4F',X'4D6F726F676F726F',1),
	(3175,208,X'4D54',X'4D7477617261',1),
	(3176,208,X'4D57',X'4D77616E7A61',1),
	(3177,208,X'504E',X'50656D6261204E6F727468',1),
	(3178,208,X'5053',X'50656D626120536F757468',1),
	(3179,208,X'5057',X'5077616E69',1),
	(3180,208,X'524B',X'52756B7761',1),
	(3181,208,X'5256',X'527576756D61',1),
	(3182,208,X'5348',X'5368696E79616E6761',1),
	(3183,208,X'5349',X'53696E67696461',1),
	(3184,208,X'5442',X'5461626F7261',1),
	(3185,208,X'544E',X'54616E6761',1),
	(3186,208,X'5A43',X'5A616E7A696261722043656E7472616C2F536F757468',1),
	(3187,208,X'5A4E',X'5A616E7A69626172204E6F727468',1),
	(3188,208,X'5A55',X'5A616E7A6962617220557262616E2F57657374',1),
	(3189,209,X'416D6E617420436861726F656E',X'416D6E617420436861726F656E',1),
	(3190,209,X'416E672054686F6E67',X'416E672054686F6E67',1),
	(3191,209,X'417975747468617961',X'417975747468617961',1),
	(3192,209,X'42616E676B6F6B',X'42616E676B6F6B',1),
	(3193,209,X'4275726972616D',X'4275726972616D',1),
	(3194,209,X'43686163686F656E6773616F',X'43686163686F656E6773616F',1),
	(3195,209,X'43686169204E6174',X'43686169204E6174',1),
	(3196,209,X'4368616979617068756D',X'4368616979617068756D',1),
	(3197,209,X'4368616E74686162757269',X'4368616E74686162757269',1),
	(3198,209,X'436869616E67204D6169',X'436869616E67204D6169',1),
	(3199,209,X'436869616E6720526169',X'436869616E6720526169',1),
	(3200,209,X'43686F6E2042757269',X'43686F6E2042757269',1),
	(3201,209,X'4368756D70686F6E',X'4368756D70686F6E',1),
	(3202,209,X'4B616C6173696E',X'4B616C6173696E',1),
	(3203,209,X'4B616D706861656E672050686574',X'4B616D706861656E672050686574',1),
	(3204,209,X'4B616E6368616E6162757269',X'4B616E6368616E6162757269',1),
	(3205,209,X'4B686F6E204B61656E',X'4B686F6E204B61656E',1),
	(3206,209,X'4B72616269',X'4B72616269',1),
	(3207,209,X'4C616D70616E67',X'4C616D70616E67',1),
	(3208,209,X'4C616D7068756E',X'4C616D7068756E',1),
	(3209,209,X'4C6F6569',X'4C6F6569',1),
	(3210,209,X'4C6F702042757269',X'4C6F702042757269',1),
	(3211,209,X'4D616520486F6E6720536F6E',X'4D616520486F6E6720536F6E',1),
	(3212,209,X'4D61686120536172616B68616D',X'4D61686120536172616B68616D',1),
	(3213,209,X'4D756B646168616E',X'4D756B646168616E',1),
	(3214,209,X'4E616B686F6E204E61796F6B',X'4E616B686F6E204E61796F6B',1),
	(3215,209,X'4E616B686F6E20506174686F6D',X'4E616B686F6E20506174686F6D',1),
	(3216,209,X'4E616B686F6E205068616E6F6D',X'4E616B686F6E205068616E6F6D',1),
	(3217,209,X'4E616B686F6E2052617463686173696D61',X'4E616B686F6E2052617463686173696D61',1),
	(3218,209,X'4E616B686F6E20536177616E',X'4E616B686F6E20536177616E',1),
	(3219,209,X'4E616B686F6E205369205468616D6D61726174',X'4E616B686F6E205369205468616D6D61726174',1),
	(3220,209,X'4E616E',X'4E616E',1),
	(3221,209,X'4E617261746869776174',X'4E617261746869776174',1),
	(3222,209,X'4E6F6E6720427561204C616D706875',X'4E6F6E6720427561204C616D706875',1),
	(3223,209,X'4E6F6E67204B686169',X'4E6F6E67204B686169',1),
	(3224,209,X'4E6F6E74686162757269',X'4E6F6E74686162757269',1),
	(3225,209,X'50617468756D205468616E69',X'50617468756D205468616E69',1),
	(3226,209,X'50617474616E69',X'50617474616E69',1),
	(3227,209,X'5068616E676E6761',X'5068616E676E6761',1),
	(3228,209,X'506861747468616C756E67',X'506861747468616C756E67',1),
	(3229,209,X'50686179616F',X'50686179616F',1),
	(3230,209,X'5068657463686162756E',X'5068657463686162756E',1),
	(3231,209,X'5068657463686162757269',X'5068657463686162757269',1),
	(3232,209,X'50686963686974',X'50686963686974',1),
	(3233,209,X'5068697473616E756C6F6B',X'5068697473616E756C6F6B',1),
	(3234,209,X'5068726165',X'5068726165',1),
	(3235,209,X'5068756B6574',X'5068756B6574',1),
	(3236,209,X'5072616368696E2042757269',X'5072616368696E2042757269',1),
	(3237,209,X'5072616368756170204B68697269204B68616E',X'5072616368756170204B68697269204B68616E',1),
	(3238,209,X'52616E6F6E67',X'52616E6F6E67',1),
	(3239,209,X'52617463686162757269',X'52617463686162757269',1),
	(3240,209,X'5261796F6E67',X'5261796F6E67',1),
	(3241,209,X'526F69204574',X'526F69204574',1),
	(3242,209,X'5361204B61656F',X'5361204B61656F',1),
	(3243,209,X'53616B6F6E204E616B686F6E',X'53616B6F6E204E616B686F6E',1),
	(3244,209,X'53616D7574205072616B616E',X'53616D7574205072616B616E',1),
	(3245,209,X'53616D75742053616B686F6E',X'53616D75742053616B686F6E',1),
	(3246,209,X'53616D757420536F6E676B6872616D',X'53616D757420536F6E676B6872616D',1),
	(3247,209,X'536172612042757269',X'536172612042757269',1),
	(3248,209,X'536174756E',X'536174756E',1),
	(3249,209,X'53696E672042757269',X'53696E672042757269',1),
	(3250,209,X'536973616B6574',X'536973616B6574',1),
	(3251,209,X'536F6E676B686C61',X'536F6E676B686C61',1),
	(3252,209,X'53756B686F74686169',X'53756B686F74686169',1),
	(3253,209,X'53757068616E2042757269',X'53757068616E2042757269',1),
	(3254,209,X'5375726174205468616E69',X'5375726174205468616E69',1),
	(3255,209,X'537572696E',X'537572696E',1),
	(3256,209,X'54616B',X'54616B',1),
	(3257,209,X'5472616E67',X'5472616E67',1),
	(3258,209,X'54726174',X'54726174',1),
	(3259,209,X'55626F6E205261746368617468616E69',X'55626F6E205261746368617468616E69',1),
	(3260,209,X'55646F6E205468616E69',X'55646F6E205468616E69',1),
	(3261,209,X'5574686169205468616E69',X'5574686169205468616E69',1),
	(3262,209,X'557474617261646974',X'557474617261646974',1),
	(3263,209,X'59616C61',X'59616C61',1),
	(3264,209,X'5961736F74686F6E',X'5961736F74686F6E',1),
	(3265,210,X'4B',X'4B617261',1),
	(3266,210,X'50',X'506C617465617578',1),
	(3267,210,X'53',X'536176616E6573',1),
	(3268,210,X'43',X'43656E7472616C65',1),
	(3269,210,X'4D',X'4D61726974696D65',1),
	(3270,211,X'41',X'4174616675',1),
	(3271,211,X'46',X'46616B616F666F',1),
	(3272,211,X'4E',X'4E756B756E6F6E75',1),
	(3273,212,X'48',X'48612761706169',1),
	(3274,212,X'54',X'546F6E676174617075',1),
	(3275,212,X'56',X'566176612775',1),
	(3276,213,X'4354',X'436F7576612F5461626171756974652F54616C7061726F',1),
	(3277,213,X'444D',X'446965676F204D617274696E',1),
	(3278,213,X'4D52',X'4D617961726F2F52696F20436C61726F',1),
	(3279,213,X'5044',X'50656E616C2F44656265',1),
	(3280,213,X'5054',X'5072696E63657320546F776E',1),
	(3281,213,X'5347',X'53616E677265204772616E6465',1),
	(3282,213,X'534C',X'53616E204A75616E2F4C6176656E74696C6C65',1),
	(3283,213,X'5349',X'53697061726961',1),
	(3284,213,X'5450',X'54756E6170756E612F50696172636F',1),
	(3285,213,X'5053',X'506F7274206F6620537061696E',1),
	(3286,213,X'5346',X'53616E204665726E616E646F',1),
	(3287,213,X'4152',X'4172696D61',1),
	(3288,213,X'5046',X'506F696E7420466F7274696E',1),
	(3289,213,X'4348',X'4368616775616E6173',1),
	(3290,213,X'544F',X'546F6261676F',1),
	(3291,214,X'4152',X'417269616E61',1),
	(3292,214,X'424A',X'42656A61',1),
	(3293,214,X'4241',X'42656E2041726F7573',1),
	(3294,214,X'4249',X'42697A65727465',1),
	(3295,214,X'4742',X'4761626573',1),
	(3296,214,X'4746',X'4761667361',1),
	(3297,214,X'4A45',X'4A656E646F756261',1),
	(3298,214,X'4B52',X'4B6169726F75616E',1),
	(3299,214,X'4B53',X'4B6173736572696E65',1),
	(3300,214,X'4B42',X'4B6562696C69',1),
	(3301,214,X'4B46',X'4B6566',1),
	(3302,214,X'4D48',X'4D6168646961',1),
	(3303,214,X'4D4E',X'4D616E6F756261',1),
	(3304,214,X'4D45',X'4D6564656E696E65',1),
	(3305,214,X'4D4F',X'4D6F6E6173746972',1),
	(3306,214,X'4E41',X'4E616265756C',1),
	(3307,214,X'5346',X'53666178',1),
	(3308,214,X'5344',X'53696469',1),
	(3309,214,X'534C',X'53696C69616E61',1),
	(3310,214,X'534F',X'536F75737365',1),
	(3311,214,X'5441',X'546174616F75696E65',1),
	(3312,214,X'544F',X'546F7A657572',1),
	(3313,214,X'5455',X'54756E6973',1),
	(3314,214,X'5A41',X'5A6167686F75616E',1),
	(3315,215,X'414441',X'4164616E61',1),
	(3316,215,X'414449',X'4164C4B179616D616E',1),
	(3317,215,X'414659',X'4166796F6E6B6172616869736172',1),
	(3318,215,X'414752',X'41C49F72C4B1',1),
	(3319,215,X'414B53',X'416B7361726179',1),
	(3320,215,X'414D41',X'416D61737961',1),
	(3321,215,X'414E4B',X'416E6B617261',1),
	(3322,215,X'414E54',X'416E74616C7961',1),
	(3323,215,X'415244',X'4172646168616E',1),
	(3324,215,X'415254',X'41727476696E',1),
	(3325,215,X'415949',X'417964C4B16E',1),
	(3326,215,X'42414C',X'42616CC4B16B65736972',1),
	(3327,215,X'424152',X'42617274C4B16E',1),
	(3328,215,X'424154',X'4261746D616E',1),
	(3329,215,X'424159',X'42617962757274',1),
	(3330,215,X'42494C',X'42696C6563696B',1),
	(3331,215,X'42494E',X'42696E67C3B66C',1),
	(3332,215,X'424954',X'4269746C6973',1),
	(3333,215,X'424F4C',X'426F6C75',1),
	(3334,215,X'425244',X'427572647572',1),
	(3335,215,X'425253',X'4275727361',1),
	(3336,215,X'434B4C',X'C387616E616B6B616C65',1),
	(3337,215,X'434B52',X'C387616E6BC4B172C4B1',1),
	(3338,215,X'434F52',X'C3876F72756D',1),
	(3339,215,X'44454E',X'44656E697A6C69',1),
	(3340,215,X'444959',X'446979617262616B6972',1),
	(3341,215,X'44555A',X'44C3BC7A6365',1),
	(3342,215,X'454449',X'456469726E65',1),
	(3343,215,X'454C41',X'456C617A6967',1),
	(3344,215,X'455A43',X'45727A696E63616E',1),
	(3345,215,X'455A52',X'45727A7572756D',1),
	(3346,215,X'45534B',X'45736B69C59F65686972',1),
	(3347,215,X'47415A',X'47617A69616E746570',1),
	(3348,215,X'474952',X'4769726573756E',1),
	(3349,215,X'474D53',X'47C3BC6DC3BCC59F68616E65',1),
	(3350,215,X'484B52',X'48616B6B617269',1),
	(3351,215,X'485459',X'4861746179',1),
	(3352,215,X'494744',X'49C49F64C4B172',1),
	(3353,215,X'495350',X'49737061727461',1),
	(3354,215,X'495354',X'C4B07374616E62756C',1),
	(3355,215,X'495A4D',X'C4B07A6D6972',1),
	(3356,215,X'4B4148',X'4B616872616D616E6D617261C59F',1),
	(3357,215,X'4B5242',X'4B61726162C3BC6B',1),
	(3358,215,X'4B524D',X'4B6172616D616E',1),
	(3359,215,X'4B5253',X'4B617273',1),
	(3360,215,X'4B4153',X'4B617374616D6F6E75',1),
	(3361,215,X'4B4159',X'4B617973657269',1),
	(3362,215,X'4B4C53',X'4B696C6973',1),
	(3363,215,X'4B524B',X'4B6972696B6B616C65',1),
	(3364,215,X'4B4C52',X'4B69726B6C6172656C69',1),
	(3365,215,X'4B5248',X'4B69727365686972',1),
	(3366,215,X'4B4F43',X'4B6F6361656C69',1),
	(3367,215,X'4B4F4E',X'4B6F6E7961',1),
	(3368,215,X'4B5554',X'4BC3BC7461687961',1),
	(3369,215,X'4D414C',X'4D616C61747961',1),
	(3370,215,X'4D414E',X'4D616E697361',1),
	(3371,215,X'4D4152',X'4D617264696E',1),
	(3372,215,X'4D4552',X'4D657273696E',1),
	(3373,215,X'4D5547',X'4D75C49F6C61',1),
	(3374,215,X'4D5553',X'4D75C59F',1),
	(3375,215,X'4E4556',X'4E6576C59F65686972',1),
	(3376,215,X'4E4947',X'4E69C49F6465',1),
	(3377,215,X'4F5244',X'4F726475',1),
	(3378,215,X'4F534D',X'4F736D616E697965',1),
	(3379,215,X'52495A',X'52697A65',1),
	(3380,215,X'53414B',X'53616B61727961',1),
	(3381,215,X'53414D',X'53616D73756E',1),
	(3382,215,X'53414E',X'C59E616E6CC4B175726661',1),
	(3383,215,X'534949',X'5369697274',1),
	(3384,215,X'53494E',X'53696E6F70',1),
	(3385,215,X'534952',X'C59EC4B1726E616B',1),
	(3386,215,X'534956',X'5369766173',1),
	(3387,215,X'54454C',X'54656B69726461C49F',1),
	(3388,215,X'544F4B',X'546F6B6174',1),
	(3389,215,X'545241',X'547261627A6F6E',1),
	(3390,215,X'54554E',X'54756E63656C69',1),
	(3391,215,X'55534B',X'55C59F616B',1),
	(3392,215,X'56414E',X'56616E',1),
	(3393,215,X'59414C',X'59616C6F7661',1),
	(3394,215,X'594F5A',X'596F7A676174',1),
	(3395,215,X'5A4F4E',X'5A6F6E67756C64616B',1),
	(3396,216,X'41',X'4168616C2057656C6179617479',1),
	(3397,216,X'42',X'42616C6B616E2057656C6179617479',1),
	(3398,216,X'44',X'44617368686F77757A2057656C6179617479',1),
	(3399,216,X'4C',X'4C656261702057656C6179617479',1),
	(3400,216,X'4D',X'4D6172792057656C6179617479',1),
	(3401,217,X'4143',X'416D626572677269732043617973',1),
	(3402,217,X'4443',X'44656C6C697320436179',1),
	(3403,217,X'4643',X'4672656E636820436179',1),
	(3404,217,X'4C57',X'4C6974746C6520576174657220436179',1),
	(3405,217,X'5243',X'506172726F7420436179',1),
	(3406,217,X'504E',X'50696E6520436179',1),
	(3407,217,X'534C',X'53616C7420436179',1),
	(3408,217,X'4754',X'4772616E64205475726B',1),
	(3409,217,X'5343',X'536F75746820436169636F73',1),
	(3410,217,X'4543',X'4561737420436169636F73',1),
	(3411,217,X'4D43',X'4D6964646C6520436169636F73',1),
	(3412,217,X'4E43',X'4E6F72746820436169636F73',1),
	(3413,217,X'5052',X'50726F766964656E6369616C6573',1),
	(3414,217,X'5743',X'5765737420436169636F73',1),
	(3415,218,X'4E4D47',X'4E616E756D616E6761',1),
	(3416,218,X'4E4C4B',X'4E69756C616B697461',1),
	(3417,218,X'4E544F',X'4E697574616F',1),
	(3418,218,X'46554E',X'46756E6166757469',1),
	(3419,218,X'4E4D45',X'4E616E756D6561',1),
	(3420,218,X'4E5549',X'4E7569',1),
	(3421,218,X'4E4654',X'4E756B756665746175',1),
	(3422,218,X'4E4C4C',X'4E756B756C61656C6165',1),
	(3423,218,X'564149',X'56616974757075',1),
	(3424,219,X'4B414C',X'4B616C616E67616C61',1),
	(3425,219,X'4B4D50',X'4B616D70616C61',1),
	(3426,219,X'4B4159',X'4B6179756E6761',1),
	(3427,219,X'4B4942',X'4B69626F6761',1),
	(3428,219,X'4C5557',X'4C757765726F',1),
	(3429,219,X'4D4153',X'4D6173616B61',1),
	(3430,219,X'4D5049',X'4D70696769',1),
	(3431,219,X'4D5542',X'4D7562656E6465',1),
	(3432,219,X'4D554B',X'4D756B6F6E6F',1),
	(3433,219,X'4E4B53',X'4E616B61736F6E676F6C61',1),
	(3434,219,X'52414B',X'52616B6169',1),
	(3435,219,X'53454D',X'53656D626162756C65',1),
	(3436,219,X'57414B',X'57616B69736F',1),
	(3437,219,X'425547',X'427567697269',1),
	(3438,219,X'425553',X'4275736961',1),
	(3439,219,X'494741',X'4967616E6761',1),
	(3440,219,X'4A494E',X'4A696E6A61',1),
	(3441,219,X'4B4142',X'4B61626572616D6169646F',1),
	(3442,219,X'4B4D4C',X'4B616D756C69',1),
	(3443,219,X'4B5043',X'4B617063686F727761',1),
	(3444,219,X'4B544B',X'4B6174616B7769',1),
	(3445,219,X'4B554D',X'4B756D69',1),
	(3446,219,X'4D4159',X'4D6179756765',1),
	(3447,219,X'4D4241',X'4D62616C65',1),
	(3448,219,X'50414C',X'50616C6C697361',1),
	(3449,219,X'534952',X'5369726F6E6B6F',1),
	(3450,219,X'534F52',X'536F726F7469',1),
	(3451,219,X'544F52',X'546F726F726F',1),
	(3452,219,X'41444A',X'41646A756D616E69',1),
	(3453,219,X'415043',X'41706163',1),
	(3454,219,X'415255',X'41727561',1),
	(3455,219,X'47554C',X'47756C75',1),
	(3456,219,X'4B4954',X'4B697467756D',1),
	(3457,219,X'4B4F54',X'4B6F7469646F',1),
	(3458,219,X'4C4952',X'4C697261',1),
	(3459,219,X'4D5254',X'4D6F726F746F',1),
	(3460,219,X'4D4F59',X'4D6F796F',1),
	(3461,219,X'4E414B',X'4E616B61706972697069726974',1),
	(3462,219,X'4E4542',X'4E65626269',1),
	(3463,219,X'504144',X'5061646572',1),
	(3464,219,X'59554D',X'59756D6265',1),
	(3465,219,X'42554E',X'42756E6469627567796F',1),
	(3466,219,X'425348',X'42757368656E7969',1),
	(3467,219,X'484F49',X'486F696D61',1),
	(3468,219,X'4B424C',X'4B6162616C65',1),
	(3469,219,X'4B4152',X'4B616261726F6C65',1),
	(3470,219,X'4B414D',X'4B616D77656E6765',1),
	(3471,219,X'4B414E',X'4B616E756E6775',1),
	(3472,219,X'4B4153',X'4B6173657365',1),
	(3473,219,X'4B4241',X'4B696261616C65',1),
	(3474,219,X'4B4953',X'4B69736F726F',1),
	(3475,219,X'4B5945',X'4B79656E6A6F6A6F',1),
	(3476,219,X'4D534E',X'4D6173696E6469',1),
	(3477,219,X'4D4252',X'4D626172617261',1),
	(3478,219,X'4E5455',X'4E74756E67616D6F',1),
	(3479,219,X'52554B',X'52756B756E67697269',1),
	(3480,220,X'434B',X'436865726B617379',1),
	(3481,220,X'4348',X'436865726E69686976',1),
	(3482,220,X'4356',X'436865726E6976747369',1),
	(3483,220,X'4352',X'4372696D6561',1),
	(3484,220,X'444E',X'446E6970726F706574726F7673276B',1),
	(3485,220,X'444F',X'446F6E657473276B',1),
	(3486,220,X'4956',X'4976616E6F2D4672616E6B697673276B',1),
	(3487,220,X'4B4C',X'4B6861726B6976204B686572736F6E',1),
	(3488,220,X'4B4D',X'4B686D656C276E797473276B7979',1),
	(3489,220,X'4B52',X'4B69726F766F68726164',1),
	(3490,220,X'4B56',X'4B696576',1),
	(3491,220,X'4B59',X'4B79796976',1),
	(3492,220,X'4C55',X'4C7568616E73276B',1),
	(3493,220,X'4C56',X'4C27766976',1),
	(3494,220,X'4D59',X'4D796B6F6C61796976',1),
	(3495,220,X'4F44',X'4F64657361',1),
	(3496,220,X'504F',X'506F6C74617661',1),
	(3497,220,X'5249',X'5269766E65',1),
	(3498,220,X'5345',X'5365766173746F706F6C',1),
	(3499,220,X'5355',X'53756D79',1),
	(3500,220,X'5445',X'5465726E6F70696C27',1),
	(3501,220,X'5649',X'56696E6E7974737961',1),
	(3502,220,X'564F',X'566F6C796E27',1),
	(3503,220,X'5A4B',X'5A616B6172706174747961',1),
	(3504,220,X'5A41',X'5A61706F72697A687A687961',1),
	(3505,220,X'5A48',X'5A6879746F6D7972',1),
	(3506,221,X'415A',X'416275205A616279',1),
	(3507,221,X'414A',X'27416A6D616E',1),
	(3508,221,X'4655',X'416C2046756A6179726168',1),
	(3509,221,X'5348',X'417368205368617269716168',1),
	(3510,221,X'4455',X'447562617979',1),
	(3511,221,X'524B',X'5227617320616C204B6861796D6168',1),
	(3512,221,X'5551',X'556D6D20616C205161797761796E',1),
	(3513,222,X'41424E',X'416265726465656E',1),
	(3514,222,X'41424E53',X'416265726465656E7368697265',1),
	(3515,222,X'414E47',X'416E676C65736579',1),
	(3516,222,X'414753',X'416E677573',1),
	(3517,222,X'415259',X'417267796C6C20616E642042757465',1),
	(3518,222,X'42454453',X'426564666F72647368697265',1),
	(3519,222,X'4245524B53',X'4265726B7368697265',1),
	(3520,222,X'424C41',X'426C61656E6175204777656E74',1),
	(3521,222,X'425249',X'4272696467656E64',1),
	(3522,222,X'4253544C',X'42726973746F6C',1),
	(3523,222,X'4255434B53',X'4275636B696E6768616D7368697265',1),
	(3524,222,X'434145',X'436165727068696C6C79',1),
	(3525,222,X'43414D4253',X'43616D6272696467657368697265',1),
	(3526,222,X'434446',X'43617264696666',1),
	(3527,222,X'4341524D',X'4361726D61727468656E7368697265',1),
	(3528,222,X'4344474E',X'43657265646967696F6E',1),
	(3529,222,X'43484553',X'4368657368697265',1),
	(3530,222,X'434C41434B',X'436C61636B6D616E6E616E7368697265',1),
	(3531,222,X'434F4E',X'436F6E7779',1),
	(3532,222,X'434F524E',X'436F726E77616C6C',1),
	(3533,222,X'444E4247',X'44656E626967687368697265',1),
	(3534,222,X'4445524259',X'44657262797368697265',1),
	(3535,222,X'44564E',X'4465766F6E',1),
	(3536,222,X'444F52',X'446F72736574',1),
	(3537,222,X'44474C',X'44756D667269657320616E642047616C6C6F776179',1),
	(3538,222,X'44554E44',X'44756E646565',1),
	(3539,222,X'44484D',X'44757268616D',1),
	(3540,222,X'41525945',X'45617374204179727368697265',1),
	(3541,222,X'44554E4245',X'456173742044756E626172746F6E7368697265',1),
	(3542,222,X'4C4F5445',X'45617374204C6F746869616E',1),
	(3543,222,X'52454E45',X'456173742052656E667265777368697265',1),
	(3544,222,X'45525953',X'4561737420526964696E67206F6620596F726B7368697265',1),
	(3545,222,X'535845',X'4561737420537573736578',1),
	(3546,222,X'4544494E',X'4564696E6275726768',1),
	(3547,222,X'455358',X'4573736578',1),
	(3548,222,X'46414C4B',X'46616C6B69726B',1),
	(3549,222,X'464645',X'46696665',1),
	(3550,222,X'464C494E54',X'466C696E747368697265',1),
	(3551,222,X'474C4153',X'476C6173676F77',1),
	(3552,222,X'474C4F53',X'476C6F756365737465727368697265',1),
	(3553,222,X'4C444E',X'47726561746572204C6F6E646F6E',1),
	(3554,222,X'4D4348',X'47726561746572204D616E63686573746572',1),
	(3555,222,X'474444',X'4777796E656464',1),
	(3556,222,X'48414E5453',X'48616D707368697265',1),
	(3557,222,X'485752',X'48657265666F72647368697265',1),
	(3558,222,X'4845525453',X'48657274666F72647368697265',1),
	(3559,222,X'484C44',X'486967686C616E6473',1),
	(3560,222,X'49564552',X'496E766572636C796465',1),
	(3561,222,X'494F57',X'49736C65206F66205769676874',1),
	(3562,222,X'4B4E54',X'4B656E74',1),
	(3563,222,X'4C414E4353',X'4C616E63617368697265',1),
	(3564,222,X'4C45494353',X'4C65696365737465727368697265',1),
	(3565,222,X'4C494E4353',X'4C696E636F6C6E7368697265',1),
	(3566,222,X'4D5359',X'4D657273657973696465',1),
	(3567,222,X'4D455254',X'4D6572746879722054796466696C',1),
	(3568,222,X'4D4C4F54',X'4D69646C6F746869616E',1),
	(3569,222,X'4D4D4F555448',X'4D6F6E6D6F7574687368697265',1),
	(3570,222,X'4D4F524159',X'4D6F726179',1),
	(3571,222,X'4E505254414C',X'4E6561746820506F72742054616C626F74',1),
	(3572,222,X'4E45575054',X'4E6577706F7274',1),
	(3573,222,X'4E4F52',X'4E6F72666F6C6B',1),
	(3574,222,X'4152594E',X'4E6F727468204179727368697265',1),
	(3575,222,X'4C414E4E',X'4E6F727468204C616E61726B7368697265',1),
	(3576,222,X'59534E',X'4E6F72746820596F726B7368697265',1),
	(3577,222,X'4E484D',X'4E6F727468616D70746F6E7368697265',1),
	(3578,222,X'4E4C44',X'4E6F727468756D6265726C616E64',1),
	(3579,222,X'4E4F54',X'4E6F7474696E6768616D7368697265',1),
	(3580,222,X'4F524B',X'4F726B6E65792049736C616E6473',1),
	(3581,222,X'4F4645',X'4F78666F72647368697265',1),
	(3582,222,X'50454D',X'50656D62726F6B657368697265',1),
	(3583,222,X'5045525448',X'506572746820616E64204B696E726F7373',1),
	(3584,222,X'505753',X'506F777973',1),
	(3585,222,X'52454E',X'52656E667265777368697265',1),
	(3586,222,X'52484F4E',X'52686F6E6464612043796E6F6E2054616666',1),
	(3587,222,X'525554',X'5275746C616E64',1),
	(3588,222,X'424F52',X'53636F747469736820426F7264657273',1),
	(3589,222,X'53484554',X'536865746C616E642049736C616E6473',1),
	(3590,222,X'535045',X'5368726F707368697265',1),
	(3591,222,X'534F4D',X'536F6D6572736574',1),
	(3592,222,X'41525953',X'536F757468204179727368697265',1),
	(3593,222,X'4C414E53',X'536F757468204C616E61726B7368697265',1),
	(3594,222,X'595353',X'536F75746820596F726B7368697265',1),
	(3595,222,X'534644',X'53746166666F72647368697265',1),
	(3596,222,X'53544952',X'537469726C696E67',1),
	(3597,222,X'53464B',X'537566666F6C6B',1),
	(3598,222,X'535259',X'537572726579',1),
	(3599,222,X'5357414E',X'5377616E736561',1),
	(3600,222,X'544F5246',X'546F726661656E',1),
	(3601,222,X'545752',X'54796E6520616E642057656172',1),
	(3602,222,X'56474C414D',X'56616C65206F6620476C616D6F7267616E',1),
	(3603,222,X'5741524B53',X'5761727769636B7368697265',1),
	(3604,222,X'5744554E',X'576573742044756E626172746F6E7368697265',1),
	(3605,222,X'574C4F54',X'57657374204C6F746869616E',1),
	(3606,222,X'574D44',X'57657374204D69646C616E6473',1),
	(3607,222,X'535857',X'5765737420537573736578',1),
	(3608,222,X'595357',X'5765737420596F726B7368697265',1),
	(3609,222,X'57494C',X'5765737465726E2049736C6573',1),
	(3610,222,X'574C54',X'57696C747368697265',1),
	(3611,222,X'574F524353',X'576F726365737465727368697265',1),
	(3612,222,X'575258',X'5772657868616D',1),
	(3613,223,X'414C',X'416C6162616D61',1),
	(3614,223,X'414B',X'416C61736B61',1),
	(3615,223,X'4153',X'416D65726963616E2053616D6F61',1),
	(3616,223,X'415A',X'4172697A6F6E61',1),
	(3617,223,X'4152',X'41726B616E736173',1),
	(3618,223,X'4146',X'41726D656420466F7263657320416672696361',1),
	(3619,223,X'4141',X'41726D656420466F7263657320416D657269636173',1),
	(3620,223,X'4143',X'41726D656420466F726365732043616E616461',1),
	(3621,223,X'4145',X'41726D656420466F72636573204575726F7065',1),
	(3622,223,X'414D',X'41726D656420466F72636573204D6964646C652045617374',1),
	(3623,223,X'4150',X'41726D656420466F726365732050616369666963',1),
	(3624,223,X'4341',X'43616C69666F726E6961',1),
	(3625,223,X'434F',X'436F6C6F7261646F',1),
	(3626,223,X'4354',X'436F6E6E65637469637574',1),
	(3627,223,X'4445',X'44656C6177617265',1),
	(3628,223,X'4443',X'4469737472696374206F6620436F6C756D626961',1),
	(3629,223,X'464D',X'46656465726174656420537461746573204F66204D6963726F6E65736961',1),
	(3630,223,X'464C',X'466C6F72696461',1),
	(3631,223,X'4741',X'47656F72676961',1),
	(3632,223,X'4755',X'4775616D',1),
	(3633,223,X'4849',X'486177616969',1),
	(3634,223,X'4944',X'496461686F',1),
	(3635,223,X'494C',X'496C6C696E6F6973',1),
	(3636,223,X'494E',X'496E6469616E61',1),
	(3637,223,X'4941',X'496F7761',1),
	(3638,223,X'4B53',X'4B616E736173',1),
	(3639,223,X'4B59',X'4B656E7475636B79',1),
	(3640,223,X'4C41',X'4C6F75697369616E61',1),
	(3641,223,X'4D45',X'4D61696E65',1),
	(3642,223,X'4D48',X'4D61727368616C6C2049736C616E6473',1),
	(3643,223,X'4D44',X'4D6172796C616E64',1),
	(3644,223,X'4D41',X'4D617373616368757365747473',1),
	(3645,223,X'4D49',X'4D6963686967616E',1),
	(3646,223,X'4D4E',X'4D696E6E65736F7461',1),
	(3647,223,X'4D53',X'4D69737369737369707069',1),
	(3648,223,X'4D4F',X'4D6973736F757269',1),
	(3649,223,X'4D54',X'4D6F6E74616E61',1),
	(3650,223,X'4E45',X'4E65627261736B61',1),
	(3651,223,X'4E56',X'4E6576616461',1),
	(3652,223,X'4E48',X'4E65772048616D707368697265',1),
	(3653,223,X'4E4A',X'4E6577204A6572736579',1),
	(3654,223,X'4E4D',X'4E6577204D657869636F',1),
	(3655,223,X'4E59',X'4E657720596F726B',1),
	(3656,223,X'4E43',X'4E6F727468204361726F6C696E61',1),
	(3657,223,X'4E44',X'4E6F7274682044616B6F7461',1),
	(3658,223,X'4D50',X'4E6F72746865726E204D617269616E612049736C616E6473',1),
	(3659,223,X'4F48',X'4F68696F',1),
	(3660,223,X'4F4B',X'4F6B6C61686F6D61',1),
	(3661,223,X'4F52',X'4F7265676F6E',1),
	(3662,223,X'5057',X'50616C6175',1),
	(3663,223,X'5041',X'50656E6E73796C76616E6961',1),
	(3664,223,X'5052',X'50756572746F205269636F',1),
	(3665,223,X'5249',X'52686F64652049736C616E64',1),
	(3666,223,X'5343',X'536F757468204361726F6C696E61',1),
	(3667,223,X'5344',X'536F7574682044616B6F7461',1),
	(3668,223,X'544E',X'54656E6E6573736565',1),
	(3669,223,X'5458',X'5465786173',1),
	(3670,223,X'5554',X'55746168',1),
	(3671,223,X'5654',X'5665726D6F6E74',1),
	(3672,223,X'5649',X'56697267696E2049736C616E6473',1),
	(3673,223,X'5641',X'56697267696E6961',1),
	(3674,223,X'5741',X'57617368696E67746F6E',1),
	(3675,223,X'5756',X'576573742056697267696E6961',1),
	(3676,223,X'5749',X'576973636F6E73696E',1),
	(3677,223,X'5759',X'57796F6D696E67',1),
	(3678,224,X'4249',X'42616B65722049736C616E64',1),
	(3679,224,X'4849',X'486F776C616E642049736C616E64',1),
	(3680,224,X'4A49',X'4A61727669732049736C616E64',1),
	(3681,224,X'4A41',X'4A6F686E73746F6E2041746F6C6C',1),
	(3682,224,X'4B52',X'4B696E676D616E2052656566',1),
	(3683,224,X'4D41',X'4D69647761792041746F6C6C',1),
	(3684,224,X'4E49',X'4E6176617373612049736C616E64',1),
	(3685,224,X'5041',X'50616C6D7972612041746F6C6C',1),
	(3686,224,X'5749',X'57616B652049736C616E64',1),
	(3687,225,X'4152',X'41727469676173',1),
	(3688,225,X'4341',X'43616E656C6F6E6573',1),
	(3689,225,X'434C',X'436572726F204C6172676F',1),
	(3690,225,X'434F',X'436F6C6F6E6961',1),
	(3691,225,X'4455',X'447572617A6E6F',1),
	(3692,225,X'4653',X'466C6F726573',1),
	(3693,225,X'4641',X'466C6F72696461',1),
	(3694,225,X'4C41',X'4C6176616C6C656A61',1),
	(3695,225,X'4D41',X'4D616C646F6E61646F',1),
	(3696,225,X'4D4F',X'4D6F6E7465766964656F',1),
	(3697,225,X'5041',X'50617973616E6475',1),
	(3698,225,X'524E',X'52696F204E6567726F',1),
	(3699,225,X'5256',X'526976657261',1),
	(3700,225,X'524F',X'526F636861',1),
	(3701,225,X'534C',X'53616C746F',1),
	(3702,225,X'534A',X'53616E204A6F7365',1),
	(3703,225,X'534F',X'536F7269616E6F',1),
	(3704,225,X'5441',X'546163756172656D626F',1),
	(3705,225,X'5454',X'547265696E746120792054726573',1),
	(3706,226,X'414E',X'416E64696A6F6E',1),
	(3707,226,X'4255',X'4275786F726F',1),
	(3708,226,X'4641',X'46617267276F6E61',1),
	(3709,226,X'4A49',X'4A697A7A6178',1),
	(3710,226,X'4E47',X'4E616D616E67616E',1),
	(3711,226,X'4E57',X'4E61766F6979',1),
	(3712,226,X'5141',X'516173687161646172796F',1),
	(3713,226,X'5152',X'516F726171616C706F67276973746F6E2052657075626C696B617369',1),
	(3714,226,X'5341',X'53616D617271616E64',1),
	(3715,226,X'5349',X'536972646172796F',1),
	(3716,226,X'5355',X'537572786F6E646172796F',1),
	(3717,226,X'544B',X'546F73686B656E742043697479',1),
	(3718,226,X'544F',X'546F73686B656E7420526567696F6E',1),
	(3719,226,X'584F',X'586F72617A6D',1),
	(3720,227,X'4D41',X'4D616C616D7061',1),
	(3721,227,X'5045',X'50656E616D61',1),
	(3722,227,X'5341',X'53616E6D61',1),
	(3723,227,X'5348',X'5368656661',1),
	(3724,227,X'5441',X'5461666561',1),
	(3725,227,X'544F',X'546F726261',1),
	(3726,229,X'414D',X'416D617A6F6E6173',1),
	(3727,229,X'414E',X'416E7A6F617465677569',1),
	(3728,229,X'4150',X'4170757265',1),
	(3729,229,X'4152',X'417261677561',1),
	(3730,229,X'4241',X'426172696E6173',1),
	(3731,229,X'424F',X'426F6C69766172',1),
	(3732,229,X'4341',X'43617261626F626F',1),
	(3733,229,X'434F',X'436F6A65646573',1),
	(3734,229,X'4441',X'44656C746120416D616375726F',1),
	(3735,229,X'4446',X'446570656E64656E63696173204665646572616C6573',1),
	(3736,229,X'4449',X'446973747269746F204665646572616C',1),
	(3737,229,X'4641',X'46616C636F6E',1),
	(3738,229,X'4755',X'4775617269636F',1),
	(3739,229,X'4C41',X'4C617261',1),
	(3740,229,X'4D45',X'4D6572696461',1),
	(3741,229,X'4D49',X'4D6972616E6461',1),
	(3742,229,X'4D4F',X'4D6F6E61676173',1),
	(3743,229,X'4E45',X'4E756576612045737061727461',1),
	(3744,229,X'504F',X'506F7274756775657361',1),
	(3745,229,X'5355',X'5375637265',1),
	(3746,229,X'5441',X'54616368697261',1),
	(3747,229,X'5452',X'5472756A696C6C6F',1),
	(3748,229,X'5641',X'566172676173',1),
	(3749,229,X'5941',X'59617261637579',1),
	(3750,229,X'5A55',X'5A756C6961',1),
	(3751,230,X'4147',X'416E204769616E67',1),
	(3752,230,X'4247',X'426163204769616E67',1),
	(3753,230,X'424B',X'426163204B616E',1),
	(3754,230,X'424C',X'426163204C696575',1),
	(3755,230,X'4243',X'426163204E696E68',1),
	(3756,230,X'4252',X'4261205269612D56756E6720546175',1),
	(3757,230,X'424E',X'42656E20547265',1),
	(3758,230,X'4248',X'42696E682044696E68',1),
	(3759,230,X'4255',X'42696E682044756F6E67',1),
	(3760,230,X'4250',X'42696E68205068756F63',1),
	(3761,230,X'4254',X'42696E6820546875616E',1),
	(3762,230,X'434D',X'4361204D6175',1),
	(3763,230,X'4354',X'43616E2054686F',1),
	(3764,230,X'4342',X'43616F2042616E67',1),
	(3765,230,X'444C',X'44616B204C616B',1),
	(3766,230,X'4447',X'44616B204E6F6E67',1),
	(3767,230,X'444E',X'4461204E616E67',1),
	(3768,230,X'4442',X'4469656E204269656E',1),
	(3769,230,X'4449',X'446F6E67204E6169',1),
	(3770,230,X'4454',X'446F6E672054686170',1),
	(3771,230,X'474C',X'476961204C6169',1),
	(3772,230,X'4847',X'4861204769616E67',1),
	(3773,230,X'4844',X'4861692044756F6E67',1),
	(3774,230,X'4850',X'4861692050686F6E67',1),
	(3775,230,X'484D',X'4861204E616D',1),
	(3776,230,X'4849',X'4861204E6F69',1),
	(3777,230,X'4854',X'486120546179',1),
	(3778,230,X'4848',X'48612054696E68',1),
	(3779,230,X'4842',X'486F612042696E68',1),
	(3780,230,X'4843',X'486F20436869204D696E682043697479',1),
	(3781,230,X'4855',X'486175204769616E67',1),
	(3782,230,X'4859',X'48756E672059656E',1),
	(3783,232,X'43',X'5361696E742043726F6978',1),
	(3784,232,X'4A',X'5361696E74204A6F686E',1),
	(3785,232,X'54',X'5361696E742054686F6D6173',1),
	(3786,233,X'41',X'416C6F',1),
	(3787,233,X'53',X'536967617665',1),
	(3788,233,X'57',X'57616C6C6973',1),
	(3789,235,X'4142',X'416279616E',1),
	(3790,235,X'4144',X'4164616E',1),
	(3791,235,X'414D',X'416D72616E',1),
	(3792,235,X'4241',X'416C204261796461',1),
	(3793,235,X'4441',X'41642044616C69',1),
	(3794,235,X'4448',X'4468616D6172',1),
	(3795,235,X'4844',X'48616472616D617774',1),
	(3796,235,X'484A',X'48616A6A6168',1),
	(3797,235,X'4855',X'416C204875646179646168',1),
	(3798,235,X'4942',X'496262',1),
	(3799,235,X'4A41',X'416C204A617766',1),
	(3800,235,X'4C41',X'4C6168696A',1),
	(3801,235,X'4D41',X'4D6127726962',1),
	(3802,235,X'4D52',X'416C204D6168726168',1),
	(3803,235,X'4D57',X'416C204D6168776974',1),
	(3804,235,X'5344',X'536127646168',1),
	(3805,235,X'534E',X'53616E2761',1),
	(3806,235,X'5348',X'53686162776168',1),
	(3807,235,X'5441',X'546127697A7A',1),
	(3812,237,X'4243',X'4261732D436F6E676F',1),
	(3813,237,X'424E',X'42616E64756E6475',1),
	(3814,237,X'4551',X'4571756174657572',1),
	(3815,237,X'4B41',X'4B6174616E6761',1),
	(3816,237,X'4B45',X'4B617361692D4F7269656E74616C',1),
	(3817,237,X'4B4E',X'4B696E7368617361',1),
	(3818,237,X'4B57',X'4B617361692D4F63636964656E74616C',1),
	(3819,237,X'4D41',X'4D616E69656D61',1),
	(3820,237,X'4E4B',X'4E6F72642D4B697675',1),
	(3821,237,X'4F52',X'4F7269656E74616C65',1),
	(3822,237,X'534B',X'5375642D4B697675',1),
	(3823,238,X'4345',X'43656E7472616C',1),
	(3824,238,X'4342',X'436F7070657262656C74',1),
	(3825,238,X'4541',X'4561737465726E',1),
	(3826,238,X'4C50',X'4C756170756C61',1),
	(3827,238,X'4C4B',X'4C7573616B61',1),
	(3828,238,X'4E4F',X'4E6F72746865726E',1),
	(3829,238,X'4E57',X'4E6F7274682D5765737465726E',1),
	(3830,238,X'534F',X'536F75746865726E',1),
	(3831,238,X'5745',X'5765737465726E',1),
	(3832,239,X'4255',X'42756C617761796F',1),
	(3833,239,X'4841',X'486172617265',1),
	(3834,239,X'4D4C',X'4D616E6963616C616E64',1),
	(3835,239,X'4D43',X'4D6173686F6E616C616E642043656E7472616C',1),
	(3836,239,X'4D45',X'4D6173686F6E616C616E642045617374',1),
	(3837,239,X'4D57',X'4D6173686F6E616C616E642057657374',1),
	(3838,239,X'4D56',X'4D617376696E676F',1),
	(3839,239,X'4D4E',X'4D61746162656C656C616E64204E6F727468',1),
	(3840,239,X'4D53',X'4D61746162656C656C616E6420536F757468',1),
	(3841,239,X'4D44',X'4D69646C616E6473',1),
	(3861,105,X'4342',X'43616D706F626173736F',1),
	(3862,105,X'4349',X'436172626F6E69612D49676C6573696173',1),
	(3863,105,X'4345',X'43617365727461',1),
	(3864,105,X'4354',X'436174616E6961',1),
	(3865,105,X'435A',X'436174616E7A61726F',1),
	(3866,105,X'4348',X'436869657469',1),
	(3867,105,X'434F',X'436F6D6F',1),
	(3868,105,X'4353',X'436F73656E7A61',1),
	(3869,105,X'4352',X'4372656D6F6E61',1),
	(3870,105,X'4B52',X'43726F746F6E65',1),
	(3871,105,X'434E',X'43756E656F',1),
	(3872,105,X'454E',X'456E6E61',1),
	(3873,105,X'4645',X'46657272617261',1),
	(3874,105,X'4649',X'466972656E7A65',1),
	(3875,105,X'4647',X'466F67676961',1),
	(3876,105,X'4643',X'466F726C692D436573656E61',1),
	(3877,105,X'4652',X'46726F73696E6F6E65',1),
	(3878,105,X'4745',X'47656E6F7661',1),
	(3879,105,X'474F',X'476F72697A6961',1),
	(3880,105,X'4752',X'47726F737365746F',1),
	(3881,105,X'494D',X'496D7065726961',1),
	(3882,105,X'4953',X'497365726E6961',1),
	(3883,105,X'4151',X'4C262333393B417175696C61',1),
	(3884,105,X'5350',X'4C61205370657A6961',1),
	(3885,105,X'4C54',X'4C6174696E61',1),
	(3886,105,X'4C45',X'4C65636365',1),
	(3887,105,X'4C43',X'4C6563636F',1),
	(3888,105,X'4C49',X'4C69766F726E6F',1),
	(3889,105,X'4C4F',X'4C6F6469',1),
	(3890,105,X'4C55',X'4C75636361',1),
	(3891,105,X'4D43',X'4D61636572617461',1),
	(3892,105,X'4D4E',X'4D616E746F7661',1),
	(3893,105,X'4D53',X'4D617373612D43617272617261',1),
	(3894,105,X'4D54',X'4D6174657261',1),
	(3895,105,X'5653',X'4D6564696F2043616D706964616E6F',1),
	(3896,105,X'4D45',X'4D657373696E61',1),
	(3897,105,X'4D49',X'4D696C616E6F',1),
	(3898,105,X'4D4F',X'4D6F64656E61',1),
	(3899,105,X'4E41',X'4E61706F6C69',1),
	(3900,105,X'4E4F',X'4E6F76617261',1),
	(3901,105,X'4E55',X'4E756F726F',1),
	(3902,105,X'4F47',X'4F676C696173747261',1),
	(3903,105,X'4F54',X'4F6C6269612D54656D70696F',1),
	(3904,105,X'4F52',X'4F72697374616E6F',1),
	(3905,105,X'5044',X'5061646F7661',1),
	(3906,105,X'5041',X'50616C65726D6F',1),
	(3907,105,X'5052',X'5061726D61',1),
	(3908,105,X'5056',X'5061766961',1),
	(3909,105,X'5047',X'50657275676961',1),
	(3910,105,X'5055',X'50657361726F206520557262696E6F',1),
	(3911,105,X'5045',X'50657363617261',1),
	(3912,105,X'5043',X'50696163656E7A61',1),
	(3913,105,X'5049',X'50697361',1),
	(3914,105,X'5054',X'506973746F6961',1),
	(3915,105,X'504E',X'506F7264656E6F6E65',1),
	(3916,105,X'505A',X'506F74656E7A61',1),
	(3917,105,X'504F',X'507261746F',1),
	(3918,105,X'5247',X'526167757361',1),
	(3919,105,X'5241',X'526176656E6E61',1),
	(3920,105,X'5243',X'52656767696F2043616C6162726961',1),
	(3921,105,X'5245',X'52656767696F20456D696C6961',1),
	(3922,105,X'5249',X'5269657469',1),
	(3923,105,X'524E',X'52696D696E69',1),
	(3924,105,X'524D',X'526F6D61',1),
	(3925,105,X'524F',X'526F7669676F',1),
	(3926,105,X'5341',X'53616C65726E6F',1),
	(3927,105,X'5353',X'53617373617269',1),
	(3928,105,X'5356',X'5361766F6E61',1),
	(3929,105,X'5349',X'5369656E61',1),
	(3930,105,X'5352',X'5369726163757361',1),
	(3931,105,X'534F',X'536F6E6472696F',1),
	(3932,105,X'5441',X'546172616E746F',1),
	(3933,105,X'5445',X'546572616D6F',1),
	(3934,105,X'5452',X'5465726E69',1),
	(3935,105,X'544F',X'546F72696E6F',1),
	(3936,105,X'5450',X'54726170616E69',1),
	(3937,105,X'544E',X'5472656E746F',1),
	(3938,105,X'5456',X'5472657669736F',1),
	(3939,105,X'5453',X'54726965737465',1),
	(3940,105,X'5544',X'5564696E65',1),
	(3941,105,X'5641',X'566172657365',1),
	(3942,105,X'5645',X'56656E657A6961',1),
	(3943,105,X'5642',X'56657262616E6F2D437573696F2D4F73736F6C61',1),
	(3944,105,X'5643',X'56657263656C6C69',1),
	(3945,105,X'5652',X'5665726F6E61',1),
	(3946,105,X'5656',X'5669626F2056616C656E746961',1),
	(3947,105,X'5649',X'566963656E7A61',1),
	(3948,105,X'5654',X'5669746572626F',1),
	(3949,222,X'414E54',X'436F756E747920416E7472696D',1),
	(3950,222,X'41524D',X'436F756E74792041726D616768',1),
	(3951,222,X'444F57',X'436F756E747920446F776E',1),
	(3952,222,X'464552',X'436F756E7479204665726D616E616768',1),
	(3953,222,X'4C4459',X'436F756E7479204C6F6E646F6E6465727279',1),
	(3954,222,X'545952',X'436F756E7479205479726F6E65',1),
	(3955,222,X'434D41',X'43756D62726961',1),
	(3956,190,X'31',X'506F6D7572736B61',1),
	(3957,190,X'32',X'506F64726176736B61',1),
	(3958,190,X'33',X'4B6F726FC5A16B61',1),
	(3959,190,X'34',X'536176696E6A736B61',1),
	(3960,190,X'35',X'5A61736176736B61',1),
	(3961,190,X'36',X'53706F646E6A65706F736176736B61',1),
	(3962,190,X'37',X'4A75676F767A686F646E6120536C6F76656E696A61',1),
	(3963,190,X'38',X'4F737265646E6A65736C6F76656E736B61',1),
	(3964,190,X'39',X'476F72656E6A736B61',1),
	(3965,190,X'3130',X'4E6F7472616E6A736B6F2D6B7261C5A16B61',1),
	(3966,190,X'3131',X'476F7269C5A16B61',1),
	(3967,190,X'3132',X'4F62616C6E6F2D6B7261C5A16B61',1),
	(3968,33,X'',X'52757365',1),
	(3969,101,X'414C42',X'416C626F727A',1),
	(3970,21,X'425255',X'4272757373656C732D4361706974616C20526567696F6E',1),
	(3971,138,X'4147',X'416775617363616C69656E746573',1),
	(3972,222,X'494F4D',X'49736C65206F66204D616E',1),
	(3973,242,X'3031',X'416E6472696A6576696361',1),
	(3974,242,X'3032',X'426172',1),
	(3975,242,X'3033',X'426572616E65',1),
	(3976,242,X'3034',X'42696A656C6F20506F6C6A65',1),
	(3977,242,X'3035',X'4275647661',1),
	(3978,242,X'3036',X'436574696E6A65',1),
	(3979,242,X'3037',X'44616E696C6F7667726164',1),
	(3980,242,X'3038',X'4865726365672D4E6F7669',1),
	(3981,242,X'3039',X'4B6F6C61C5A1696E',1),
	(3982,242,X'3130',X'4B6F746F72',1),
	(3983,242,X'3131',X'4D6F6A6B6F766163',1),
	(3984,242,X'3132',X'4E696BC5A169C487',1),
	(3985,242,X'3133',X'506C6176',1),
	(3986,242,X'3134',X'506C6A65766C6A61',1),
	(3987,242,X'3135',X'506C75C5BE696E65',1),
	(3988,242,X'3136',X'506F64676F72696361',1),
	(3989,242,X'3137',X'526FC5BE616A65',1),
	(3990,242,X'3138',X'C5A061766E696B',1),
	(3991,242,X'3139',X'5469766174',1),
	(3992,242,X'3230',X'556C63696E6A',1),
	(3993,242,X'3231',X'C5BD61626C6A616B',1),
	(3994,243,X'3030',X'42656C6772616465',1),
	(3995,243,X'3031',X'4E6F727468204261C48D6B61',1),
	(3996,243,X'3032',X'43656E7472616C2042616E6174',1),
	(3997,243,X'3033',X'4E6F7274682042616E6174',1),
	(3998,243,X'3034',X'536F7574682042616E6174',1),
	(3999,243,X'3035',X'57657374204261C48D6B61',1),
	(4000,243,X'3036',X'536F757468204261C48D6B61',1),
	(4001,243,X'3037',X'5372656D',1),
	(4002,243,X'3038',X'4D61C48D7661',1),
	(4003,243,X'3039',X'4B6F6C7562617261',1),
	(4004,243,X'3130',X'506F64756E61766C6A65',1),
	(4005,243,X'3131',X'4272616E69C48D65766F',1),
	(4006,243,X'3132',X'C5A0756D6164696A61',1),
	(4007,243,X'3133',X'506F6D6F7261766C6A65',1),
	(4008,243,X'3134',X'426F72',1),
	(4009,243,X'3135',X'5A616A65C48D6172',1),
	(4010,243,X'3136',X'5A6C617469626F72',1),
	(4011,243,X'3137',X'4D6F726176696361',1),
	(4012,243,X'3138',X'5261C5A16B61',1),
	(4013,243,X'3139',X'526173696E61',1),
	(4014,243,X'3230',X'4E69C5A1617661',1),
	(4015,243,X'3231',X'546F706C696361',1),
	(4016,243,X'3232',X'5069726F74',1),
	(4017,243,X'3233',X'4A61626C616E696361',1),
	(4018,243,X'3234',X'50C48D696E6A61',1),
	(4019,243,X'4B4D',X'4B6F736F766F',1);



# Dump of table zone_to_geo_zone
# ------------------------------------------------------------


CREATE TABLE `zone_to_geo_zone` (
  `zone_to_geo_zone_id` int(11) NOT NULL AUTO_INCREMENT,
  `country_id` int(11) NOT NULL,
  `zone_id` int(11) NOT NULL DEFAULT '0',
  `geo_zone_id` int(11) NOT NULL,
  `date_added` datetime NOT NULL DEFAULT '0000-00-00 00:00:00',
  `date_modified` datetime NOT NULL DEFAULT '0000-00-00 00:00:00',
  PRIMARY KEY (`zone_to_geo_zone_id`)
) ENGINE=MyISAM DEFAULT CHARSET=utf8 COLLATE=utf8_bin;


INSERT INTO `zone_to_geo_zone` (`zone_to_geo_zone_id`, `country_id`, `zone_id`, `geo_zone_id`, `date_added`, `date_modified`)
VALUES
	(214,100,0,39,'2013-10-12 08:25:57','0000-00-00 00:00:00');




