# ************************************************************
# Sequel Pro SQL dump
# Version 4096
#
# http://www.sequelpro.com/
# http://code.google.com/p/sequel-pro/
#
# Host: 103.23.20.140 (MySQL 5.1.71)
# Database: bukatoko_melileap
# Generation Time: 2014-02-11 02:12:50 +0000
# ************************************************************




# Dump of table address
# ------------------------------------------------------------


CREATE TABLE `address` (
  `address_id` int(11) NOT NULL AUTO_INCREMENT,
  `customer_id` int(11) NOT NULL,
  `firstname` varchar(32) COLLATE utf8_bin NOT NULL DEFAULT '',
  `lastname` varchar(32) COLLATE utf8_bin NOT NULL DEFAULT '',
  `company` varchar(32) COLLATE utf8_bin NOT NULL,
  `company_id` varchar(32) COLLATE utf8_bin NOT NULL,
  `tax_id` varchar(32) COLLATE utf8_bin NOT NULL,
  `address_1` varchar(128) COLLATE utf8_bin NOT NULL,
  `address_2` varchar(128) COLLATE utf8_bin NOT NULL,
  `city` varchar(128) COLLATE utf8_bin NOT NULL,
  `postcode` varchar(10) COLLATE utf8_bin NOT NULL,
  `country_id` int(11) NOT NULL DEFAULT '0',
  `zone_id` int(11) NOT NULL DEFAULT '0',
  PRIMARY KEY (`address_id`),
  KEY `customer_id` (`customer_id`)
) ENGINE=MyISAM DEFAULT CHARSET=utf8 COLLATE=utf8_bin;



# Dump of table affiliate
# ------------------------------------------------------------


CREATE TABLE `affiliate` (
  `affiliate_id` int(11) NOT NULL AUTO_INCREMENT,
  `firstname` varchar(32) COLLATE utf8_bin NOT NULL DEFAULT '',
  `lastname` varchar(32) COLLATE utf8_bin NOT NULL DEFAULT '',
  `email` varchar(96) COLLATE utf8_bin NOT NULL DEFAULT '',
  `telephone` varchar(32) COLLATE utf8_bin NOT NULL DEFAULT '',
  `fax` varchar(32) COLLATE utf8_bin NOT NULL DEFAULT '',
  `password` varchar(40) COLLATE utf8_bin NOT NULL DEFAULT '',
  `salt` varchar(9) COLLATE utf8_bin NOT NULL DEFAULT '',
  `company` varchar(32) COLLATE utf8_bin NOT NULL,
  `website` varchar(255) COLLATE utf8_bin NOT NULL,
  `address_1` varchar(128) COLLATE utf8_bin NOT NULL DEFAULT '',
  `address_2` varchar(128) COLLATE utf8_bin NOT NULL,
  `city` varchar(128) COLLATE utf8_bin NOT NULL DEFAULT '',
  `postcode` varchar(10) COLLATE utf8_bin NOT NULL DEFAULT '',
  `country_id` int(11) NOT NULL,
  `zone_id` int(11) NOT NULL,
  `code` varchar(64) COLLATE utf8_bin NOT NULL,
  `commission` decimal(4,2) NOT NULL DEFAULT '0.00',
  `tax` varchar(64) COLLATE utf8_bin NOT NULL,
  `payment` varchar(6) COLLATE utf8_bin NOT NULL,
  `cheque` varchar(100) COLLATE utf8_bin NOT NULL DEFAULT '',
  `paypal` varchar(64) COLLATE utf8_bin NOT NULL DEFAULT '',
  `bank_name` varchar(64) COLLATE utf8_bin NOT NULL DEFAULT '',
  `bank_branch_number` varchar(64) COLLATE utf8_bin NOT NULL DEFAULT '',
  `bank_swift_code` varchar(64) COLLATE utf8_bin NOT NULL DEFAULT '',
  `bank_account_name` varchar(64) COLLATE utf8_bin NOT NULL DEFAULT '',
  `bank_account_number` varchar(64) COLLATE utf8_bin NOT NULL DEFAULT '',
  `ip` varchar(40) COLLATE utf8_bin NOT NULL,
  `status` tinyint(1) NOT NULL DEFAULT '0',
  `approved` tinyint(1) NOT NULL DEFAULT '0',
  `date_added` datetime NOT NULL,
  PRIMARY KEY (`affiliate_id`)
) ENGINE=MyISAM DEFAULT CHARSET=utf8 COLLATE=utf8_bin;



# Dump of table affiliate_transaction
# ------------------------------------------------------------


CREATE TABLE `affiliate_transaction` (
  `affiliate_transaction_id` int(11) NOT NULL AUTO_INCREMENT,
  `affiliate_id` int(11) NOT NULL,
  `order_id` int(11) NOT NULL,
  `description` text COLLATE utf8_bin NOT NULL,
  `amount` decimal(15,4) NOT NULL,
  `date_added` datetime NOT NULL,
  PRIMARY KEY (`affiliate_transaction_id`)
) ENGINE=MyISAM DEFAULT CHARSET=utf8 COLLATE=utf8_bin;



# Dump of table attribute
# ------------------------------------------------------------


CREATE TABLE `attribute` (
  `attribute_id` int(11) NOT NULL AUTO_INCREMENT,
  `attribute_group_id` int(11) NOT NULL,
  `sort_order` int(3) NOT NULL,
  PRIMARY KEY (`attribute_id`)
) ENGINE=MyISAM DEFAULT CHARSET=utf8 COLLATE=utf8_bin;



# Dump of table attribute_description
# ------------------------------------------------------------


CREATE TABLE `attribute_description` (
  `attribute_id` int(11) NOT NULL,
  `language_id` int(11) NOT NULL,
  `name` varchar(64) COLLATE utf8_bin NOT NULL,
  PRIMARY KEY (`attribute_id`,`language_id`)
) ENGINE=MyISAM DEFAULT CHARSET=utf8 COLLATE=utf8_bin;



# Dump of table attribute_group
# ------------------------------------------------------------


CREATE TABLE `attribute_group` (
  `attribute_group_id` int(11) NOT NULL AUTO_INCREMENT,
  `sort_order` int(3) NOT NULL,
  PRIMARY KEY (`attribute_group_id`)
) ENGINE=MyISAM DEFAULT CHARSET=utf8 COLLATE=utf8_bin;



# Dump of table attribute_group_description
# ------------------------------------------------------------


CREATE TABLE `attribute_group_description` (
  `attribute_group_id` int(11) NOT NULL,
  `language_id` int(11) NOT NULL,
  `name` varchar(64) COLLATE utf8_bin NOT NULL,
  PRIMARY KEY (`attribute_group_id`,`language_id`)
) ENGINE=MyISAM DEFAULT CHARSET=utf8 COLLATE=utf8_bin;



# Dump of table banks
# ------------------------------------------------------------


CREATE TABLE `banks` (
  `bank_id` int(11) NOT NULL AUTO_INCREMENT,
  `bank_logo_image` varchar(128) NOT NULL,
  `name` varchar(32) CHARACTER SET utf8 COLLATE utf8_bin NOT NULL,
  `branch` varchar(128) CHARACTER SET utf8 COLLATE utf8_bin NOT NULL,
  `account_number` varchar(32) CHARACTER SET utf8 COLLATE utf8_bin NOT NULL,
  `account_holder` varchar(128) CHARACTER SET utf8 COLLATE utf8_bin NOT NULL,
  `sort_order` int(3) NOT NULL,
  `status` int(1) NOT NULL DEFAULT '1',
  PRIMARY KEY (`bank_id`)
) ENGINE=MyISAM DEFAULT CHARSET=latin1;


INSERT INTO `banks` (`bank_id`, `bank_logo_image`, `name`, `branch`, `account_number`, `account_holder`, `sort_order`, `status`)
VALUES
	(1,'',X'424341',X'4D617472616D616E',X'323337383633343837363233383734',X'42616D62616E672059756C69616E746F',1,1),
	(2,'',X'4D616E64697269',X'4D617472616D616E',X'3435363930383435303935363435',X'42616D62616E672059756C69616E746F',2,1);



# Dump of table banks_name
# ------------------------------------------------------------


CREATE TABLE `banks_name` (
  `bank_id` int(11) NOT NULL AUTO_INCREMENT,
  `name` varchar(128) CHARACTER SET utf8 COLLATE utf8_bin NOT NULL,
  `sort_order` int(3) NOT NULL,
  `status` int(1) NOT NULL DEFAULT '1',
  PRIMARY KEY (`bank_id`)
) ENGINE=MyISAM DEFAULT CHARSET=latin1;


INSERT INTO `banks_name` (`bank_id`, `name`, `sort_order`, `status`)
VALUES
	(1,X'424341',1,1),
	(2,X'4D616E64697269',2,1);



# Dump of table banner
# ------------------------------------------------------------


CREATE TABLE `banner` (
  `banner_id` int(11) NOT NULL AUTO_INCREMENT,
  `name` varchar(64) COLLATE utf8_bin NOT NULL,
  `status` tinyint(1) NOT NULL DEFAULT '0',
  PRIMARY KEY (`banner_id`)
) ENGINE=MyISAM DEFAULT CHARSET=utf8 COLLATE=utf8_bin;


INSERT INTO `banner` (`banner_id`, `name`, `status`)
VALUES
	(9,X'46726F6E7470616765202D20536C69646573686F77',1),
	(20,X'48656164657220496D616765202D2041626F7574207573',1),
	(19,X'48656164657220496D616765202D2053616C65',1),
	(23,X'48656164657220496D616765202D20436F6E74616374207573',1),
	(24,X'48656164657220496D616765202D20426C6F67',1),
	(27,X'46726F6E74706167652042616E6E657273202842696729',1),
	(28,X'46726F6E74706167652042616E6E6572732028536D616C6C29',1),
	(32,X'536964652042616E6E6572',1),
	(33,X'46726F6E74706167652042616E6E657220546F70',1);



# Dump of table banner_image
# ------------------------------------------------------------


CREATE TABLE `banner_image` (
  `banner_image_id` int(11) NOT NULL AUTO_INCREMENT,
  `banner_id` int(11) NOT NULL,
  `link` varchar(255) COLLATE utf8_bin NOT NULL,
  `image` varchar(255) COLLATE utf8_bin NOT NULL,
  `heading` varchar(64) COLLATE utf8_bin NOT NULL,
  `sort_order` int(3) DEFAULT NULL,
  PRIMARY KEY (`banner_image_id`)
) ENGINE=MyISAM DEFAULT CHARSET=utf8 COLLATE=utf8_bin;


INSERT INTO `banner_image` (`banner_image_id`, `banner_id`, `link`, `image`, `heading`, `sort_order`)
VALUES
	(241,19,X'',X'646174612F7468656D65732F757262616E2F757262616E2D73616C652E6A7067',X'53616C65',NULL),
	(268,9,X'',X'646174612F7468656D65732F6D6F726F63636F2F62616E6E65722D302E6A7067',X'536C6964652031',NULL),
	(240,23,X'',X'646174612F7468656D65732F757262616E2F757262616E2D636F6E746163742D75732E6A7067',X'436F6E74616374205573',NULL),
	(239,24,X'',X'646174612F7468656D65732F757262616E2F757262616E2D626C6F672E6A7067',X'426C6F67',NULL),
	(238,20,X'',X'646174612F7468656D65732F757262616E2F757262616E2D61626F75742D75732E6A7067',X'41626F7574205573',NULL),
	(263,27,X'',X'646174612F7468656D65732F6D6F726F63636F2F62616E6E65722D352E6A7067',X'42616E6E65722031',NULL),
	(261,28,X'',X'646174612F7468656D65732F6D6F726F63636F2F62616E6E65722D342E6A7067',X'',NULL),
	(257,32,X'',X'646174612F7468656D65732F757262616E2F757262616E2D62616E6E65722D332E6A7067',X'',NULL),
	(256,32,X'',X'646174612F7468656D65732F757262616E2F757262616E2D62616E6E65722D322E6A7067',X'',NULL),
	(255,32,X'',X'646174612F7468656D65732F757262616E2F757262616E2D62616E6E65722D312E6A7067',X'',NULL),
	(260,28,X'',X'646174612F7468656D65732F6D6F726F63636F2F62616E6E65722D332E6A7067',X'',NULL),
	(259,28,X'',X'646174612F7468656D65732F6D6F726F63636F2F62616E6E65722D322E6A7067',X'',NULL),
	(258,28,X'',X'646174612F7468656D65732F6D6F726F63636F2F62616E6E65722D312E6A7067',X'42616E6E65722032',NULL),
	(264,33,X'',X'646174612F7468656D65732F6D6F726F63636F2F62616E6E65722D362E6A7067',X'',NULL),
	(265,33,X'',X'646174612F7468656D65732F6D6F726F63636F2F62616E6E65722D372E6A7067',X'',NULL),
	(266,33,X'',X'646174612F7468656D65732F6D6F726F63636F2F62616E6E65722D382E6A7067',X'',NULL),
	(267,33,X'',X'646174612F7468656D65732F6D6F726F63636F2F62616E6E65722D392E6A7067',X'',NULL);



# Dump of table banner_image_description
# ------------------------------------------------------------


CREATE TABLE `banner_image_description` (
  `banner_image_id` int(11) NOT NULL,
  `language_id` int(11) NOT NULL,
  `banner_id` int(11) NOT NULL,
  `title` varchar(350) COLLATE utf8_bin NOT NULL,
  PRIMARY KEY (`banner_image_id`,`language_id`)
) ENGINE=MyISAM DEFAULT CHARSET=utf8 COLLATE=utf8_bin;


INSERT INTO `banner_image_description` (`banner_image_id`, `language_id`, `banner_id`, `title`)
VALUES
	(241,1,19,X''),
	(238,1,20,X''),
	(239,1,24,X''),
	(268,1,9,X''),
	(240,1,23,X''),
	(261,1,28,X''),
	(263,1,27,X''),
	(257,1,32,X''),
	(256,1,32,X''),
	(260,1,28,X''),
	(255,1,32,X''),
	(259,1,28,X''),
	(267,1,33,X''),
	(266,1,33,X''),
	(258,1,28,X''),
	(265,1,33,X''),
	(264,1,33,X'');



# Dump of table blog_article
# ------------------------------------------------------------


CREATE TABLE `blog_article` (
  `article_id` int(11) NOT NULL AUTO_INCREMENT,
  `author_id` int(11) NOT NULL DEFAULT '0',
  `image` varchar(255) COLLATE utf8_bin DEFAULT NULL,
  `sort_order` int(11) NOT NULL DEFAULT '0',
  `status` int(11) NOT NULL DEFAULT '0',
  `available` date NOT NULL,
  `created` datetime NOT NULL DEFAULT '0000-00-00 00:00:00',
  `modified` datetime NOT NULL DEFAULT '0000-00-00 00:00:00',
  `viewed` int(11) NOT NULL DEFAULT '0',
  PRIMARY KEY (`article_id`)
) ENGINE=MyISAM DEFAULT CHARSET=utf8 COLLATE=utf8_bin;


INSERT INTO `blog_article` (`article_id`, `author_id`, `image`, `sort_order`, `status`, `available`, `created`, `modified`, `viewed`)
VALUES
	(1,2,X'',0,1,'2012-10-20','2012-10-21 09:49:00','2013-05-17 11:18:00',6),
	(2,2,X'',0,1,'2012-10-20','2012-10-21 09:49:00','2013-05-17 11:18:00',1),
	(3,2,X'',0,1,'2013-05-16','2013-05-17 11:24:00','2013-05-17 11:24:00',1),
	(4,2,X'',0,1,'2013-05-16','2013-05-17 11:39:00','2013-05-17 11:39:00',1);



# Dump of table blog_article_description
# ------------------------------------------------------------


CREATE TABLE `blog_article_description` (
  `article_id` int(11) NOT NULL,
  `language_id` int(11) NOT NULL,
  `title` varchar(128) COLLATE utf8_bin NOT NULL,
  `meta_keyword` varchar(255) COLLATE utf8_bin NOT NULL,
  `meta_description` varchar(255) COLLATE utf8_bin NOT NULL,
  `description` text COLLATE utf8_bin NOT NULL,
  PRIMARY KEY (`article_id`,`language_id`),
  KEY `name` (`title`)
) ENGINE=MyISAM DEFAULT CHARSET=utf8 COLLATE=utf8_bin;


INSERT INTO `blog_article_description` (`article_id`, `language_id`, `title`, `meta_keyword`, `meta_description`, `description`)
VALUES
	(3,1,X'457469616D20706F7274612073656D206D616C657375616461206D61676E61206D6F6C6C697320657569736D6F64',X'',X'',X'266C743B702667743B0D0A0941656E65616E206575206C656F207175616D2E2050656C6C656E746573717565206F726E6172652073656D206C6163696E6961207175616D2076656E656E6174697320766573746962756C756D2E20446F6E656320736564206F64696F206475692E20566976616D7573207361676974746973206C616375732076656C206175677565206C616F726565742072757472756D20666175636962757320646F6C6F7220617563746F722E20446F6E656320736564206F64696F206475692E204E756C6C616D20696420646F6C6F72206964206E69626820756C74726963696573207665686963756C6120757420696420656C69742E20467573636520646170696275732C2074656C6C75732061632063757273757320636F6D6D6F646F2C20746F72746F72206D617572697320636F6E64696D656E74756D206E6962682C207574206665726D656E74756D206D61737361206A7573746F2073697420616D65742072697375732E20467573636520646170696275732C2074656C6C75732061632063757273757320636F6D6D6F646F2C20746F72746F72206D617572697320636F6E64696D656E74756D206E6962682C207574206665726D656E74756D206D61737361206A7573746F2073697420616D65742072697375732E2053656420706F737565726520636F6E736563746574757220657374206174206C6F626F727469732E2043757261626974757220626C616E6469742074656D70757320706F72747469746F722E266C743B2F702667743B0D0A266C743B702667743B0D0A095072616573656E7420636F6D6D6F646F20637572737573206D61676E612C2076656C207363656C65726973717565206E69736C20636F6E73656374657475722065742E2043726173206A7573746F206F64696F2C206461706962757320616320666163696C6973697320696E2C20656765737461732065676574207175616D2E20566976616D7573207361676974746973206C616375732076656C206175677565206C616F726565742072757472756D20666175636962757320646F6C6F7220617563746F722E2043756D20736F63696973206E61746F7175652070656E617469627573206574206D61676E6973206469732070617274757269656E74206D6F6E7465732C206E61736365747572207269646963756C7573206D75732E20446F6E656320696420656C6974206E6F6E206D6920706F72746120677261766964612061742065676574206D657475732E20496E746567657220706F73756572652065726174206120616E74652076656E656E61746973206461706962757320706F73756572652076656C697420616C69717565742E2053656420706F737565726520636F6E736563746574757220657374206174206C6F626F727469732E266C743B2F702667743B0D0A266C743B702667743B0D0A0943726173206D617474697320636F6E73656374657475722070757275732073697420616D6574206665726D656E74756D2E2053656420706F737565726520636F6E736563746574757220657374206174206C6F626F727469732E20446F6E656320756C6C616D636F72706572206E756C6C61206E6F6E206D6574757320617563746F72206672696E67696C6C612E2041656E65616E206C6163696E696120626962656E64756D206E756C6C612073656420636F6E73656374657475722E2041656E65616E206575206C656F207175616D2E2050656C6C656E746573717565206F726E6172652073656D206C6163696E6961207175616D2076656E656E6174697320766573746962756C756D2E20566573746962756C756D206964206C6967756C6120706F7274612066656C697320657569736D6F642073656D7065722E266C743B2F702667743B0D0A'),
	(1,1,X'446F6E656320756C6C616D636F72706572206E756C6C61206E6F6E206D6574757320617563746F72206672696E67696C6C61',X'',X'',X'266C743B702667743B0D0A0943757261626974757220626C616E6469742074656D70757320706F72747469746F722E20467573636520646170696275732C2074656C6C75732061632063757273757320636F6D6D6F646F2C20746F72746F72206D617572697320636F6E64696D656E74756D206E6962682C207574206665726D656E74756D206D61737361206A7573746F2073697420616D65742072697375732E20566976616D7573207361676974746973206C616375732076656C206175677565206C616F726565742072757472756D20666175636962757320646F6C6F7220617563746F722E20467573636520646170696275732C2074656C6C75732061632063757273757320636F6D6D6F646F2C20746F72746F72206D617572697320636F6E64696D656E74756D206E6962682C207574206665726D656E74756D206D61737361206A7573746F2073697420616D65742072697375732E20496E746567657220706F73756572652065726174206120616E74652076656E656E61746973206461706962757320706F73756572652076656C697420616C69717565742E2043756D20736F63696973206E61746F7175652070656E617469627573206574206D61676E6973206469732070617274757269656E74206D6F6E7465732C206E61736365747572207269646963756C7573206D75732E266C743B2F702667743B0D0A266C743B702667743B0D0A094E756C6C616D20696420646F6C6F72206964206E69626820756C74726963696573207665686963756C6120757420696420656C69742E204E756C6C616D20696420646F6C6F72206964206E69626820756C74726963696573207665686963756C6120757420696420656C69742E2053656420706F737565726520636F6E736563746574757220657374206174206C6F626F727469732E204E756C6C616D20696420646F6C6F72206964206E69626820756C74726963696573207665686963756C6120757420696420656C69742E2041656E65616E206C6163696E696120626962656E64756D206E756C6C612073656420636F6E73656374657475722E20496E746567657220706F73756572652065726174206120616E74652076656E656E61746973206461706962757320706F73756572652076656C697420616C69717565742E266C743B2F702667743B0D0A'),
	(2,1,X'43726173206A7573746F206F64696F2C206461706962757320616320666163696C6973697320696E2C20656765737461732065676574207175616D',X'',X'',X'266C743B702667743B0D0A094D6F726269206C656F2072697375732C20706F72746120616320636F6E73656374657475722061632C20766573746962756C756D2061742065726F732E2044756973206D6F6C6C69732C20657374206E6F6E20636F6D6D6F646F206C75637475732C206E697369206572617420706F72747469746F72206C6967756C612C2065676574206C6163696E6961206F64696F2073656D206E656320656C69742E2043756D20736F63696973206E61746F7175652070656E617469627573206574206D61676E6973206469732070617274757269656E74206D6F6E7465732C206E61736365747572207269646963756C7573206D75732E204D616563656E617320736564206469616D20656765742072697375732076617269757320626C616E6469742073697420616D6574206E6F6E206D61676E612E2043726173206D617474697320636F6E73656374657475722070757275732073697420616D6574206665726D656E74756D2E2041656E65616E206575206C656F207175616D2E2050656C6C656E746573717565206F726E6172652073656D206C6163696E6961207175616D2076656E656E6174697320766573746962756C756D2E266C743B2F702667743B0D0A266C743B702667743B0D0A094E756C6C6120766974616520656C6974206C696265726F2C20612070686172657472612061756775652E2043726173206A7573746F206F64696F2C206461706962757320616320666163696C6973697320696E2C20656765737461732065676574207175616D2E205072616573656E7420636F6D6D6F646F20637572737573206D61676E612C2076656C207363656C65726973717565206E69736C20636F6E73656374657475722065742E20566976616D7573207361676974746973206C616375732076656C206175677565206C616F726565742072757472756D20666175636962757320646F6C6F7220617563746F722E2044756973206D6F6C6C69732C20657374206E6F6E20636F6D6D6F646F206C75637475732C206E697369206572617420706F72747469746F72206C6967756C612C2065676574206C6163696E6961206F64696F2073656D206E656320656C69742E20566976616D7573207361676974746973206C616375732076656C206175677565206C616F726565742072757472756D20666175636962757320646F6C6F7220617563746F722E204D6F726269206C656F2072697375732C20706F72746120616320636F6E73656374657475722061632C20766573746962756C756D2061742065726F732E266C743B2F702667743B0D0A266C743B702667743B0D0A09467573636520646170696275732C2074656C6C75732061632063757273757320636F6D6D6F646F2C20746F72746F72206D617572697320636F6E64696D656E74756D206E6962682C207574206665726D656E74756D206D61737361206A7573746F2073697420616D65742072697375732E204D616563656E6173206661756369627573206D6F6C6C697320696E74657264756D2E20446F6E656320696420656C6974206E6F6E206D6920706F72746120677261766964612061742065676574206D657475732E204E756C6C616D207175697320726973757320656765742075726E61206D6F6C6C6973206F726E6172652076656C206575206C656F2E20446F6E656320756C6C616D636F72706572206E756C6C61206E6F6E206D6574757320617563746F72206672696E67696C6C612E204E756C6C616D207175697320726973757320656765742075726E61206D6F6C6C6973206F726E6172652076656C206575206C656F2E2043756D20736F63696973206E61746F7175652070656E617469627573206574206D61676E6973206469732070617274757269656E74206D6F6E7465732C206E61736365747572207269646963756C7573206D75732E266C743B2F702667743B0D0A'),
	(4,1,X'43756D20736F63696973206E61746F7175652070656E617469627573206574206D61676E6973206469732070617274757269656E74206D6F6E746573',X'',X'',X'266C743B702667743B0D0A0941656E65616E206575206C656F207175616D2E2050656C6C656E746573717565206F726E6172652073656D206C6163696E6961207175616D2076656E656E6174697320766573746962756C756D2E2043756D20736F63696973206E61746F7175652070656E617469627573206574206D61676E6973206469732070617274757269656E74206D6F6E7465732C206E61736365747572207269646963756C7573206D75732E2044756973206D6F6C6C69732C20657374206E6F6E20636F6D6D6F646F206C75637475732C206E697369206572617420706F72747469746F72206C6967756C612C2065676574206C6163696E6961206F64696F2073656D206E656320656C69742E20446F6E656320756C6C616D636F72706572206E756C6C61206E6F6E206D6574757320617563746F72206672696E67696C6C612E204E756C6C616D207175697320726973757320656765742075726E61206D6F6C6C6973206F726E6172652076656C206575206C656F2E2053656420706F737565726520636F6E736563746574757220657374206174206C6F626F727469732E204E756C6C6120766974616520656C6974206C696265726F2C20612070686172657472612061756775652E266C743B2F702667743B0D0A266C743B702667743B0D0A094C6F72656D20697073756D20646F6C6F722073697420616D65742C20636F6E73656374657475722061646970697363696E6720656C69742E2041656E65616E206575206C656F207175616D2E2050656C6C656E746573717565206F726E6172652073656D206C6163696E6961207175616D2076656E656E6174697320766573746962756C756D2E204C6F72656D20697073756D20646F6C6F722073697420616D65742C20636F6E73656374657475722061646970697363696E6720656C69742E204D616563656E6173206661756369627573206D6F6C6C697320696E74657264756D2E2043756D20736F63696973206E61746F7175652070656E617469627573206574206D61676E6973206469732070617274757269656E74206D6F6E7465732C206E61736365747572207269646963756C7573206D75732E2043756D20736F63696973206E61746F7175652070656E617469627573206574206D61676E6973206469732070617274757269656E74206D6F6E7465732C206E61736365747572207269646963756C7573206D75732E2043726173206A7573746F206F64696F2C206461706962757320616320666163696C6973697320696E2C20656765737461732065676574207175616D2E20566573746962756C756D206964206C6967756C6120706F7274612066656C697320657569736D6F642073656D7065722E204D616563656E6173206661756369627573206D6F6C6C697320696E74657264756D2E266C743B2F702667743B0D0A266C743B702667743B0D0A094E756C6C616D207175697320726973757320656765742075726E61206D6F6C6C6973206F726E6172652076656C206575206C656F2E2053656420706F737565726520636F6E736563746574757220657374206174206C6F626F727469732E204E756C6C616D207175697320726973757320656765742075726E61206D6F6C6C6973206F726E6172652076656C206575206C656F2E204D616563656E617320736564206469616D20656765742072697375732076617269757320626C616E6469742073697420616D6574206E6F6E206D61676E612E20467573636520646170696275732C2074656C6C75732061632063757273757320636F6D6D6F646F2C20746F72746F72206D617572697320636F6E64696D656E74756D206E6962682C207574206665726D656E74756D206D61737361206A7573746F2073697420616D65742072697375732E204D616563656E6173206661756369627573206D6F6C6C697320696E74657264756D2E2043726173206D617474697320636F6E73656374657475722070757275732073697420616D6574206665726D656E74756D2E204E756C6C6120766974616520656C6974206C696265726F2C20612070686172657472612061756775652E266C743B2F702667743B0D0A');



# Dump of table blog_article_related
# ------------------------------------------------------------


CREATE TABLE `blog_article_related` (
  `article_id` int(11) NOT NULL,
  `related_id` int(11) NOT NULL,
  PRIMARY KEY (`article_id`,`related_id`)
) ENGINE=MyISAM DEFAULT CHARSET=utf8 COLLATE=utf8_bin;


INSERT INTO `blog_article_related` (`article_id`, `related_id`)
VALUES
	(3,1);



# Dump of table blog_article_tag
# ------------------------------------------------------------


CREATE TABLE `blog_article_tag` (
  `tag_id` int(11) NOT NULL AUTO_INCREMENT,
  `article_id` int(11) NOT NULL,
  `language_id` int(11) NOT NULL,
  `tag` varchar(128) COLLATE utf8_bin NOT NULL,
  PRIMARY KEY (`tag_id`),
  KEY `article_id` (`article_id`),
  KEY `language_id` (`language_id`),
  KEY `tag` (`tag`)
) ENGINE=MyISAM DEFAULT CHARSET=utf8 COLLATE=utf8_bin;


INSERT INTO `blog_article_tag` (`tag_id`, `article_id`, `language_id`, `tag`)
VALUES
	(41,1,1,X'6D6F64'),
	(40,1,1,X'6C6F6F6B'),
	(39,1,1,X'3630'),
	(38,1,1,X'6D616B65207570'),
	(43,2,1,X'666162726963'),
	(42,2,1,X'74616B652063617265'),
	(37,1,1,X'6D6164'),
	(44,2,1,X'7375656465');



# Dump of table blog_article_to_category
# ------------------------------------------------------------


CREATE TABLE `blog_article_to_category` (
  `article_id` int(11) NOT NULL,
  `category_id` int(11) NOT NULL,
  PRIMARY KEY (`article_id`,`category_id`)
) ENGINE=MyISAM DEFAULT CHARSET=utf8 COLLATE=utf8_bin;


INSERT INTO `blog_article_to_category` (`article_id`, `category_id`)
VALUES
	(1,2),
	(2,1),
	(3,1),
	(4,2);



# Dump of table blog_article_to_layout
# ------------------------------------------------------------


CREATE TABLE `blog_article_to_layout` (
  `article_id` int(11) NOT NULL,
  `store_id` int(11) NOT NULL,
  `layout_id` int(11) NOT NULL,
  PRIMARY KEY (`article_id`,`store_id`)
) ENGINE=MyISAM DEFAULT CHARSET=utf8 COLLATE=utf8_bin;


INSERT INTO `blog_article_to_layout` (`article_id`, `store_id`, `layout_id`)
VALUES
	(1,0,0),
	(2,0,0),
	(3,0,0),
	(4,0,0);



# Dump of table blog_article_to_store
# ------------------------------------------------------------


CREATE TABLE `blog_article_to_store` (
  `article_id` int(11) NOT NULL,
  `store_id` int(11) NOT NULL,
  PRIMARY KEY (`article_id`,`store_id`)
) ENGINE=MyISAM DEFAULT CHARSET=utf8 COLLATE=utf8_bin;


INSERT INTO `blog_article_to_store` (`article_id`, `store_id`)
VALUES
	(1,0),
	(2,0),
	(3,0),
	(4,0);



# Dump of table blog_author
# ------------------------------------------------------------


CREATE TABLE `blog_author` (
  `author_id` int(11) NOT NULL AUTO_INCREMENT,
  `author_group_id` int(11) NOT NULL DEFAULT '0',
  `user_id` int(11) NOT NULL DEFAULT '0',
  `name` varchar(128) COLLATE utf8_bin NOT NULL,
  PRIMARY KEY (`author_id`)
) ENGINE=MyISAM DEFAULT CHARSET=utf8 COLLATE=utf8_bin;


INSERT INTO `blog_author` (`author_id`, `author_group_id`, `user_id`, `name`)
VALUES
	(2,1,1,X'42756B61746F6B6F'),
	(3,3,2,X'48656E6479');



# Dump of table blog_author_group
# ------------------------------------------------------------


CREATE TABLE `blog_author_group` (
  `author_group_id` int(11) NOT NULL AUTO_INCREMENT,
  `name` varchar(64) COLLATE utf8_bin NOT NULL,
  `permission` text COLLATE utf8_bin NOT NULL,
  PRIMARY KEY (`author_group_id`)
) ENGINE=MyISAM DEFAULT CHARSET=utf8 COLLATE=utf8_bin;


INSERT INTO `blog_author_group` (`author_group_id`, `name`, `permission`)
VALUES
	(3,X'417574686F72',X'613A323A7B693A303B733A31303A2261646441727469636C65223B693A313B733A31343A22656469744F776E41727469636C65223B7D'),
	(2,X'456469746F72',X'613A31343A7B693A303B733A31303A2261646441727469636C65223B693A313B733A31313A22636F707941727469636C65223B693A323B733A31343A22656469744F776E41727469636C65223B693A333B733A31363A22656469744F7468657241727469636C65223B693A343B733A31323A226368616E6765417574686F72223B693A353B733A31333A2272656D6F766541727469636C65223B693A363B733A31313A2265646974436F6D6D656E74223B693A373B733A31323A227265706C79436F6D6D656E74223B693A383B733A31333A2272656D6F7665436F6D6D656E74223B693A393B733A31313A2261646443617465676F7279223B693A31303B733A31323A22636F707943617465676F7279223B693A31313B733A31323A226564697443617465676F7279223B693A31323B733A31343A2272656D6F766543617465676F7279223B693A31333B733A393A22616464417574686F72223B7D'),
	(1,X'41646D696E',X'613A31383A7B693A303B733A31303A2261646441727469636C65223B693A313B733A31313A22636F707941727469636C65223B693A323B733A31343A22656469744F776E41727469636C65223B693A333B733A31363A22656469744F7468657241727469636C65223B693A343B733A31323A226368616E6765417574686F72223B693A353B733A31333A2272656D6F766541727469636C65223B693A363B733A31313A2265646974436F6D6D656E74223B693A373B733A31323A227265706C79436F6D6D656E74223B693A383B733A31333A2272656D6F7665436F6D6D656E74223B693A393B733A31313A2261646443617465676F7279223B693A31303B733A31323A22636F707943617465676F7279223B693A31313B733A31323A226564697443617465676F7279223B693A31323B733A31343A2272656D6F766543617465676F7279223B693A31333B733A393A22616464417574686F72223B693A31343B733A31303A2265646974417574686F72223B693A31353B733A31323A2272656D6F7665417574686F72223B693A31363B733A31343A22656469745065726D697373696F6E223B693A31373B733A31313A226564697453657474696E67223B7D');



# Dump of table blog_category
# ------------------------------------------------------------


CREATE TABLE `blog_category` (
  `category_id` int(11) NOT NULL AUTO_INCREMENT,
  `parent_id` int(11) NOT NULL DEFAULT '0',
  `image` varchar(255) COLLATE utf8_bin DEFAULT NULL,
  `sort_order` int(11) NOT NULL DEFAULT '0',
  `article_order` varchar(64) COLLATE utf8_bin NOT NULL,
  `width` int(11) NOT NULL,
  `height` int(11) NOT NULL,
  `desc_limit` int(11) NOT NULL,
  `status` int(11) NOT NULL DEFAULT '0',
  `suffix` varchar(128) COLLATE utf8_bin NOT NULL,
  `created` date NOT NULL,
  `modified` date NOT NULL,
  PRIMARY KEY (`category_id`)
) ENGINE=MyISAM DEFAULT CHARSET=utf8 COLLATE=utf8_bin;


INSERT INTO `blog_category` (`category_id`, `parent_id`, `image`, `sort_order`, `article_order`, `width`, `height`, `desc_limit`, `status`, `suffix`, `created`, `modified`)
VALUES
	(1,0,X'',0,X'6461746544657363',0,0,0,1,X'','2012-10-21','2013-01-03'),
	(2,0,X'',0,X'6461746544657363',0,0,0,1,X'','2012-10-21','2013-01-03'),
	(3,1,X'',0,X'6461746544657363',0,0,0,1,X'','2013-03-02','2013-03-02');



# Dump of table blog_category_description
# ------------------------------------------------------------


CREATE TABLE `blog_category_description` (
  `category_id` int(11) NOT NULL,
  `language_id` int(11) NOT NULL,
  `name` varchar(128) COLLATE utf8_bin NOT NULL,
  `meta_keyword` varchar(255) COLLATE utf8_bin NOT NULL,
  `meta_description` varchar(255) COLLATE utf8_bin NOT NULL,
  `description` text COLLATE utf8_bin NOT NULL,
  PRIMARY KEY (`category_id`,`language_id`),
  KEY `name` (`name`)
) ENGINE=MyISAM DEFAULT CHARSET=utf8 COLLATE=utf8_bin;


INSERT INTO `blog_category_description` (`category_id`, `language_id`, `name`, `meta_keyword`, `meta_description`, `description`)
VALUES
	(1,1,X'4E657773',X'',X'',''),
	(2,1,X'426C6F67',X'',X'',''),
	(3,1,X'4576656E74',X'',X'','');



# Dump of table blog_category_to_layout
# ------------------------------------------------------------


CREATE TABLE `blog_category_to_layout` (
  `category_id` int(11) NOT NULL,
  `store_id` int(11) NOT NULL,
  `layout_id` int(11) NOT NULL,
  PRIMARY KEY (`category_id`,`store_id`)
) ENGINE=MyISAM DEFAULT CHARSET=utf8 COLLATE=utf8_bin;



# Dump of table blog_category_to_store
# ------------------------------------------------------------


CREATE TABLE `blog_category_to_store` (
  `category_id` int(11) NOT NULL,
  `store_id` int(11) NOT NULL,
  UNIQUE KEY `category_id` (`category_id`,`store_id`)
) ENGINE=MyISAM DEFAULT CHARSET=utf8 COLLATE=utf8_bin;


INSERT INTO `blog_category_to_store` (`category_id`, `store_id`)
VALUES
	(1,0),
	(2,0),
	(3,0);



# Dump of table blog_comment
# ------------------------------------------------------------


CREATE TABLE `blog_comment` (
  `comment_id` int(11) NOT NULL AUTO_INCREMENT,
  `parent_id` int(11) NOT NULL,
  `customer_id` int(11) NOT NULL,
  `article_id` int(11) NOT NULL,
  `name` varchar(64) COLLATE utf8_bin NOT NULL,
  `email` varchar(96) COLLATE utf8_bin NOT NULL,
  `website` varchar(128) COLLATE utf8_bin NOT NULL,
  `content` text COLLATE utf8_bin NOT NULL,
  `status` tinyint(1) NOT NULL,
  `staff_id` int(11) NOT NULL,
  `created` datetime NOT NULL DEFAULT '0000-00-00 00:00:00',
  UNIQUE KEY `comment_id` (`comment_id`)
) ENGINE=MyISAM DEFAULT CHARSET=utf8 COLLATE=utf8_bin;


INSERT INTO `blog_comment` (`comment_id`, `parent_id`, `customer_id`, `article_id`, `name`, `email`, `website`, `content`, `status`, `staff_id`, `created`)
VALUES
	(1,0,0,1,X'4469616E',X'6469616E40676D61696C2E636F6D',X'',X'4D616563656E617320736564206469616D20656765742072697375732076617269757320626C616E6469742073697420616D6574206E6F6E206D61676E612E2043756D20736F63696973206E61746F7175652070656E617469627573206574206D61676E6973206469732070617274757269656E74206D6F6E7465732C206E61736365747572207269646963756C7573206D75732E2041656E65616E206575206C656F207175616D2E2050656C6C656E746573717565206F726E6172652073656D206C6163696E6961207175616D2076656E656E6174697320766573746962756C756D2E20496E746567657220706F73756572652065726174206120616E74652076656E656E61746973206461706962757320706F73756572652076656C697420616C69717565742E2043757261626974757220626C616E6469742074656D70757320706F72747469746F722E205072616573656E7420636F6D6D6F646F20637572737573206D61676E612C2076656C207363656C65726973717565206E69736C20636F6E73656374657475722065742E',1,0,'2013-01-03 20:29:10'),
	(2,0,0,1,X'53757369',X'7375736940676D61696C2E636F6D',X'',X'43726173206D617474697320636F6E73656374657475722070757275732073697420616D6574206665726D656E74756D2E20446F6E656320736564206F64696F206475692E204E756C6C6120766974616520656C6974206C696265726F2C20612070686172657472612061756775652E204E756C6C616D20696420646F6C6F72206964206E69626820756C74726963696573207665686963756C6120757420696420656C69742E',1,0,'2013-01-04 12:42:20'),
	(3,0,0,1,X'4A6F68616E',X'6A6F68616E40676D61696C2E636F6D',X'',X'566573746962756C756D206964206C6967756C6120706F7274612066656C697320657569736D6F642073656D7065722E2041656E65616E206C6163696E696120626962656E64756D206E756C6C612073656420636F6E73656374657475722E2041656E65616E206575206C656F207175616D2E2050656C6C656E746573717565206F726E6172652073656D206C6163696E6961207175616D2076656E656E6174697320766573746962756C756D2E205072616573656E7420636F6D6D6F646F20637572737573206D61676E612C2076656C207363656C65726973717565206E69736C20636F6E73656374657475722065742E',1,0,'2013-05-17 19:56:03'),
	(4,1,0,1,X'42756469',X'6275646940676D61696C2E636F6D',X'',X'566976616D7573207361676974746973206C616375732076656C206175677565206C616F726565742072757472756D20666175636962757320646F6C6F7220617563746F722E20566976616D7573207361676974746973206C616375732076656C206175677565206C616F726565742072757472756D20666175636962757320646F6C6F7220617563746F722E204E756C6C616D207175697320726973757320656765742075726E61206D6F6C6C6973206F726E6172652076656C206575206C656F2E20467573636520646170696275732C2074656C6C75732061632063757273757320636F6D6D6F646F2C20746F72746F72206D617572697320636F6E64696D656E74756D206E6962682C207574206665726D656E74756D206D61737361206A7573746F2073697420616D65742072697375732E',1,0,'2013-05-17 19:57:14');



# Dump of table blog_product_related
# ------------------------------------------------------------


CREATE TABLE `blog_product_related` (
  `article_id` int(11) NOT NULL,
  `product_id` int(11) NOT NULL,
  PRIMARY KEY (`article_id`,`product_id`)
) ENGINE=MyISAM DEFAULT CHARSET=utf8 COLLATE=utf8_bin;


INSERT INTO `blog_product_related` (`article_id`, `product_id`)
VALUES
	(3,403),
	(3,411),
	(4,409),
	(4,412);



# Dump of table blog_setting
# ------------------------------------------------------------


CREATE TABLE `blog_setting` (
  `setting_id` int(11) NOT NULL AUTO_INCREMENT,
  `key` varchar(64) COLLATE utf8_bin NOT NULL,
  `value` text COLLATE utf8_bin NOT NULL,
  PRIMARY KEY (`setting_id`)
) ENGINE=MyISAM DEFAULT CHARSET=utf8 COLLATE=utf8_bin;


INSERT INTO `blog_setting` (`setting_id`, `key`, `value`)
VALUES
	(42,X'626C6F674E616D65',X'426C6F67'),
	(43,X'626C6F674B6579776F7264',X'626C6F672C2062756B61746F6B6F'),
	(44,X'626C6F674465736372697074696F6E',X'4D657461204465736372697074696F6E20666F7220426C6F6720486F6D65706167652E'),
	(45,X'626C6F674578636C756465',''),
	(46,X'626C6F67537566666978',''),
	(47,X'61727469636C65436174',X'38'),
	(48,X'61727469636C6544657363',X'363530'),
	(49,X'61727469636C65466561745769647468',X'313530'),
	(50,X'61727469636C6546656174486569676874',X'313530'),
	(51,X'766972446972',X'31'),
	(52,X'7669724469724E616D65',X'626C6F67'),
	(53,X'7669724469724578636C756465',''),
	(54,X'73656F537566666978',X'2E68746D6C'),
	(55,X'617274496E666F4E616D65',X'6F6E'),
	(56,X'617274496E666F43617465676F7279',X'6F6E'),
	(57,X'617274496E666F44617465',X'6F6E'),
	(58,X'617274496E666F436F6D6D656E74',X'6F6E'),
	(59,X'617274496E666F557064617465',X'6F6E'),
	(60,X'72656C50726F64756374',X'35'),
	(61,X'72656C50726F647563745769647468',X'313030'),
	(62,X'72656C50726F64756374486569676874',X'313030'),
	(63,X'736F634D65646961',X'31'),
	(64,X'7075624944',''),
	(65,X'736F634D6564436F6465',''),
	(66,X'636F6D6D656E74537461747573',X'31'),
	(67,X'636F6D6D656E744D696E',X'3235'),
	(68,X'636F6D6D656E744D6178',X'31353030'),
	(69,X'636F6D6D656E7444697361626C6547726F7570',''),
	(70,X'636F6D6D656E744C696D6974',X'36'),
	(71,X'636F6D6D656E74417661746172',X'3534'),
	(72,X'636F6D6D656E74446566417070726F7665',X'30'),
	(73,X'636F6D6D656E74417070726F766547726F7570',''),
	(74,X'636F6D6D656E74426164676547726F7570',''),
	(75,X'636F6D6D656E74436170746861',X'64697361626C6564'),
	(76,X'736561726368537461747573',X'31'),
	(77,X'7365617263684C696D6974',X'36'),
	(78,X'736561726368446973706C6179',X'636F6D70616374'),
	(79,X'73656172636847726964',X'36'),
	(80,X'626C6F6746656564',X'31'),
	(81,X'626C6F67536974656D6170',X'31'),
	(82,X'61727469636C6541646D696E',X'3430');



# Dump of table category
# ------------------------------------------------------------


CREATE TABLE `category` (
  `category_id` int(11) NOT NULL AUTO_INCREMENT,
  `image` varchar(255) COLLATE utf8_bin DEFAULT NULL,
  `parent_id` int(11) NOT NULL DEFAULT '0',
  `left` int(11) NOT NULL DEFAULT '0',
  `right` int(11) NOT NULL DEFAULT '0',
  `top` tinyint(1) NOT NULL DEFAULT '0',
  `column` int(3) NOT NULL,
  `sort_order` int(3) NOT NULL DEFAULT '0',
  `discounts` varchar(255) COLLATE utf8_bin NOT NULL DEFAULT '',
  `status` tinyint(1) NOT NULL DEFAULT '0',
  `date_added` datetime NOT NULL DEFAULT '0000-00-00 00:00:00',
  `date_modified` datetime NOT NULL DEFAULT '0000-00-00 00:00:00',
  PRIMARY KEY (`category_id`)
) ENGINE=MyISAM DEFAULT CHARSET=utf8 COLLATE=utf8_bin;


INSERT INTO `category` (`category_id`, `image`, `parent_id`, `left`, `right`, `top`, `column`, `sort_order`, `discounts`, `status`, `date_added`, `date_modified`)
VALUES
	(1,X'',0,0,0,1,1,0,X'317C20327C',1,'2013-08-11 10:03:07','2013-12-11 12:26:18'),
	(2,X'',1,0,0,0,1,0,X'317C20327C',1,'2013-12-01 07:58:46','2013-12-11 12:26:51'),
	(3,X'',1,0,0,0,1,0,X'317C20327C',1,'2013-12-01 07:58:54','2013-12-11 12:26:35'),
	(6,X'',1,0,0,0,1,0,X'317C20327C',1,'2013-12-01 08:15:16','2013-12-01 08:15:16'),
	(7,X'',0,0,0,1,1,0,X'317C20327C',1,'2013-12-01 08:21:16','2013-12-11 12:27:28'),
	(8,X'',0,0,0,1,1,0,X'317C20327C',1,'2013-12-01 08:21:31','2013-12-11 12:27:06'),
	(9,X'',0,0,0,1,1,0,X'317C20327C',1,'2013-12-01 08:21:40','2013-12-11 12:27:15'),
	(10,X'',0,0,0,1,1,0,X'317C20327C',1,'2013-12-01 08:22:00','2013-12-11 12:25:34');



# Dump of table category_description
# ------------------------------------------------------------


CREATE TABLE `category_description` (
  `category_id` int(11) NOT NULL,
  `language_id` int(11) NOT NULL,
  `name` varchar(255) COLLATE utf8_bin NOT NULL DEFAULT '',
  `description` text COLLATE utf8_bin NOT NULL,
  `meta_description` varchar(255) COLLATE utf8_bin NOT NULL,
  `meta_keyword` varchar(255) COLLATE utf8_bin NOT NULL,
  PRIMARY KEY (`category_id`,`language_id`),
  KEY `name` (`name`)
) ENGINE=MyISAM DEFAULT CHARSET=utf8 COLLATE=utf8_bin;


INSERT INTO `category_description` (`category_id`, `language_id`, `name`, `description`, `meta_description`, `meta_keyword`)
VALUES
	(1,1,X'48696A616273',X'266C743B702667743B0D0A0944656E696D204B61726C6965204B2E206B6E6F7420706F6E797461696C20726F756E642073756E676C617373657320627574746F6E20757020412E502E432E20647265737320726F736520676F6C642E20466C617473207072696E746564207072696E746564206E61696C732073696C76657220636F6C6C617220706C61697465642E2050617374656C73206D61786920736B697274207475636B656420742D736869727420616E6B6C6520626F6F74732063726F70206D6F6E6F6368726F6D65207374726F6E672065796562726F77732E2043686966666F6E204D756C6265727279206375666620736B696E6E79206A65616E7320776173686564206F75742E266C743B2F702667743B0D0A',X'',X''),
	(2,1,X'5072696E7465642026616D703B20447965642048696A616273','',X'',X''),
	(3,1,X'506C61696E2048696A616273','',X'',X''),
	(6,1,X'436F6C6C656374696F6E73','',X'',X''),
	(7,1,X'4A6577656C657279','',X'',X''),
	(8,1,X'436F6C6C656374696F6E73','',X'',X''),
	(9,1,X'4163636573736F72696573','',X'',X''),
	(10,1,X'436C6F7468696E67','',X'',X'');



# Dump of table category_special
# ------------------------------------------------------------


CREATE TABLE `category_special` (
  `category_special_id` int(11) NOT NULL AUTO_INCREMENT,
  `category_id` int(11) NOT NULL,
  `customer_group_id` int(11) NOT NULL,
  `priority` int(5) NOT NULL DEFAULT '1',
  `discount` decimal(15,4) NOT NULL DEFAULT '0.0000',
  `discount_type` tinyint(1) NOT NULL DEFAULT '0',
  `date_start` date NOT NULL DEFAULT '0000-00-00',
  `date_end` date NOT NULL DEFAULT '0000-00-00',
  PRIMARY KEY (`category_special_id`),
  KEY `category_id` (`category_id`)
) ENGINE=MyISAM DEFAULT CHARSET=utf8 COLLATE=utf8_bin;



# Dump of table category_special_to_product_special
# ------------------------------------------------------------


CREATE TABLE `category_special_to_product_special` (
  `category_special_id` int(11) NOT NULL,
  `product_special_id` int(11) NOT NULL,
  PRIMARY KEY (`category_special_id`,`product_special_id`)
) ENGINE=MyISAM DEFAULT CHARSET=utf8 COLLATE=utf8_bin;



# Dump of table category_to_layout
# ------------------------------------------------------------


CREATE TABLE `category_to_layout` (
  `category_id` int(11) NOT NULL,
  `store_id` int(11) NOT NULL,
  `layout_id` int(11) NOT NULL,
  PRIMARY KEY (`category_id`,`store_id`)
) ENGINE=MyISAM DEFAULT CHARSET=utf8 COLLATE=utf8_bin;



# Dump of table category_to_store
# ------------------------------------------------------------


CREATE TABLE `category_to_store` (
  `category_id` int(11) NOT NULL,
  `store_id` int(11) NOT NULL,
  PRIMARY KEY (`category_id`,`store_id`)
) ENGINE=MyISAM DEFAULT CHARSET=utf8 COLLATE=utf8_bin;


INSERT INTO `category_to_store` (`category_id`, `store_id`)
VALUES
	(1,0),
	(2,0),
	(3,0),
	(6,0),
	(7,0),
	(8,0),
	(9,0),
	(10,0);



# Dump of table city
# ------------------------------------------------------------


CREATE TABLE `city` (
  `city_id` int(11) NOT NULL AUTO_INCREMENT,
  `country_id` int(11) NOT NULL DEFAULT '100',
  `zone_id` int(11) NOT NULL,
  `code` varchar(32) CHARACTER SET utf8 COLLATE utf8_bin NOT NULL,
  `name` varchar(128) NOT NULL,
  `status` int(1) NOT NULL DEFAULT '1',
  PRIMARY KEY (`city_id`)
) ENGINE=MyISAM DEFAULT CHARSET=latin1;


INSERT INTO `city` (`city_id`, `country_id`, `zone_id`, `code`, `name`, `status`)
VALUES
	(1,100,1507,X'','Banda Aceh',1),
	(2,100,1507,X'','Langsa',1),
	(3,100,1507,X'','Lhokseumawe',1),
	(4,100,1507,X'','Kab. Aceh Besar',1),
	(5,100,1507,X'','Kab. Bireuen',1),
	(6,100,1507,X'','Kab. Aceh Tenggara',1),
	(7,100,1507,X'','Kab. Aceh Barat',1),
	(8,100,1507,X'','Kab. Pidie',1),
	(9,100,1507,X'','Kab. Aceh Tengah',1),
	(10,100,1507,X'','Kab. Aceh Selatan',1),
	(11,100,1507,X'','Sabang',1),
	(12,100,1507,X'','Kab. Aceh Barat Daya',1),
	(13,100,1507,X'','Kab. Aceh Jaya',1),
	(14,100,1507,X'','Kab. Aceh Singkil',1),
	(15,100,1507,X'','Kab. Aceh Tamiang',1),
	(16,100,1507,X'','Kab. Aceh Timur',1),
	(17,100,1507,X'','Kab. Aceh Utara',1),
	(18,100,1507,X'','Kab. Bener Meriah',1),
	(19,100,1507,X'','Kab. Gayo Lues',1),
	(20,100,1507,X'','Kab. Nagan Raya',1),
	(21,100,1507,X'','Kab. Pidie Jaya',1),
	(22,100,1507,X'','Kab. Simeuleu',1),
	(23,100,1507,X'','Subulussalam',1),
	(24,100,1508,X'','Denpasar',1),
	(25,100,1508,X'','Kab. Karangasem',1),
	(26,100,1508,X'','Kab. Bangli',1),
	(27,100,1508,X'','Kab. Gianyar',1),
	(28,100,1508,X'','Kab. Jembrana',1),
	(29,100,1508,X'','Kab. Klungkung',1),
	(30,100,1508,X'','Kab. Buleleng',1),
	(31,100,1508,X'','Kab. Tabanan',1),
	(32,100,1508,X'','Kab. Badung',1),
	(33,100,1509,X'','Cilegon',1),
	(34,100,1509,X'','Kab. Pandeglang',1),
	(35,100,1509,X'','Kab. Lebak',1),
	(36,100,1509,X'','Serang',1),
	(37,100,1509,X'','Kab. Serang',1),
	(38,100,1509,X'','Tangerang',1),
	(39,100,1509,X'','Kab. Tangerang',1),
	(40,100,1510,X'','Bengkulu',1),
	(41,100,1510,X'','Kab. Bengkulu Utara',1),
	(42,100,1510,X'','Kab. Rejang Lebong',1),
	(43,100,1510,X'','Kab. Bengkulu Selatan',1),
	(44,100,1510,X'','Kab. Kaur',1),
	(45,100,1510,X'','Kab. Kepahiang',1),
	(46,100,1510,X'','Kab. Lebong',1),
	(47,100,1510,X'','Kab. Muko-Muko',1),
	(48,100,1510,X'','Kab. Seluma',1),
	(49,100,1511,X'','Gorontalo',1),
	(50,100,1511,X'','Kab. Gorontalo',1),
	(51,100,1511,X'','Kab. Boalemo',1),
	(52,100,1511,X'','Bone Bolango',1),
	(53,100,1511,X'','Kab. Gorontalo Utara',1),
	(54,100,1511,X'','Kab. Pahuwalo',1),
	(55,100,1512,X'','DKI Jakarta',1),
	(56,100,1512,X'','Jakarta Barat',1),
	(57,100,1512,X'','Jakarta Selatan',1),
	(58,100,1512,X'','Jakarta Pusat',1),
	(59,100,1512,X'','Jakarta Utara',1),
	(60,100,1512,X'','Jakarta Timur',1),
	(61,100,1512,X'','Kepulauan Seribu',1),
	(62,100,1513,X'','Jambi',1),
	(63,100,1513,X'','Kab. Tanjung Jabung Barat',1),
	(64,100,1513,X'','Kab. Merangin',1),
	(65,100,1513,X'','Kab. Batang Hari',1),
	(66,100,1513,X'','Kab. Bungo',1),
	(67,100,1513,X'','Kab. Kerinci',1),
	(68,100,1513,X'','Kab. Muaro Jambi',1),
	(69,100,1513,X'','Kab. Sarolangun',1),
	(70,100,1513,X'','Kab. Tanjung Jabung Timur',1),
	(71,100,1513,X'','Kab. Tebo',1),
	(72,100,1514,X'','Bandung',1),
	(73,100,1514,X'','Kab. Bandung',1),
	(74,100,1514,X'','Cimahi',1),
	(75,100,1514,X'','Kab. Sumedang',1),
	(76,100,1514,X'','Tasikmalaya',1),
	(77,100,1514,X'','Banjar',1),
	(78,100,1514,X'','Kab.Ciamis',1),
	(79,100,1514,X'','Kab. Tasikmalaya',1),
	(80,100,1514,X'','Kab. Garut',1),
	(81,100,1514,X'','Kab. Purwakarta',1),
	(82,100,1514,X'','Kab. Bandung Barat',1),
	(83,100,1514,X'','Kab. Subang',1),
	(84,100,1514,X'','Bekasi',1),
	(85,100,1514,X'','Kab. Bekasi',1),
	(86,100,1514,X'','Bogor',1),
	(87,100,1514,X'','Kab. Bogor',1),
	(88,100,1514,X'','Cirebon',1),
	(89,100,1514,X'','Kab. Indramayu',1),
	(90,100,1514,X'','Kab. Kuningan',1),
	(91,100,1514,X'','Kab. Majalengka',1),
	(92,100,1514,X'','Kab. Cirebon',1),
	(93,100,1514,X'','Depok',1),
	(94,100,1514,X'','Kab. Karawang',1),
	(95,100,1514,X'','Kab. Sukabumi',1),
	(96,100,1514,X'','Sukabumi',1),
	(97,100,1514,X'','Kab. Cianjur',1),
	(98,100,1515,X'','Kab. Cilacap',1),
	(99,100,1515,X'','Magelang',1),
	(100,100,1515,X'','Kab. Kebumen',1),
	(101,100,1515,X'','Kab. Wonosobo',1),
	(102,100,1515,X'','Kab. Purworejo',1),
	(103,100,1515,X'','Kab. Temanggung',1),
	(104,100,1515,X'','Kab. Magelang',1),
	(105,100,1515,X'','Surakarta',1),
	(106,100,1515,X'','Kab. Boyolali',1),
	(107,100,1515,X'','Kab. Karang Anyar',1),
	(108,100,1515,X'','Kab. Klaten',1),
	(109,100,1515,X'','Kab. Sragen',1),
	(110,100,1515,X'','Kab. Sukoharjo',1),
	(111,100,1515,X'','Kab. Wonogiri',1),
	(112,100,1515,X'','Semarang',1),
	(113,100,1515,X'','Kab. Jepara',1),
	(114,100,1515,X'','Kab. Kudus',1),
	(115,100,1515,X'','Pekalongan',1),
	(116,100,1515,X'','Kab. Banyumas',1),
	(117,100,1515,X'','Kab. Batang',1),
	(118,100,1515,X'','Kab. Blora',1),
	(119,100,1515,X'','Kab. Brebes',1),
	(120,100,1515,X'','Kab. Demak',1),
	(121,100,1515,X'','Kab. Kendal',1),
	(122,100,1515,X'','Kab. Pati',1),
	(123,100,1515,X'','Kab. Pemalang',1),
	(124,100,1515,X'','Kab. Grobogan',1),
	(125,100,1515,X'','Kab. Rembang',1),
	(126,100,1515,X'','Salatiga',1),
	(127,100,1515,X'','Kab. Tegal',1),
	(128,100,1515,X'','Tegal',1),
	(129,100,1515,X'','Kab. Semarang',1),
	(130,100,1515,X'','Kab. Purbalingga',1),
	(131,100,1515,X'','Kab. Banjarnegara',1),
	(132,100,1515,X'','Kab. Pekalongan',1),
	(133,100,1516,X'','Kab. Jember',1),
	(134,100,1516,X'','Kab. Banyuwangi',1),
	(135,100,1516,X'','Kab. Bondowoso',1),
	(136,100,1516,X'','Kediri',1),
	(137,100,1516,X'','Kab. Kediri',1),
	(138,100,1516,X'','Madiun',1),
	(139,100,1516,X'','Kab. Madiun',1),
	(140,100,1516,X'','Kab. Magetan',1),
	(141,100,1516,X'','Kab. Ngawi',1),
	(142,100,1516,X'','Kab. Pacitan',1),
	(143,100,1516,X'','Kab. Ponorogo',1),
	(144,100,1516,X'','Kab. Mojokerto',1),
	(145,100,1516,X'','Kab. Sidoarjo',1),
	(146,100,1516,X'','Mojokerto',1),
	(147,100,1516,X'','Malang',1),
	(148,100,1516,X'','Kab. Blitar',1),
	(149,100,1516,X'','Blitar',1),
	(150,100,1516,X'','Batu',1),
	(151,100,1516,X'','Kab. Malang',1),
	(152,100,1516,X'','Kab. Probolinggo',1),
	(153,100,1516,X'','Probolinggo',1),
	(154,100,1516,X'','Kab. Lumajang',1),
	(155,100,1516,X'','Kab Situbondo',1),
	(156,100,1516,X'','Kab. Pasuruan',1),
	(157,100,1516,X'','Pasuruan',1),
	(158,100,1516,X'','Kab. Bojonegoro',1),
	(159,100,1516,X'','Surabaya',1),
	(160,100,1516,X'','Kab.Gresik',1),
	(161,100,1516,X'','Kab. Lamongan',1),
	(162,100,1516,X'','Kab. Bangkalan',1),
	(163,100,1516,X'','Kab. Jombang',1),
	(164,100,1516,X'','Kab. Nganjuk',1),
	(165,100,1516,X'','Kab. Pamekasan',1),
	(166,100,1516,X'','Kab. Sampang',1),
	(167,100,1516,X'','Kab. Sumenep',1),
	(168,100,1516,X'','Kab. Tuban',1),
	(169,100,1516,X'','Kab. Tulungagung',1),
	(170,100,1516,X'','Kab. Trenggalek',1),
	(171,100,1517,X'','Pontianak',1),
	(172,100,1517,X'','Kab. Ketapang',1),
	(173,100,1517,X'','Kab. Sanggau',1),
	(174,100,1517,X'','Singkawang',1),
	(175,100,1517,X'','Kab. Sintang',1),
	(176,100,1517,X'','Kab. Kapuas Hulu',1),
	(177,100,1517,X'','Kab. Bengkayang',1),
	(178,100,1517,X'','Kab. Landak',1),
	(179,100,1517,X'','Kab. Melawi',1),
	(180,100,1517,X'','Kab. Pontianak',1),
	(181,100,1517,X'','Kab. Sambas',1),
	(182,100,1517,X'','Kab. Sekadau',1),
	(183,100,1517,X'','Kab. Kubu Raya',1),
	(184,100,1517,X'','Kab. Kayong Utara',1),
	(185,100,1518,X'','Banjarmasin',1),
	(186,100,1518,X'','Kab. Hulu Sungai Tengah',1),
	(187,100,1518,X'','Kab. Hulu Sungai Selatan',1),
	(188,100,1518,X'','Kab. Baru',1),
	(189,100,1518,X'','Kab. Tabalong',1),
	(190,100,1518,X'','Banjarbaru',1),
	(191,100,1518,X'','Kab. Hulu Sungai Utara',1),
	(192,100,1518,X'','Kab. Barito Kuala',1),
	(193,100,1518,X'','Kab. Banjar',1),
	(194,100,1518,X'','Kab. Tanah Laut',1),
	(195,100,1518,X'','Kab. Tampin',1),
	(196,100,1518,X'','Kab. Balangan',1),
	(197,100,1518,X'','Kab. Tanah Bambu',1),
	(198,100,1519,X'','Kab. Barito Utara',1),
	(199,100,1519,X'','Kab. Barito Timur',1),
	(200,100,1519,X'','Kab. Murung Raya',1),
	(201,100,1519,X'','Kab. Barito Selatan',1),
	(202,100,1519,X'','Palangkaraya',1),
	(203,100,1519,X'','Kab. Katingan',1),
	(204,100,1519,X'','Kab. Kapuas',1),
	(205,100,1519,X'','Kab. Gunung Mas',1),
	(206,100,1519,X'','Kab. Seruyan',1),
	(207,100,1519,X'','Kab. Kotawaringin Barat',1),
	(208,100,1519,X'','Kab. Kotawaringin Timur',1),
	(209,100,1519,X'','Kab. Lamandau',1),
	(210,100,1519,X'','Kab. Pulang Pisau',1),
	(211,100,1519,X'','Kab. Sukamara',1),
	(212,100,1520,X'','Balikpapan',1),
	(213,100,1520,X'','Kab. Kutai Kartanegara',1),
	(214,100,1520,X'','Kab. Paser',1),
	(215,100,1520,X'','Kab. Berau',1),
	(216,100,1520,X'','Kab. Panajam Paser Utara',1),
	(217,100,1520,X'','Bontang',1),
	(218,100,1520,X'','Kab. Kutai Timur',1),
	(219,100,1520,X'','Samarinda',1),
	(220,100,1520,X'','Kab. Kutai Barat',1),
	(221,100,1521,X'','Tarakan',1),
	(222,100,1521,X'','Kab. Bulungan',1),
	(223,100,1521,X'','Kab. Malinau',1),
	(224,100,1521,X'','Kab. Nunukan',1),
	(225,100,1521,X'','Kab. Tana Tidung',1),
	(226,100,1522,X'','Pangkal Pinang',1),
	(227,100,1522,X'','Kab. Bangka',1),
	(228,100,1522,X'','Kab. Bangka Barat',1),
	(229,100,1522,X'','Kab. Bangka Tengah',1),
	(230,100,1522,X'','Kab. Bangka Selatan',1),
	(231,100,1522,X'','Kab. Belitung',1),
	(232,100,1522,X'','Kab. Belitung Timur',1),
	(233,100,1523,X'','Batam',1),
	(234,100,1523,X'','Kab. Lingga',1),
	(235,100,1523,X'','Kab. Natuna',1),
	(236,100,1523,X'','Kab. Karimun',1),
	(237,100,1523,X'','Tanjung Pinang',1),
	(238,100,1523,X'','Kab. Bintan',1),
	(239,100,1524,X'','Bandar Lampung',1),
	(240,100,1524,X'','Kab. Lampung Selatan',1),
	(241,100,1524,X'','Kab. Lampung Utara',1),
	(242,100,1524,X'','Metro',1),
	(243,100,1524,X'','Kab. Lampung Barat',1),
	(244,100,1524,X'','Kab. Lampung Tengah',1),
	(245,100,1524,X'','Kab. Lampung Timur',1),
	(246,100,1524,X'','Kab. Way Kanan',1),
	(247,100,1524,X'','Kab. Tulang Bawang',1),
	(248,100,1524,X'','Kab. Tanggamus',1),
	(249,100,1524,X'','Kab. Pesawaran',1),
	(250,100,1525,X'','Ambon',1),
	(251,100,1525,X'','Kab. Maluku Tengah',1),
	(252,100,1525,X'','Kab. Maluku Tenggara',1),
	(253,100,1525,X'','Kab. Buru',1),
	(254,100,1525,X'','Kab. Kepulauan Aru',1),
	(255,100,1525,X'','Kab. Seram Bagian Barat',1),
	(256,100,1525,X'','Kab. Seram Bagian Timur',1),
	(257,100,1525,X'','Kab. Maluku Tenggara Barat',1),
	(258,100,1526,X'','Ternate',1),
	(259,100,1526,X'','Kab. Halmahera Barat',1),
	(260,100,1526,X'','Kab. Halmahera Selatan',1),
	(261,100,1526,X'','Kab. Halmahera Tengah',1),
	(262,100,1526,X'','Kab. Halmahera Timur',1),
	(263,100,1526,X'','Kab. Halmahera Utara',1),
	(264,100,1526,X'','Kab. Kepulauan Sula',1),
	(265,100,1526,X'','Tidore',1),
	(266,100,1527,X'','Mataram',1),
	(267,100,1527,X'','Bima',1),
	(268,100,1527,X'','Kab. Dompu',1),
	(269,100,1527,X'','Kab. Lombok Tengah',1),
	(270,100,1527,X'','Kab. Lombok Timur',1),
	(271,100,1527,X'','Kab. Sumbawa',1),
	(272,100,1527,X'','Kab. Lombok Barat',1),
	(273,100,1527,X'','Kab. Sumbawa Barat',1),
	(274,100,1527,X'','Kab. Bima',1),
	(275,100,1528,X'','Kupang',1),
	(276,100,1528,X'','Kab. Sumba Tengah',1),
	(277,100,1528,X'','Kab. Belu',1),
	(278,100,1528,X'','Kab. Alor',1),
	(279,100,1528,X'','Kab. Timor Tengah Utara',1),
	(280,100,1528,X'','Kab. Flores Timur',1),
	(281,100,1528,X'','Kab. Sikka',1),
	(282,100,1528,X'','Kab. Manggarai',1),
	(283,100,1528,X'','Kab. Timor Tengah Selatan',1),
	(284,100,1528,X'','Kab. Ende',1),
	(285,100,1528,X'','Kab. Ngada',1),
	(286,100,1528,X'','Kab. Sumba Timur',1),
	(287,100,1528,X'','Kab. Sumba Barat',1),
	(288,100,1528,X'','Kab. Manggarai Barat',1),
	(289,100,1528,X'','Kab. Manggarai Timur',1),
	(290,100,1528,X'','Kab. Nagekeo',1),
	(291,100,1528,X'','Kab. Rote Ndao',1),
	(292,100,1528,X'','Kab. Sumba Barat Daya',1),
	(293,100,1528,X'','Kab. Lembata',1),
	(294,100,1528,X'','Kab. Kupang',1),
	(295,100,1529,X'','Jayapura',1),
	(296,100,1529,X'','Kab. Jayapura',1),
	(297,100,1529,X'','Kab. Biak Numfor',1),
	(298,100,1529,X'','Kab. Merauke',1),
	(299,100,1529,X'','Kab. Yapen Waropen',1),
	(300,100,1529,X'','Kab. Jayawijaya',1),
	(301,100,1529,X'','Kab. Asmat',1),
	(302,100,1529,X'','Kab. Boven Digoel',1),
	(303,100,1529,X'','Kab. Keerom',1),
	(304,100,1529,X'','Kab. Pegunungan Bintang',1),
	(305,100,1529,X'','Kab. Sarmi',1),
	(306,100,1529,X'','Kab. Supiori',1),
	(307,100,1529,X'','Kab. Talikora',1),
	(308,100,1529,X'','Kab. Waropen',1),
	(309,100,1529,X'','Kab. Yahukimo',1),
	(310,100,1529,X'','Kab. Mamberamo Raya',1),
	(311,100,1529,X'','Kab. Nabire',1),
	(312,100,1529,X'','Kab. Dogiyai',1),
	(313,100,1529,X'','Kab. Paniai',1),
	(314,100,1529,X'','Kab. Puncak Jaya',1),
	(315,100,1529,X'','Kab. Mappi',1),
	(316,100,1529,X'','Kab. Intan Jaya',1),
	(317,100,1529,X'','Kab. Deiyai',1),
	(318,100,1529,X'','Kab. Mimika',1),
	(319,100,1530,X'','Kab. Manokwari',1),
	(320,100,1530,X'','Kab. Sorong',1),
	(321,100,1530,X'','Sorong',1),
	(322,100,1530,X'','Kab. Fak-Fak',1),
	(323,100,1530,X'','Kab. Kaimana',1),
	(324,100,1530,X'','Kab. Raja Ampat',1),
	(325,100,1530,X'','Kab. Sorong Selatan',1),
	(326,100,1530,X'','Kab. Teluk Bintuni',1),
	(327,100,1530,X'','Kab. Teluk Wondama',1),
	(328,100,1531,X'','Pekanbaru',1),
	(329,100,1531,X'','Dumai',1),
	(330,100,1531,X'','Kab. Kampar',1),
	(331,100,1531,X'','Kab. Bengkalis',1),
	(332,100,1531,X'','Kab. Indragiri Hulu',1),
	(333,100,1531,X'','Kab. Indragiri Hilir',1),
	(334,100,1531,X'','Kab. Rokan Hilir',1),
	(335,100,1531,X'','Kab. Kuantan Sengingi',1),
	(336,100,1531,X'','Kab. Palalawan',1),
	(337,100,1531,X'','Kab. Rokan Hulu',1),
	(338,100,1531,X'','Kab. Siak',1),
	(339,100,1531,X'','Kab. Meranti',1),
	(340,100,1532,X'','Kab. Mamuju',1),
	(341,100,1532,X'','Kab. Majene',1),
	(342,100,1532,X'','Kab. Polewali Mandar',1),
	(343,100,1532,X'','Kab. Mamasa',1),
	(344,100,1532,X'','Kab. Mamuju Utara',1),
	(345,100,1533,X'','Makassar',1),
	(346,100,1533,X'','Kab. Bantaeng',1),
	(347,100,1533,X'','Kab. Barru',1),
	(348,100,1533,X'','Kab. Bulukumba',1),
	(349,100,1533,X'','Kab. Enrekang',1),
	(350,100,1533,X'','Kab. Jeneponto',1),
	(351,100,1533,X'','Kab. Tana Toraja',1),
	(352,100,1533,X'','Kab. Tana Toraja Utara',1),
	(353,100,1533,X'','Kab. Maros',1),
	(354,100,1533,X'','Palopo',1),
	(355,100,1533,X'','Kab. Pinrang',1),
	(356,100,1533,X'','Kab. Sindenreng Rappang',1),
	(357,100,1533,X'','Kab. Wajo',1),
	(358,100,1533,X'','Kab. Sinjai',1),
	(359,100,1533,X'','Kab. Goa',1),
	(360,100,1533,X'','Kab. Takalar',1),
	(361,100,1533,X'','Kab. Bone',1),
	(362,100,1533,X'','Kab. Soppeng',1),
	(363,100,1533,X'','Kab. Selayar',1),
	(364,100,1533,X'','Kab. Pangkajene Kepulauan',1),
	(365,100,1533,X'','Pare-Pare',1),
	(366,100,1533,X'','Kab. Luwu Utara',1),
	(367,100,1533,X'','Kab. Luwu Timur',1),
	(368,100,1534,X'','Palu',1),
	(369,100,1534,X'','Kab. Banggai',1),
	(370,100,1534,X'','Kab. Poso',1),
	(371,100,1534,X'','Kab. Toli-Toli',1),
	(372,100,1534,X'','Kab. Banggai Kepulauan',1),
	(373,100,1534,X'','Kab. Buol',1),
	(374,100,1534,X'','Kab. Donggala',1),
	(375,100,1534,X'','Kab. Morowali',1),
	(376,100,1534,X'','Kab. Parigi Moutong',1),
	(377,100,1534,X'','Kab. Tojo Una-Una',1),
	(378,100,1535,X'','Kendari',1),
	(379,100,1535,X'','Kab. Bau-Bau',1),
	(380,100,1535,X'','Kab. Kolaka',1),
	(381,100,1535,X'','Kab. Muna',1),
	(382,100,1535,X'','Kab. Konawe',1),
	(383,100,1535,X'','Kab. Bombana',1),
	(384,100,1535,X'','Kab. Buton & Buton Utara',1),
	(385,100,1535,X'','Kab. Kolaka Utara',1),
	(386,100,1535,X'','Kab. Konawe Utara/ Selatan',1),
	(387,100,1535,X'','Kab. Wakatobi',1),
	(388,100,1536,X'','Manado',1),
	(389,100,1536,X'','Kab. Bolaang Mongondow',1),
	(390,100,1536,X'','Kab. Kepulauan Sangihe',1),
	(391,100,1536,X'','Kab. Minahasa',1),
	(392,100,1536,X'','Bitung',1),
	(393,100,1536,X'','Kab. Bolaang Mongondow Utara',1),
	(394,100,1536,X'','Kab. Kepulauan Talaud',1),
	(395,100,1536,X'','Kab. Minahasa Utara',1),
	(396,100,1536,X'','Kab. Minahasa Selatan',1),
	(397,100,1536,X'','Kab. Minahasa Tenggara',1),
	(398,100,1536,X'','Tomohon',1),
	(399,100,1537,X'','Padang',1),
	(400,100,1537,X'','Kab. Tanah Datar',1),
	(401,100,1537,X'','Bukit Tinggi',1),
	(402,100,1537,X'','Kab. Pasaman',1),
	(403,100,1537,X'','Kab. Pesisir Selatan',1),
	(404,100,1537,X'','Kab. Padang Pariaman',1),
	(405,100,1537,X'','Pariaman',1),
	(406,100,1537,X'','Payakumbuh',1),
	(407,100,1537,X'','Sawahlunto',1),
	(408,100,1537,X'','Solok',1),
	(409,100,1537,X'','Padang Panjang',1),
	(410,100,1537,X'','Kab. Dharmasraya',1),
	(411,100,1537,X'','Kab. Lima Puluh Kota',1),
	(412,100,1537,X'','Kab. Kepulauan Mentawai',1),
	(413,100,1537,X'','Kab. Pasaman Barat',1),
	(414,100,1537,X'','Kab. Solok',1),
	(415,100,1537,X'','Kab. Solok Selatan',1),
	(416,100,1537,X'','Kab. Sijunjung',1),
	(417,100,1537,X'','Kab. Agam',1),
	(418,100,1538,X'','Palembang',1),
	(419,100,1538,X'','Kab. Musi Rawas',1),
	(420,100,1538,X'','Kab. Ogan Komering Ulu',1),
	(421,100,1538,X'','Kab. Ogan Komering Ilir',1),
	(422,100,1538,X'','Kab. Lahat',1),
	(423,100,1538,X'','Kab. Muara Enim',1),
	(424,100,1538,X'','Pagar Alam',1),
	(425,100,1538,X'','Prabumulih',1),
	(426,100,1538,X'','Kab. Musi Banyuasin',1),
	(427,100,1538,X'','Kab. Banyuasin',1),
	(428,100,1538,X'','Kab. Empat Lawang',1),
	(429,100,1538,X'','Kab. Ogan Ilir',1),
	(430,100,1538,X'','Kab. Ogan Komering Ulu Timur',1),
	(431,100,1538,X'','Kab. Ogan Komering Ulu Selatan',1),
	(432,100,1538,X'','Lubuk Linggau',1),
	(433,100,1539,X'','Medan',1),
	(434,100,1539,X'','Kab. Asahan',1),
	(435,100,1539,X'','Kab. Tapanuli Tengah',1),
	(436,100,1539,X'','Sibolga',1),
	(437,100,1539,X'','Kab. Dairi',1),
	(438,100,1539,X'','Kab. Deli Serdang',1),
	(439,100,1539,X'','Kab. Toba Samosir',1),
	(440,100,1539,X'','Binjai',1),
	(441,100,1539,X'','Kab. Nias',1),
	(442,100,1539,X'','Padang Sidempuan',1),
	(443,100,1539,X'','Kab. Simalungun',1),
	(444,100,1539,X'','Kab. Labuhan Batu',1),
	(445,100,1539,X'','Kab. Karo',1),
	(446,100,1539,X'','Kab. Langkat',1),
	(447,100,1539,X'','Kab. Tapanuli Utara',1),
	(448,100,1539,X'','Tebing Tinggi',1),
	(449,100,1539,X'','Kab. Tebing Tinggi',1),
	(450,100,1539,X'','Kab. Padang Lawas Utara',1),
	(451,100,1539,X'','Kab. Batubara',1),
	(452,100,1539,X'','Kab. Humbang Hasudutan',1),
	(453,100,1539,X'','Kab. Mandailing Natal',1),
	(454,100,1539,X'','Kab. Nias Selatan',1),
	(455,100,1539,X'','Kab. Padang Lawas',1),
	(456,100,1539,X'','Kab. Pakpak Barat',1),
	(457,100,1539,X'','Kab. Samosir',1),
	(458,100,1539,X'','Kab. Serdang Bedagai',1),
	(459,100,1539,X'','Kab. Tapanuli Selatan',1),
	(460,100,1539,X'','Tanjung Balai',1),
	(461,100,1539,X'','Pematangsiantar',1),
	(462,100,1540,X'','Yogyakarta',1),
	(463,100,1540,X'','Kab. Bantul',1),
	(464,100,1540,X'','Kab. Sleman',1),
	(465,100,1540,X'','Kab. Kulon Progo',1),
	(466,100,1540,X'','Kab. Gunung Kidul',1);



# Dump of table country
# ------------------------------------------------------------


CREATE TABLE `country` (
  `country_id` int(11) NOT NULL AUTO_INCREMENT,
  `name` varchar(128) COLLATE utf8_bin NOT NULL,
  `iso_code_2` varchar(2) COLLATE utf8_bin NOT NULL DEFAULT '',
  `iso_code_3` varchar(3) COLLATE utf8_bin NOT NULL DEFAULT '',
  `address_format` text COLLATE utf8_bin NOT NULL,
  `postcode_required` tinyint(1) NOT NULL DEFAULT '0',
  `status` tinyint(1) NOT NULL DEFAULT '1',
  PRIMARY KEY (`country_id`)
) ENGINE=MyISAM DEFAULT CHARSET=utf8 COLLATE=utf8_bin;


INSERT INTO `country` (`country_id`, `name`, `iso_code_2`, `iso_code_3`, `address_format`, `postcode_required`, `status`)
VALUES
	(1,X'41666768616E697374616E',X'4146',X'414647','',0,1),
	(2,X'416C62616E6961',X'414C',X'414C42','',0,1),
	(3,X'416C6765726961',X'445A',X'445A41','',0,1),
	(4,X'416D65726963616E2053616D6F61',X'4153',X'41534D','',0,1),
	(5,X'416E646F727261',X'4144',X'414E44','',0,1),
	(6,X'416E676F6C61',X'414F',X'41474F','',0,1),
	(7,X'416E6775696C6C61',X'4149',X'414941','',0,1),
	(8,X'416E7461726374696361',X'4151',X'415441','',0,1),
	(9,X'416E746967756120616E642042617262756461',X'4147',X'415447','',0,1),
	(10,X'417267656E74696E61',X'4152',X'415247','',0,1),
	(11,X'41726D656E6961',X'414D',X'41524D','',0,1),
	(12,X'4172756261',X'4157',X'414257','',0,1),
	(13,X'4175737472616C6961',X'4155',X'415553','',0,1),
	(14,X'41757374726961',X'4154',X'415554','',0,1),
	(15,X'417A65726261696A616E',X'415A',X'415A45','',0,1),
	(16,X'426168616D6173',X'4253',X'424853','',0,1),
	(17,X'4261687261696E',X'4248',X'424852','',0,1),
	(18,X'42616E676C6164657368',X'4244',X'424744','',0,1),
	(19,X'4261726261646F73',X'4242',X'425242','',0,1),
	(20,X'42656C61727573',X'4259',X'424C52','',0,1),
	(21,X'42656C6769756D',X'4245',X'42454C',X'7B66697273746E616D657D207B6C6173746E616D657D0D0A7B636F6D70616E797D0D0A7B616464726573735F317D0D0A7B616464726573735F327D0D0A7B706F7374636F64657D207B636974797D0D0A7B636F756E7472797D',0,1),
	(22,X'42656C697A65',X'425A',X'424C5A','',0,1),
	(23,X'42656E696E',X'424A',X'42454E','',0,1),
	(24,X'4265726D756461',X'424D',X'424D55','',0,1),
	(25,X'42687574616E',X'4254',X'42544E','',0,1),
	(26,X'426F6C69766961',X'424F',X'424F4C','',0,1),
	(27,X'426F736E696120616E64204865727A65676F76696E61',X'4241',X'424948','',0,1),
	(28,X'426F747377616E61',X'4257',X'425741','',0,1),
	(29,X'426F757665742049736C616E64',X'4256',X'425654','',0,1),
	(30,X'4272617A696C',X'4252',X'425241','',0,1),
	(31,X'4272697469736820496E6469616E204F6365616E205465727269746F7279',X'494F',X'494F54','',0,1),
	(32,X'4272756E656920446172757373616C616D',X'424E',X'42524E','',0,1),
	(33,X'42756C6761726961',X'4247',X'424752','',0,1),
	(34,X'4275726B696E61204661736F',X'4246',X'424641','',0,1),
	(35,X'427572756E6469',X'4249',X'424449','',0,1),
	(36,X'43616D626F646961',X'4B48',X'4B484D','',0,1),
	(37,X'43616D65726F6F6E',X'434D',X'434D52','',0,1),
	(38,X'43616E616461',X'4341',X'43414E','',0,1),
	(39,X'43617065205665726465',X'4356',X'435056','',0,1),
	(40,X'4361796D616E2049736C616E6473',X'4B59',X'43594D','',0,1),
	(41,X'43656E7472616C204166726963616E2052657075626C6963',X'4346',X'434146','',0,1),
	(42,X'43686164',X'5444',X'544344','',0,1),
	(43,X'4368696C65',X'434C',X'43484C','',0,1),
	(44,X'4368696E61',X'434E',X'43484E','',0,1),
	(45,X'4368726973746D61732049736C616E64',X'4358',X'435852','',0,1),
	(46,X'436F636F7320284B65656C696E67292049736C616E6473',X'4343',X'43434B','',0,1),
	(47,X'436F6C6F6D626961',X'434F',X'434F4C','',0,1),
	(48,X'436F6D6F726F73',X'4B4D',X'434F4D','',0,1),
	(49,X'436F6E676F',X'4347',X'434F47','',0,1),
	(50,X'436F6F6B2049736C616E6473',X'434B',X'434F4B','',0,1),
	(51,X'436F7374612052696361',X'4352',X'435249','',0,1),
	(52,X'436F746520442749766F697265',X'4349',X'434956','',0,1),
	(53,X'43726F61746961',X'4852',X'485256','',0,1),
	(54,X'43756261',X'4355',X'435542','',0,1),
	(55,X'437970727573',X'4359',X'435950','',0,1),
	(56,X'437A6563682052657075626C6963',X'435A',X'435A45','',0,1),
	(57,X'44656E6D61726B',X'444B',X'444E4B','',0,1),
	(58,X'446A69626F757469',X'444A',X'444A49','',0,1),
	(59,X'446F6D696E696361',X'444D',X'444D41','',0,1),
	(60,X'446F6D696E6963616E2052657075626C6963',X'444F',X'444F4D','',0,1),
	(61,X'456173742054696D6F72',X'544C',X'544C53','',0,1),
	(62,X'45637561646F72',X'4543',X'454355','',0,1),
	(63,X'4567797074',X'4547',X'454759','',0,1),
	(64,X'456C2053616C7661646F72',X'5356',X'534C56','',0,1),
	(65,X'45717561746F7269616C204775696E6561',X'4751',X'474E51','',0,1),
	(66,X'45726974726561',X'4552',X'455249','',0,1),
	(67,X'4573746F6E6961',X'4545',X'455354','',0,1),
	(68,X'457468696F706961',X'4554',X'455448','',0,1),
	(69,X'46616C6B6C616E642049736C616E647320284D616C76696E617329',X'464B',X'464C4B','',0,1),
	(70,X'4661726F652049736C616E6473',X'464F',X'46524F','',0,1),
	(71,X'46696A69',X'464A',X'464A49','',0,1),
	(72,X'46696E6C616E64',X'4649',X'46494E','',0,1),
	(74,X'4672616E63652C204D6574726F706F6C6974616E',X'4652',X'465241',X'7B66697273746E616D657D207B6C6173746E616D657D0D0A7B636F6D70616E797D0D0A7B616464726573735F317D0D0A7B616464726573735F327D0D0A7B706F7374636F64657D207B636974797D0D0A7B636F756E7472797D',1,1),
	(75,X'4672656E636820477569616E61',X'4746',X'475546','',0,1),
	(76,X'4672656E636820506F6C796E65736961',X'5046',X'505946','',0,1),
	(77,X'4672656E636820536F75746865726E205465727269746F72696573',X'5446',X'415446','',0,1),
	(78,X'4761626F6E',X'4741',X'474142','',0,1),
	(79,X'47616D626961',X'474D',X'474D42','',0,1),
	(80,X'47656F72676961',X'4745',X'47454F','',0,1),
	(81,X'4765726D616E79',X'4445',X'444555',X'7B636F6D70616E797D0D0A7B66697273746E616D657D207B6C6173746E616D657D0D0A7B616464726573735F317D0D0A7B616464726573735F327D0D0A7B706F7374636F64657D207B636974797D0D0A7B636F756E7472797D',1,1),
	(82,X'4768616E61',X'4748',X'474841','',0,1),
	(83,X'47696272616C746172',X'4749',X'474942','',0,1),
	(84,X'477265656365',X'4752',X'475243','',0,1),
	(85,X'477265656E6C616E64',X'474C',X'47524C','',0,1),
	(86,X'4772656E616461',X'4744',X'475244','',0,1),
	(87,X'47756164656C6F757065',X'4750',X'474C50','',0,1),
	(88,X'4775616D',X'4755',X'47554D','',0,1),
	(89,X'47756174656D616C61',X'4754',X'47544D','',0,1),
	(90,X'4775696E6561',X'474E',X'47494E','',0,1),
	(91,X'4775696E65612D426973736175',X'4757',X'474E42','',0,1),
	(92,X'477579616E61',X'4759',X'475559','',0,1),
	(93,X'4861697469',X'4854',X'485449','',0,1),
	(94,X'486561726420616E64204D6320446F6E616C642049736C616E6473',X'484D',X'484D44','',0,1),
	(95,X'486F6E6475726173',X'484E',X'484E44','',0,1),
	(96,X'486F6E67204B6F6E67',X'484B',X'484B47','',0,1),
	(97,X'48756E67617279',X'4855',X'48554E','',0,1),
	(98,X'4963656C616E64',X'4953',X'49534C','',0,1),
	(99,X'496E646961',X'494E',X'494E44','',0,1),
	(100,X'496E646F6E65736961',X'4944',X'49444E','',0,1),
	(101,X'4972616E202849736C616D69632052657075626C6963206F6629',X'4952',X'49524E','',0,1),
	(102,X'49726171',X'4951',X'495251','',0,1),
	(103,X'4972656C616E64',X'4945',X'49524C','',0,1),
	(104,X'49737261656C',X'494C',X'495352','',0,1),
	(105,X'4974616C79',X'4954',X'495441','',0,1),
	(106,X'4A616D61696361',X'4A4D',X'4A414D','',0,1),
	(107,X'4A6170616E',X'4A50',X'4A504E','',0,1),
	(108,X'4A6F7264616E',X'4A4F',X'4A4F52','',0,1),
	(109,X'4B617A616B687374616E',X'4B5A',X'4B415A','',0,1),
	(110,X'4B656E7961',X'4B45',X'4B454E','',0,1),
	(111,X'4B69726962617469',X'4B49',X'4B4952','',0,1),
	(112,X'4E6F727468204B6F726561',X'4B50',X'50524B','',0,1),
	(113,X'4B6F7265612C2052657075626C6963206F66',X'4B52',X'4B4F52','',0,1),
	(114,X'4B7577616974',X'4B57',X'4B5754','',0,1),
	(115,X'4B797267797A7374616E',X'4B47',X'4B475A','',0,1),
	(116,X'4C616F2050656F706C6527732044656D6F6372617469632052657075626C6963',X'4C41',X'4C414F','',0,1),
	(117,X'4C6174766961',X'4C56',X'4C5641','',0,1),
	(118,X'4C6562616E6F6E',X'4C42',X'4C424E','',0,1),
	(119,X'4C65736F74686F',X'4C53',X'4C534F','',0,1),
	(120,X'4C696265726961',X'4C52',X'4C4252','',0,1),
	(121,X'4C696279616E2041726162204A616D61686972697961',X'4C59',X'4C4259','',0,1),
	(122,X'4C6965636874656E737465696E',X'4C49',X'4C4945','',0,1),
	(123,X'4C69746875616E6961',X'4C54',X'4C5455','',0,1),
	(124,X'4C7578656D626F757267',X'4C55',X'4C5558','',0,1),
	(125,X'4D61636175',X'4D4F',X'4D4143','',0,1),
	(126,X'4659524F4D',X'4D4B',X'4D4B44','',0,1),
	(127,X'4D616461676173636172',X'4D47',X'4D4447','',0,1),
	(128,X'4D616C617769',X'4D57',X'4D5749','',0,1),
	(129,X'4D616C6179736961',X'4D59',X'4D5953','',0,1),
	(130,X'4D616C6469766573',X'4D56',X'4D4456','',0,1),
	(131,X'4D616C69',X'4D4C',X'4D4C49','',0,1),
	(132,X'4D616C7461',X'4D54',X'4D4C54','',0,1),
	(133,X'4D61727368616C6C2049736C616E6473',X'4D48',X'4D484C','',0,1),
	(134,X'4D617274696E69717565',X'4D51',X'4D5451','',0,1),
	(135,X'4D6175726974616E6961',X'4D52',X'4D5254','',0,1),
	(136,X'4D6175726974697573',X'4D55',X'4D5553','',0,1),
	(137,X'4D61796F747465',X'5954',X'4D5954','',0,1),
	(138,X'4D657869636F',X'4D58',X'4D4558','',0,1),
	(139,X'4D6963726F6E657369612C2046656465726174656420537461746573206F66',X'464D',X'46534D','',0,1),
	(140,X'4D6F6C646F76612C2052657075626C6963206F66',X'4D44',X'4D4441','',0,1),
	(141,X'4D6F6E61636F',X'4D43',X'4D434F','',0,1),
	(142,X'4D6F6E676F6C6961',X'4D4E',X'4D4E47','',0,1),
	(143,X'4D6F6E74736572726174',X'4D53',X'4D5352','',0,1),
	(144,X'4D6F726F63636F',X'4D41',X'4D4152','',0,1),
	(145,X'4D6F7A616D6269717565',X'4D5A',X'4D4F5A','',0,1),
	(146,X'4D79616E6D6172',X'4D4D',X'4D4D52','',0,1),
	(147,X'4E616D69626961',X'4E41',X'4E414D','',0,1),
	(148,X'4E61757275',X'4E52',X'4E5255','',0,1),
	(149,X'4E6570616C',X'4E50',X'4E504C','',0,1),
	(150,X'4E65746865726C616E6473',X'4E4C',X'4E4C44','',0,1),
	(151,X'4E65746865726C616E647320416E74696C6C6573',X'414E',X'414E54','',0,1),
	(152,X'4E65772043616C65646F6E6961',X'4E43',X'4E434C','',0,1),
	(153,X'4E6577205A65616C616E64',X'4E5A',X'4E5A4C','',0,1),
	(154,X'4E6963617261677561',X'4E49',X'4E4943','',0,1),
	(155,X'4E69676572',X'4E45',X'4E4552','',0,1),
	(156,X'4E696765726961',X'4E47',X'4E4741','',0,1),
	(157,X'4E697565',X'4E55',X'4E4955','',0,1),
	(158,X'4E6F72666F6C6B2049736C616E64',X'4E46',X'4E464B','',0,1),
	(159,X'4E6F72746865726E204D617269616E612049736C616E6473',X'4D50',X'4D4E50','',0,1),
	(160,X'4E6F72776179',X'4E4F',X'4E4F52','',0,1),
	(161,X'4F6D616E',X'4F4D',X'4F4D4E','',0,1),
	(162,X'50616B697374616E',X'504B',X'50414B','',0,1),
	(163,X'50616C6175',X'5057',X'504C57','',0,1),
	(164,X'50616E616D61',X'5041',X'50414E','',0,1),
	(165,X'5061707561204E6577204775696E6561',X'5047',X'504E47','',0,1),
	(166,X'5061726167756179',X'5059',X'505259','',0,1),
	(167,X'50657275',X'5045',X'504552','',0,1),
	(168,X'5068696C697070696E6573',X'5048',X'50484C','',0,1),
	(169,X'506974636169726E',X'504E',X'50434E','',0,1),
	(170,X'506F6C616E64',X'504C',X'504F4C','',0,1),
	(171,X'506F72747567616C',X'5054',X'505254','',0,1),
	(172,X'50756572746F205269636F',X'5052',X'505249','',0,1),
	(173,X'5161746172',X'5141',X'514154','',0,1),
	(174,X'5265756E696F6E',X'5245',X'524555','',0,1),
	(175,X'526F6D616E6961',X'524F',X'524F4D','',0,1),
	(176,X'5275737369616E2046656465726174696F6E',X'5255',X'525553','',0,1),
	(177,X'5277616E6461',X'5257',X'525741','',0,1),
	(178,X'5361696E74204B6974747320616E64204E65766973',X'4B4E',X'4B4E41','',0,1),
	(179,X'5361696E74204C75636961',X'4C43',X'4C4341','',0,1),
	(180,X'5361696E742056696E63656E7420616E6420746865204772656E6164696E6573',X'5643',X'564354','',0,1),
	(181,X'53616D6F61',X'5753',X'57534D','',0,1),
	(182,X'53616E204D6172696E6F',X'534D',X'534D52','',0,1),
	(183,X'53616F20546F6D6520616E64205072696E63697065',X'5354',X'535450','',0,1),
	(184,X'536175646920417261626961',X'5341',X'534155','',0,1),
	(185,X'53656E6567616C',X'534E',X'53454E','',0,1),
	(186,X'5365796368656C6C6573',X'5343',X'535943','',0,1),
	(187,X'536965727261204C656F6E65',X'534C',X'534C45','',0,1),
	(188,X'53696E6761706F7265',X'5347',X'534750','',0,1),
	(189,X'536C6F76616B2052657075626C6963',X'534B',X'53564B',X'7B66697273746E616D657D207B6C6173746E616D657D0D0A7B636F6D70616E797D0D0A7B616464726573735F317D0D0A7B616464726573735F327D0D0A7B636974797D207B706F7374636F64657D0D0A7B7A6F6E657D0D0A7B636F756E7472797D',0,1),
	(190,X'536C6F76656E6961',X'5349',X'53564E','',0,1),
	(191,X'536F6C6F6D6F6E2049736C616E6473',X'5342',X'534C42','',0,1),
	(192,X'536F6D616C6961',X'534F',X'534F4D','',0,1),
	(193,X'536F75746820416672696361',X'5A41',X'5A4146','',0,1),
	(194,X'536F7574682047656F726769612026616D703B20536F7574682053616E64776963682049736C616E6473',X'4753',X'534753','',0,1),
	(195,X'537061696E',X'4553',X'455350','',0,1),
	(196,X'537269204C616E6B61',X'4C4B',X'4C4B41','',0,1),
	(197,X'53742E2048656C656E61',X'5348',X'53484E','',0,1),
	(198,X'53742E2050696572726520616E64204D697175656C6F6E',X'504D',X'53504D','',0,1),
	(199,X'537564616E',X'5344',X'53444E','',0,1),
	(200,X'537572696E616D65',X'5352',X'535552','',0,1),
	(201,X'5376616C6261726420616E64204A616E204D6179656E2049736C616E6473',X'534A',X'534A4D','',0,1),
	(202,X'5377617A696C616E64',X'535A',X'53575A','',0,1),
	(203,X'53776564656E',X'5345',X'535745',X'7B636F6D70616E797D0D0A7B66697273746E616D657D207B6C6173746E616D657D0D0A7B616464726573735F317D0D0A7B616464726573735F327D0D0A7B706F7374636F64657D207B636974797D0D0A7B636F756E7472797D',1,1),
	(204,X'537769747A65726C616E64',X'4348',X'434845','',0,1),
	(205,X'53797269616E20417261622052657075626C6963',X'5359',X'535952','',0,1),
	(206,X'54616977616E',X'5457',X'54574E','',0,1),
	(207,X'54616A696B697374616E',X'544A',X'544A4B','',0,1),
	(208,X'54616E7A616E69612C20556E697465642052657075626C6963206F66',X'545A',X'545A41','',0,1),
	(209,X'546861696C616E64',X'5448',X'544841','',0,1),
	(210,X'546F676F',X'5447',X'54474F','',0,1),
	(211,X'546F6B656C6175',X'544B',X'544B4C','',0,1),
	(212,X'546F6E6761',X'544F',X'544F4E','',0,1),
	(213,X'5472696E6964616420616E6420546F6261676F',X'5454',X'54544F','',0,1),
	(214,X'54756E69736961',X'544E',X'54554E','',0,1),
	(215,X'5475726B6579',X'5452',X'545552','',0,1),
	(216,X'5475726B6D656E697374616E',X'544D',X'544B4D','',0,1),
	(217,X'5475726B7320616E6420436169636F732049736C616E6473',X'5443',X'544341','',0,1),
	(218,X'547576616C75',X'5456',X'545556','',0,1),
	(219,X'5567616E6461',X'5547',X'554741','',0,1),
	(220,X'556B7261696E65',X'5541',X'554B52','',0,1),
	(221,X'556E69746564204172616220456D697261746573',X'4145',X'415245','',0,1),
	(222,X'556E69746564204B696E67646F6D',X'4742',X'474252','',1,1),
	(223,X'556E6974656420537461746573',X'5553',X'555341',X'7B66697273746E616D657D207B6C6173746E616D657D0D0A7B636F6D70616E797D0D0A7B616464726573735F317D0D0A7B616464726573735F327D0D0A7B636974797D2C207B7A6F6E657D207B706F7374636F64657D0D0A7B636F756E7472797D',0,1),
	(224,X'556E6974656420537461746573204D696E6F72204F75746C79696E672049736C616E6473',X'554D',X'554D49','',0,1),
	(225,X'55727567756179',X'5559',X'555259','',0,1),
	(226,X'557A62656B697374616E',X'555A',X'555A42','',0,1),
	(227,X'56616E75617475',X'5655',X'565554','',0,1),
	(228,X'5661746963616E20436974792053746174652028486F6C792053656529',X'5641',X'564154','',0,1),
	(229,X'56656E657A75656C61',X'5645',X'56454E','',0,1),
	(230,X'56696574204E616D',X'564E',X'564E4D','',0,1),
	(231,X'56697267696E2049736C616E647320284272697469736829',X'5647',X'564742','',0,1),
	(232,X'56697267696E2049736C616E64732028552E532E29',X'5649',X'564952','',0,1),
	(233,X'57616C6C697320616E6420467574756E612049736C616E6473',X'5746',X'574C46','',0,1),
	(234,X'5765737465726E20536168617261',X'4548',X'455348','',0,1),
	(235,X'59656D656E',X'5945',X'59454D','',0,1),
	(237,X'44656D6F6372617469632052657075626C6963206F6620436F6E676F',X'4344',X'434F44','',0,1),
	(238,X'5A616D626961',X'5A4D',X'5A4D42','',0,1),
	(239,X'5A696D6261627765',X'5A57',X'5A5745','',0,1),
	(240,X'4A6572736579',X'4A45',X'4A4559','',1,1),
	(241,X'477565726E736579',X'4747',X'474759','',1,1),
	(242,X'4D6F6E74656E6567726F',X'4D45',X'4D4E45','',0,1),
	(243,X'536572626961',X'5253',X'535242','',0,1);



# Dump of table coupon
# ------------------------------------------------------------


CREATE TABLE `coupon` (
  `coupon_id` int(11) NOT NULL AUTO_INCREMENT,
  `name` varchar(128) COLLATE utf8_bin NOT NULL,
  `code` varchar(10) COLLATE utf8_bin NOT NULL,
  `type` char(1) COLLATE utf8_bin NOT NULL,
  `discount` decimal(15,4) NOT NULL,
  `logged` tinyint(1) NOT NULL DEFAULT '0',
  `shipping` tinyint(1) NOT NULL DEFAULT '0',
  `total` decimal(15,4) NOT NULL,
  `date_start` date NOT NULL DEFAULT '0000-00-00',
  `date_end` date NOT NULL DEFAULT '0000-00-00',
  `uses_total` int(11) NOT NULL,
  `uses_customer` varchar(11) COLLATE utf8_bin NOT NULL,
  `status` tinyint(1) NOT NULL DEFAULT '0',
  `date_added` datetime NOT NULL DEFAULT '0000-00-00 00:00:00',
  PRIMARY KEY (`coupon_id`)
) ENGINE=MyISAM DEFAULT CHARSET=utf8 COLLATE=utf8_bin;


INSERT INTO `coupon` (`coupon_id`, `name`, `code`, `type`, `discount`, `logged`, `shipping`, `total`, `date_start`, `date_end`, `uses_total`, `uses_customer`, `status`, `date_added`)
VALUES
	(4,X'2D31302520446973636F756E74',X'32323232',X'50',10.0000,0,0,0.0000,'2011-01-01','2012-01-01',10,X'3130',1,'2009-01-27 13:55:03'),
	(5,X'46726565205368697070696E67',X'33333333',X'50',0.0000,0,1,100.0000,'2009-03-01','2009-08-31',10,X'3130',1,'2009-03-14 21:13:53'),
	(6,X'2D31302E303020446973636F756E74',X'31313131',X'46',10.0000,0,0,10.0000,'1970-11-01','2020-11-01',100000,X'3130303030',1,'2009-03-14 21:15:18');



# Dump of table coupon_category
# ------------------------------------------------------------


CREATE TABLE `coupon_category` (
  `coupon_id` int(11) NOT NULL,
  `category_id` int(11) NOT NULL,
  PRIMARY KEY (`coupon_id`,`category_id`)
) ENGINE=MyISAM DEFAULT CHARSET=utf8 COLLATE=utf8_bin;



# Dump of table coupon_history
# ------------------------------------------------------------


CREATE TABLE `coupon_history` (
  `coupon_history_id` int(11) NOT NULL AUTO_INCREMENT,
  `coupon_id` int(11) NOT NULL,
  `order_id` int(11) NOT NULL,
  `customer_id` int(11) NOT NULL,
  `amount` decimal(15,4) NOT NULL,
  `date_added` datetime NOT NULL,
  PRIMARY KEY (`coupon_history_id`)
) ENGINE=MyISAM DEFAULT CHARSET=utf8 COLLATE=utf8_bin;



# Dump of table coupon_product
# ------------------------------------------------------------


CREATE TABLE `coupon_product` (
  `coupon_product_id` int(11) NOT NULL AUTO_INCREMENT,
  `coupon_id` int(11) NOT NULL,
  `product_id` int(11) NOT NULL,
  PRIMARY KEY (`coupon_product_id`)
) ENGINE=MyISAM DEFAULT CHARSET=utf8 COLLATE=utf8_bin;



# Dump of table currency
# ------------------------------------------------------------


CREATE TABLE `currency` (
  `currency_id` int(11) NOT NULL AUTO_INCREMENT,
  `title` varchar(32) COLLATE utf8_bin NOT NULL DEFAULT '',
  `code` varchar(3) COLLATE utf8_bin NOT NULL DEFAULT '',
  `symbol_left` varchar(12) COLLATE utf8_bin NOT NULL,
  `symbol_right` varchar(12) COLLATE utf8_bin NOT NULL,
  `decimal_place` char(1) COLLATE utf8_bin NOT NULL,
  `value` float(15,8) NOT NULL,
  `status` tinyint(1) NOT NULL DEFAULT '0',
  `date_modified` datetime NOT NULL DEFAULT '0000-00-00 00:00:00',
  PRIMARY KEY (`currency_id`)
) ENGINE=MyISAM DEFAULT CHARSET=utf8 COLLATE=utf8_bin;


INSERT INTO `currency` (`currency_id`, `title`, `code`, `symbol_left`, `symbol_right`, `decimal_place`, `value`, `status`, `date_modified`)
VALUES
	(4,X'527570696168',X'494452',X'527020',X'',X'',1.00000000,1,'2014-02-11 02:11:52');



# Dump of table customer
# ------------------------------------------------------------


CREATE TABLE `customer` (
  `customer_id` int(11) NOT NULL AUTO_INCREMENT,
  `store_id` int(11) NOT NULL DEFAULT '0',
  `firstname` varchar(32) COLLATE utf8_bin NOT NULL DEFAULT '',
  `lastname` varchar(32) COLLATE utf8_bin NOT NULL DEFAULT '',
  `email` varchar(96) COLLATE utf8_bin NOT NULL DEFAULT '',
  `telephone` varchar(32) COLLATE utf8_bin NOT NULL DEFAULT '',
  `fax` varchar(32) COLLATE utf8_bin NOT NULL DEFAULT '',
  `birthday` date DEFAULT NULL,
  `password` varchar(40) COLLATE utf8_bin NOT NULL DEFAULT '',
  `salt` varchar(9) COLLATE utf8_bin NOT NULL DEFAULT '',
  `cart` text COLLATE utf8_bin,
  `wishlist` text COLLATE utf8_bin,
  `newsletter` tinyint(1) NOT NULL DEFAULT '0',
  `address_id` int(11) NOT NULL DEFAULT '0',
  `customer_group_id` int(11) NOT NULL,
  `ip` varchar(40) COLLATE utf8_bin NOT NULL DEFAULT '0',
  `status` tinyint(1) NOT NULL DEFAULT '0',
  `approved` tinyint(1) NOT NULL DEFAULT '0',
  `token` varchar(255) COLLATE utf8_bin NOT NULL,
  `date_added` datetime NOT NULL DEFAULT '0000-00-00 00:00:00',
  PRIMARY KEY (`customer_id`)
) ENGINE=MyISAM DEFAULT CHARSET=utf8 COLLATE=utf8_bin;



# Dump of table customer_group
# ------------------------------------------------------------


CREATE TABLE `customer_group` (
  `customer_group_id` int(11) NOT NULL AUTO_INCREMENT,
  `approval` int(1) NOT NULL,
  `company_id_display` int(1) NOT NULL,
  `company_id_required` int(1) NOT NULL,
  `tax_id_display` int(1) NOT NULL,
  `tax_id_required` int(1) NOT NULL,
  `sort_order` int(3) NOT NULL,
  `discount` varchar(6) COLLATE utf8_bin NOT NULL DEFAULT '',
  PRIMARY KEY (`customer_group_id`)
) ENGINE=MyISAM DEFAULT CHARSET=utf8 COLLATE=utf8_bin;


INSERT INTO `customer_group` (`customer_group_id`, `approval`, `company_id_display`, `company_id_required`, `tax_id_display`, `tax_id_required`, `sort_order`, `discount`)
VALUES
	(1,0,1,0,0,1,1,X''),
	(2,0,0,0,0,0,0,X'3330');



# Dump of table customer_group_description
# ------------------------------------------------------------


CREATE TABLE `customer_group_description` (
  `customer_group_id` int(11) NOT NULL,
  `language_id` int(11) NOT NULL,
  `name` varchar(32) COLLATE utf8_bin NOT NULL,
  `description` text COLLATE utf8_bin NOT NULL,
  PRIMARY KEY (`customer_group_id`,`language_id`)
) ENGINE=MyISAM DEFAULT CHARSET=utf8 COLLATE=utf8_bin;


INSERT INTO `customer_group_description` (`customer_group_id`, `language_id`, `name`, `description`)
VALUES
	(1,1,X'44656661756C74',X'74657374'),
	(2,1,X'526573656C6C6572','');



# Dump of table customer_ip
# ------------------------------------------------------------


CREATE TABLE `customer_ip` (
  `customer_ip_id` int(11) NOT NULL AUTO_INCREMENT,
  `customer_id` int(11) NOT NULL,
  `ip` varchar(40) COLLATE utf8_bin NOT NULL,
  `date_added` datetime NOT NULL,
  PRIMARY KEY (`customer_ip_id`),
  KEY `ip` (`ip`)
) ENGINE=MyISAM DEFAULT CHARSET=utf8 COLLATE=utf8_bin;



# Dump of table customer_ip_blacklist
# ------------------------------------------------------------


CREATE TABLE `customer_ip_blacklist` (
  `customer_ip_blacklist_id` int(11) NOT NULL AUTO_INCREMENT,
  `ip` varchar(40) COLLATE utf8_bin NOT NULL,
  PRIMARY KEY (`customer_ip_blacklist_id`),
  KEY `ip` (`ip`)
) ENGINE=MyISAM DEFAULT CHARSET=utf8 COLLATE=utf8_bin;



# Dump of table customer_online
# ------------------------------------------------------------


CREATE TABLE `customer_online` (
  `ip` varchar(40) COLLATE utf8_bin NOT NULL,
  `customer_id` int(11) NOT NULL,
  `url` text COLLATE utf8_bin NOT NULL,
  `referer` text COLLATE utf8_bin NOT NULL,
  `date_added` datetime NOT NULL,
  PRIMARY KEY (`ip`)
) ENGINE=MyISAM DEFAULT CHARSET=utf8 COLLATE=utf8_bin;


INSERT INTO `customer_online` (`ip`, `customer_id`, `url`, `referer`, `date_added`)
VALUES
	(X'3131382E3133372E3232382E3639',0,X'687474703A2F2F7777772E6D656C696C656170616C656D62616E672E636F6D2F61646D696E2F636174616C6F672F766965772F7468656D652F64656661756C742F696D6167652F6C6F6164696E672E676966',X'687474703A2F2F7777772E6D656C696C656170616C656D62616E672E636F6D2F61646D696E2F696E6465782E7068703F726F7574653D73657474696E672F73657474696E6726616D703B746F6B656E3D3232633033396533393865376439323936303632663733613234346566653430','2014-02-11 09:10:57');



# Dump of table customer_reward
# ------------------------------------------------------------


CREATE TABLE `customer_reward` (
  `customer_reward_id` int(11) NOT NULL AUTO_INCREMENT,
  `customer_id` int(11) NOT NULL DEFAULT '0',
  `order_id` int(11) NOT NULL DEFAULT '0',
  `description` text COLLATE utf8_bin NOT NULL,
  `points` int(8) NOT NULL DEFAULT '0',
  `date_added` datetime NOT NULL DEFAULT '0000-00-00 00:00:00',
  PRIMARY KEY (`customer_reward_id`)
) ENGINE=MyISAM DEFAULT CHARSET=utf8 COLLATE=utf8_bin;



# Dump of table customer_transaction
# ------------------------------------------------------------


CREATE TABLE `customer_transaction` (
  `customer_transaction_id` int(11) NOT NULL AUTO_INCREMENT,
  `customer_id` int(11) NOT NULL,
  `order_id` int(11) NOT NULL,
  `description` text COLLATE utf8_bin NOT NULL,
  `amount` decimal(15,4) NOT NULL,
  `date_added` datetime NOT NULL,
  PRIMARY KEY (`customer_transaction_id`)
) ENGINE=MyISAM DEFAULT CHARSET=utf8 COLLATE=utf8_bin;



# Dump of table download
# ------------------------------------------------------------


CREATE TABLE `download` (
  `download_id` int(11) NOT NULL AUTO_INCREMENT,
  `filename` varchar(128) COLLATE utf8_bin NOT NULL DEFAULT '',
  `mask` varchar(128) COLLATE utf8_bin NOT NULL DEFAULT '',
  `remaining` int(11) NOT NULL DEFAULT '0',
  `date_added` datetime NOT NULL DEFAULT '0000-00-00 00:00:00',
  PRIMARY KEY (`download_id`)
) ENGINE=MyISAM DEFAULT CHARSET=utf8 COLLATE=utf8_bin;



# Dump of table download_description
# ------------------------------------------------------------


CREATE TABLE `download_description` (
  `download_id` int(11) NOT NULL,
  `language_id` int(11) NOT NULL,
  `name` varchar(64) COLLATE utf8_bin NOT NULL DEFAULT '',
  PRIMARY KEY (`download_id`,`language_id`)
) ENGINE=MyISAM DEFAULT CHARSET=utf8 COLLATE=utf8_bin;



# Dump of table extension
# ------------------------------------------------------------


CREATE TABLE `extension` (
  `extension_id` int(11) NOT NULL AUTO_INCREMENT,
  `type` varchar(32) COLLATE utf8_bin NOT NULL,
  `code` varchar(32) COLLATE utf8_bin NOT NULL,
  PRIMARY KEY (`extension_id`)
) ENGINE=MyISAM DEFAULT CHARSET=utf8 COLLATE=utf8_bin;


INSERT INTO `extension` (`extension_id`, `type`, `code`)
VALUES
	(22,X'746F74616C',X'7368697070696E67'),
	(57,X'746F74616C',X'7375625F746F74616C'),
	(59,X'746F74616C',X'746F74616C'),
	(432,X'6D6F64756C65',X'7370656369616C'),
	(390,X'746F74616C',X'637265646974'),
	(349,X'746F74616C',X'68616E646C696E67'),
	(350,X'746F74616C',X'6C6F775F6F726465725F666565'),
	(389,X'746F74616C',X'636F75706F6E'),
	(433,X'6D6F64756C65',X'6265737473656C6C6572'),
	(430,X'6D6F64756C65',X'6C6174657374'),
	(393,X'746F74616C',X'726577617264'),
	(398,X'746F74616C',X'766F7563686572'),
	(431,X'6D6F64756C65',X'6665617475726564'),
	(435,X'6D6F64756C65',X'62616E6E6572'),
	(437,X'6D6F64756C65',X'696E666F726D6174696F6E'),
	(438,X'6D6F64756C65',X'616666696C69617465'),
	(439,X'6D6F64756C65',X'6163636F756E74'),
	(440,X'6D6F64756C65',X'76716D6F645F6D616E61676572'),
	(490,X'6D6F64756C65',X'73696D706C65'),
	(469,X'7061796D656E74',X'62616E6B5F7472616E736665725F626361'),
	(451,X'6D6F64756C65',X'63617465676F7279'),
	(486,X'7061796D656E74',X'667265655F636865636B6F7574'),
	(485,X'7061796D656E74',X'636F64'),
	(459,X'6D6F64756C65',X'706F5F74657374696D6F6E69616C73'),
	(492,X'7368697070696E67',X'6A6E655F6F6B65'),
	(463,X'7061796D656E74',X'70705F7374616E64617264'),
	(465,X'746F74616C',X'6175746F5F646973636F756E74'),
	(491,X'7368697070696E67',X'6A6E65'),
	(471,X'6D6F64756C65',X'747261636B696E67'),
	(473,X'7061796D656E74',X'62616E6B5F7472616E736665725F6D616E64697269'),
	(476,X'66656564',X'676F6F676C655F62617365'),
	(477,X'66656564',X'676F6F676C655F736974656D6170'),
	(489,X'6D6F64756C65',X'6E657773'),
	(493,X'6D6F64756C65',X'62616E6E65725F666F7572'),
	(494,X'6D6F64756C65',X'74776565746578636C616D6174696F6E'),
	(495,X'6D6F64756C65',X'77656C636F6D65'),
	(496,X'6D6F64756C65',X'66616365626F6F6B5F6C62'),
	(500,X'6D6F64756C65',X'736C69646573686F77');



# Dump of table filter
# ------------------------------------------------------------


CREATE TABLE `filter` (
  `filter_id` int(11) NOT NULL AUTO_INCREMENT,
  `sort_order` int(3) NOT NULL,
  PRIMARY KEY (`filter_id`)
) ENGINE=MyISAM DEFAULT CHARSET=utf8 COLLATE=utf8_bin;



# Dump of table filter_description
# ------------------------------------------------------------


CREATE TABLE `filter_description` (
  `filter_id` int(11) NOT NULL,
  `language_id` int(11) NOT NULL,
  `name` varchar(64) COLLATE utf8_bin NOT NULL,
  PRIMARY KEY (`filter_id`,`language_id`)
) ENGINE=MyISAM DEFAULT CHARSET=utf8 COLLATE=utf8_bin;



# Dump of table filter_value
# ------------------------------------------------------------


CREATE TABLE `filter_value` (
  `filter_value_id` int(11) NOT NULL AUTO_INCREMENT,
  `filter_id` int(11) NOT NULL,
  `sort_order` int(3) NOT NULL,
  PRIMARY KEY (`filter_value_id`)
) ENGINE=MyISAM DEFAULT CHARSET=utf8 COLLATE=utf8_bin;



# Dump of table filter_value_description
# ------------------------------------------------------------


CREATE TABLE `filter_value_description` (
  `filter_value_id` int(11) NOT NULL,
  `language_id` int(11) NOT NULL,
  `filter_id` int(11) NOT NULL,
  `name` varchar(64) COLLATE utf8_bin NOT NULL,
  PRIMARY KEY (`filter_value_id`,`language_id`)
) ENGINE=MyISAM DEFAULT CHARSET=utf8 COLLATE=utf8_bin;



# Dump of table geo_zone
# ------------------------------------------------------------


CREATE TABLE `geo_zone` (
  `geo_zone_id` int(11) NOT NULL AUTO_INCREMENT,
  `name` varchar(32) COLLATE utf8_bin NOT NULL DEFAULT '',
  `description` varchar(255) COLLATE utf8_bin NOT NULL DEFAULT '',
  `date_modified` datetime NOT NULL DEFAULT '0000-00-00 00:00:00',
  `date_added` datetime NOT NULL DEFAULT '0000-00-00 00:00:00',
  PRIMARY KEY (`geo_zone_id`)
) ENGINE=MyISAM DEFAULT CHARSET=utf8 COLLATE=utf8_bin;


INSERT INTO `geo_zone` (`geo_zone_id`, `name`, `description`, `date_modified`, `date_added`)
VALUES
	(39,X'496E646F6E65736961',X'496E646F6E657369612050726F76696E636573','0000-00-00 00:00:00','2013-10-12 08:25:57');



# Dump of table information
# ------------------------------------------------------------


CREATE TABLE `information` (
  `information_id` int(11) NOT NULL AUTO_INCREMENT,
  `bottom` int(1) NOT NULL DEFAULT '0',
  `sort_order` int(3) NOT NULL DEFAULT '0',
  `status` tinyint(1) NOT NULL DEFAULT '1',
  PRIMARY KEY (`information_id`)
) ENGINE=MyISAM DEFAULT CHARSET=utf8 COLLATE=utf8_bin;


INSERT INTO `information` (`information_id`, `bottom`, `sort_order`, `status`)
VALUES
	(3,1,3,1),
	(4,1,0,1),
	(5,1,4,1),
	(7,1,1,1);



# Dump of table information_description
# ------------------------------------------------------------


CREATE TABLE `information_description` (
  `information_id` int(11) NOT NULL,
  `language_id` int(11) NOT NULL,
  `title` varchar(64) COLLATE utf8_bin NOT NULL DEFAULT '',
  `description` text COLLATE utf8_bin NOT NULL,
  PRIMARY KEY (`information_id`,`language_id`)
) ENGINE=MyISAM DEFAULT CHARSET=utf8 COLLATE=utf8_bin;


INSERT INTO `information_description` (`information_id`, `language_id`, `title`, `description`)
VALUES
	(4,1,X'41626F7574205573',X'266C743B702667743B0D0A09506C61697465642063756666207475636B656420742D736869727420636F74746F6E206472657373206C656174686572206A61636B65742E204C656767696E6773204D6975204D69752076696E746167652077686974652073686972742064656E696D206A61636B65742E205072696E7420726F736520676F6C6420506172697320736B69727420616E6B6C6520626F6F74732074726F757365722043C3A96C696E65204D6169736F6E204D617274696E204D61726769656C612073686F652E2043617073756C65207374726F6E672065796562726F777320466A616C6C726176656E206368616D6272617920736869727420677265792063656E74657220706172742077686974652E266C743B2F702667743B0D0A266C743B702667743B0D0A09536B696E6E79206A65616E7320726F756E642073756E676C61737365732070617374656C73206261636B7061636B206772756E6765206265616E696520666C617473207375726620706F702E204C616E76696E20686561647363617266207072657070792043686F75706574746520776173686564206F7574206B6E6F7420706F6E797461696C206D61786920736B6972742E205072696E746564206A61636B6574207061726B612041636E65206368756E6B7920736F6C65205072616461205361666669616E6F204368616E656C20492E20636173686D65726520636F6C6C617220456C6C652E205072696E746564206E61696C7320706C617973756974205261662053696D6F6E73204B61726C6965204B2E2063726F7020677265656E207368656572205072616461206261636B7061636B20546F7073686F702E266C743B2F702667743B0D0A266C743B702667743B0D0A094F76657273697A6564206368656C73656120626F6F74204D756C6265727279206C6561746865722073686F7274732073746174656D656E742E204361726120442E20436F6C6574746520436F70656E686167656E207072696E74656420636C617368696E67207061747465726E73205361696E74204C617572656E7420627574746F6E2075702072656C617865642E2042616720274E27204E6F756E20393073206D6574616C20636F6C6C6172206E65636B6C616365206D696E74206C61206D6172696E69C3A8726520742D736869727420726F7065206E65636B6C616365206C6F61666572732E204F76657273697A6564207377656174736869727420696E6469676F2064656E696D206E65757472616C2064656E696D20507261646120636173696F20776869746520436F6E76657273652E266C743B2F702667743B0D0A266C743B702667743B0D0A09537472656574207374796C652063686966666F6E2076696E74616765204C6576692073686F727473206B6E69747765617220626C61636B20412E502E432E2052617A6F7220706C656174206D6F746966205765656B6461792070656163682073696C76657220636F6C6C617220636C757463682074756C6C65206461726B20726564206C6970737469636B206D6F6E6F6368726F6D65204D6973736F6E692E2042616720274E27204E6F756E20776869746520436F6E7665727365207072696E74206C656767696E67732043C3A96C696E65206C61206D6172696E69C3A8726520742D736869727420636C757463682E205261662053696D6F6E732064726573732070617374656C7320636F6C6C6172207072696E7465642073686F6520677265656E20677265792076696E746167652E266C743B2F702667743B0D0A'),
	(5,1,X'5465726D732026616D703B20436F6E646974696F6E73',X'266C743B756C2667743B0D0A09266C743B6C692667743B0D0A0909266C743B702667743B0D0A09090950617374656C732063726F70205072616461206261636B7061636B20696E6469676F2064656E696D207375726620706F70206C61206D6172696E69C3A8726520742D73686972742072656C617865642E204D6973736F6E69206D6574616C20636F6C6C6172206E65636B6C616365206368656C73656120626F6F74204368616E656C20492E206C6F6166657273206E65757472616C2E205261662053696D6F6E732076696E746167652064656E696D206A61636B65742073696C76657220636F6C6C617220436F6C65747465206F76657273697A656420737472656574207374796C65204C616E76696E20686561647363617266204361726120442E207072696E746564206A61636B65742E2050726570707920412E502E432E205072616461206261636B7061636B2064656E696D206C656767696E6773204D6975204D697520736865657220647265737320636C757463682E266C743B2F702667743B0D0A09266C743B2F6C692667743B0D0A09266C743B6C692667743B0D0A0909266C743B702667743B0D0A090909506C6169746564206D61786920736B69727420736B6972742074756C6C652073686F6520436F70656E686167656E2E204368616D627261792073686972742067726579204D6169736F6E204D617274696E204D61726769656C61207072696E746564206E61696C732043686F75706574746520677265656E20696E6469676F2064656E696D20636F6C6C61722E2056696E74616765204C6576692073686F7274732063686966666F6E206C6561746865722073686F72747320626C61636B207375726620706F702063726F7020636F74746F6E20776173686564206F75742E204368756E6B7920736F6C65206D696E7420466A616C6C726176656E207374726F6E672065796562726F777320726F756E642073756E676C61737365732042616720274E27204E6F756E20616E6B6C6520626F6F7473205072616461205361666669616E6F20456C6C65204B61726C6965204B2E266C743B2F702667743B0D0A09266C743B2F6C692667743B0D0A09266C743B6C692667743B0D0A0909266C743B702667743B0D0A0909094D6F7469662050726164612043C3A96C696E65206265616E69652072617A6F7220706C6561742070617374656C73204D756C62657272792E205765656B64617920666C61747320636173686D6572652073746174656D656E74207072696E74656420393073207768697465207368697274206D6F6E6F6368726F6D652063617073756C652E2054726F75736572207065616368205361696E74204C617572656E7420726F7065206E65636B6C61636520706C6179737569742E204461726B20726564206C6970737469636B2041636E65206B6E69747765617220736B696E6E79206A65616E73206C61206D6172696E69C3A8726520742D7368697274207072696E74206C656174686572206A61636B65742E266C743B2F702667743B0D0A09266C743B2F6C692667743B0D0A09266C743B6C692667743B0D0A0909266C743B702667743B0D0A09090943656E746572207061727420776869746520636C617368696E67207061747465726E7320506172697320546F7073686F7020776869746520436F6E7665727365207061726B6120726F736520676F6C64206772756E676520637566662E205072657070792064656E696D206A61636B65742043C3A96C696E6520706561636820706C616974656420776869746520436F6E7665727365206472657373206B6E6F7420706F6E797461696C20776173686564206F757420412E502E432E204F76657273697A6564206265616E6965206C61206D6172696E69C3A8726520742D7368697274206C6561746865722073686F727473206F76657273697A65642073776561747368697274206368756E6B7920736F6C65206368616D62726179207368697274204D6975204D6975204361726120442E205765656B646179205072616461206261636B7061636B20466A616C6C726176656E2043686F757065747465204C616E76696E20686561647363617266206461726B20726564206C6970737469636B206D6574616C20636F6C6C6172206E65636B6C616365207072696E746564206E61696C732E266C743B2F702667743B0D0A09266C743B2F6C692667743B0D0A266C743B2F756C2667743B0D0A'),
	(3,1,X'5072697661637920506F6C696379',X'266C743B756C2667743B0D0A09266C743B6C692667743B0D0A0909537472656574207374796C65206D6574616C20636F6C6C6172206E65636B6C616365207475636B656420742D73686972742043C3A96C696E65206D6F6E6F6368726F6D6520636F6C6C61722E204B6E6F7420706F6E797461696C20726F7065206E65636B6C61636520776173686564206F7574206C656767696E6773206261636B7061636B2041636E652063686966666F6E2063617073756C6520726F756E642073756E676C61737365732073686F652E204C6F6166657273204B61726C6965204B2E207065616368204C616E76696E20686561647363617266207374726F6E672065796562726F77732E204D61786920736B697274206368656C73656120626F6F7420466A616C6C726176656E205261662053696D6F6E7320546F7073686F7020636C757463682073696C76657220636F6C6C617220706C6179737569742E266C743B2F6C692667743B0D0A09266C743B6C692667743B0D0A0909393073205361696E74204C617572656E74206265616E6965206C656174686572206A61636B6574206C6561746865722073686F72747320412E502E432E207072696E746564206A61636B6574206F76657273697A65642E2044656E696D206A61636B657420736865657220506172697320776869746520436F6E7665727365205072616461205361666669616E6F207768697465207072696E7465642E20456C6C652076696E74616765207072696E746564206E61696C732064656E696D20647265737320636F74746F6E2077686974652073686972742072617A6F7220706C6561742E205072616461206D6F7469662043686F7570657474652074756C6C65206F76657273697A656420737765617473686972742042616720274E27204E6F756E2073746174656D656E74204D6169736F6E204D617274696E204D61726769656C6120636C617368696E67207061747465726E732E266C743B2F6C692667743B0D0A09266C743B6C692667743B0D0A0909526F736520676F6C6420636173696F206772657920636173686D657265207061726B612074726F7573657220666C617473207072696E742E2056696E74616765204C6576692073686F7274732070726570707920436F6C6574746520436F70656E686167656E206461726B20726564206C6970737469636B204361726120442E204368616E656C20492E204D756C62657272792063656E746572207061727420626C61636B2E204B6E697477656172206D696E74204D6973736F6E6920706C616974656420736B696E6E79206A65616E7320627574746F6E207570206368616D6272617920736869727420637566662E20416E6B6C6520626F6F747320736B697274205765656B64617920677265656E206368756E6B7920736F6C652E266C743B2F6C692667743B0D0A266C743B2F756C2667743B0D0A'),
	(7,1,X'486F7720746F204F72646572',X'266C743B6F6C2667743B0D0A09266C743B6C692667743B0D0A0909266C743B702667743B0D0A0909094265616E6965206D61786920736B6972742072656C617865642063726F70207061726B61205361696E74204C617572656E7420626C61636B206368756E6B7920736F6C652E2053696C76657220636F6C6C617220546F7073686F702041636E65205072616461205361666669616E6F206D6574616C20636F6C6C6172206E65636B6C6163652E2056696E74616765204C6576692073686F727473207072696E746564206E61696C73206C656174686572206A61636B6574206368656C73656120626F6F7420696E6469676F2064656E696D206C6561746865722073686F72747320466A616C6C726176656E206D6F6E6F6368726F6D652064656E696D206A61636B65742E20456C6C65206B6E6F7420706F6E797461696C2073746174656D656E7420507261646120666C6174732043686F75706574746520636173696F20412E502E432E205072616461206261636B7061636B2E266C743B2F702667743B0D0A09266C743B2F6C692667743B0D0A09266C743B6C692667743B0D0A0909266C743B702667743B0D0A0909094B6E697477656172207475636B656420742D736869727420707265707079204D756C62657272792070656163682E2052617A6F7220706C656174207375726620706F702074726F75736572206F76657273697A6564204368616E656C20492E206D696E742039307320737472656574207374796C652E20436F6C6574746520736B696E6E79206A65616E732064656E696D206375666620706C61697465642E20436173686D657265204D6169736F6E204D617274696E204D61726769656C612063686966666F6E207768697465207368697274204361726120442E2063617073756C6520616E6B6C6520626F6F74732063656E7465722070617274204C616E76696E206865616473636172662E266C743B2F702667743B0D0A09266C743B2F6C692667743B0D0A09266C743B6C692667743B0D0A0909266C743B702667743B0D0A0909094F76657273697A65642073776561747368697274206E65757472616C2074756C6C6520636C617368696E67207061747465726E73206772756E6765206368616D6272617920736869727420506172697320636F74746F6E207368656572205765656B6461792E204B61726C6965204B2E206261636B7061636B20776869746520726F756E642073756E676C617373657320706C617973756974206C6F616665727320726F7065206E65636B6C616365207374726F6E672065796562726F77732E20427574746F6E207570206D6F74696620726F736520676F6C6420436F70656E686167656E20776173686564206F75742E20436173696F2070617374656C73207061726B6120737472656574207374796C65206472657373204361726120442E206368756E6B7920736F6C652041636E652E266C743B2F702667743B0D0A09266C743B2F6C692667743B0D0A09266C743B6C692667743B0D0A0909266C743B702667743B0D0A0909095374726F6E672065796562726F7773205261662053696D6F6E73206D6574616C20636F6C6C6172206E65636B6C61636520636F74746F6E20706C6179737569742E203930732064656E696D206368616D6272617920736869727420726F7065206E65636B6C6163652063686966666F6E2E20466C617473206D61786920736B69727420616E6B6C6520626F6F7473204D756C6265727279207072657070792E2044656E696D206A61636B657420776173686564206F7574207072696E746564206A61636B65742063756666206B6E6974776561722076696E746167652E266C743B2F702667743B0D0A09266C743B2F6C692667743B0D0A266C743B2F6F6C2667743B0D0A');



# Dump of table information_to_layout
# ------------------------------------------------------------


CREATE TABLE `information_to_layout` (
  `information_id` int(11) NOT NULL,
  `store_id` int(11) NOT NULL,
  `layout_id` int(11) NOT NULL,
  PRIMARY KEY (`information_id`,`store_id`)
) ENGINE=MyISAM DEFAULT CHARSET=utf8 COLLATE=utf8_bin;


INSERT INTO `information_to_layout` (`information_id`, `store_id`, `layout_id`)
VALUES
	(4,0,15);



# Dump of table information_to_store
# ------------------------------------------------------------


CREATE TABLE `information_to_store` (
  `information_id` int(11) NOT NULL,
  `store_id` int(11) NOT NULL,
  PRIMARY KEY (`information_id`,`store_id`)
) ENGINE=MyISAM DEFAULT CHARSET=utf8 COLLATE=utf8_bin;


INSERT INTO `information_to_store` (`information_id`, `store_id`)
VALUES
	(3,0),
	(4,0),
	(5,0),
	(7,0);



# Dump of table language
# ------------------------------------------------------------


CREATE TABLE `language` (
  `language_id` int(11) NOT NULL AUTO_INCREMENT,
  `name` varchar(32) COLLATE utf8_bin NOT NULL DEFAULT '',
  `code` varchar(5) COLLATE utf8_bin NOT NULL,
  `locale` varchar(255) COLLATE utf8_bin NOT NULL,
  `image` varchar(64) COLLATE utf8_bin NOT NULL,
  `directory` varchar(32) COLLATE utf8_bin NOT NULL DEFAULT '',
  `filename` varchar(64) COLLATE utf8_bin NOT NULL DEFAULT '',
  `sort_order` int(3) NOT NULL DEFAULT '0',
  `status` tinyint(1) NOT NULL DEFAULT '0',
  PRIMARY KEY (`language_id`),
  KEY `name` (`name`)
) ENGINE=MyISAM DEFAULT CHARSET=utf8 COLLATE=utf8_bin;


INSERT INTO `language` (`language_id`, `name`, `code`, `locale`, `image`, `directory`, `filename`, `sort_order`, `status`)
VALUES
	(1,X'456E676C697368',X'656E',X'656E5F55532E5554462D382C656E5F55532C656E2D67622C656E676C697368',X'67622E706E67',X'656E676C697368',X'656E676C697368',1,1);



# Dump of table layout
# ------------------------------------------------------------


CREATE TABLE `layout` (
  `layout_id` int(11) NOT NULL AUTO_INCREMENT,
  `name` varchar(64) COLLATE utf8_bin NOT NULL,
  PRIMARY KEY (`layout_id`)
) ENGINE=MyISAM DEFAULT CHARSET=utf8 COLLATE=utf8_bin;


INSERT INTO `layout` (`layout_id`, `name`)
VALUES
	(1,X'486F6D65'),
	(13,X'426C6F67'),
	(4,X'44656661756C74'),
	(6,X'4163636F756E74'),
	(7,X'436865636B6F7574'),
	(15,X'50616765202D2041626F7574205573'),
	(9,X'536974656D6170'),
	(10,X'416666696C69617465'),
	(11,X'496E666F726D6174696F6E'),
	(18,X'50616765202D20436F6E74616374205573');



# Dump of table layout_route
# ------------------------------------------------------------


CREATE TABLE `layout_route` (
  `layout_route_id` int(11) NOT NULL AUTO_INCREMENT,
  `layout_id` int(11) NOT NULL,
  `store_id` int(11) NOT NULL,
  `route` varchar(255) COLLATE utf8_bin NOT NULL,
  PRIMARY KEY (`layout_route_id`)
) ENGINE=MyISAM DEFAULT CHARSET=utf8 COLLATE=utf8_bin;


INSERT INTO `layout_route` (`layout_route_id`, `layout_id`, `store_id`, `route`)
VALUES
	(57,6,0,X'6163636F756E74'),
	(17,10,0,X'616666696C696174652F'),
	(33,13,0,X'626C6F672F61727469636C65'),
	(23,7,0,X'636865636B6F75742F'),
	(55,11,0,X'696E666F726D6174696F6E2F7061796D656E745F636F6E6669726D6174696F6E'),
	(34,13,0,X'626C6F672F63617465676F7279'),
	(45,15,0,X'696E666F726D6174696F6E2F696E666F726D6174696F6E'),
	(54,11,0,X'696E666F726D6174696F6E2F736974656D6170'),
	(53,11,0,X'696E666F726D6174696F6E2F696E666F726D6174696F6E'),
	(47,18,0,X'696E666F726D6174696F6E2F636F6E74616374'),
	(56,11,0,X'696E666F726D6174696F6E2F74657374696D6F6E69616C'),
	(58,6,1,X'6163636F756E74'),
	(62,1,0,X'636F6D6D6F6E2F686F6D65');



# Dump of table length_class
# ------------------------------------------------------------


CREATE TABLE `length_class` (
  `length_class_id` int(11) NOT NULL AUTO_INCREMENT,
  `value` decimal(15,8) NOT NULL,
  PRIMARY KEY (`length_class_id`)
) ENGINE=MyISAM DEFAULT CHARSET=utf8 COLLATE=utf8_bin;


INSERT INTO `length_class` (`length_class_id`, `value`)
VALUES
	(1,1.00000000),
	(2,10.00000000),
	(3,0.39370000);



# Dump of table length_class_description
# ------------------------------------------------------------


CREATE TABLE `length_class_description` (
  `length_class_id` int(11) NOT NULL AUTO_INCREMENT,
  `language_id` int(11) NOT NULL,
  `title` varchar(32) COLLATE utf8_bin NOT NULL,
  `unit` varchar(4) COLLATE utf8_bin NOT NULL,
  PRIMARY KEY (`length_class_id`,`language_id`)
) ENGINE=MyISAM DEFAULT CHARSET=utf8 COLLATE=utf8_bin;


INSERT INTO `length_class_description` (`length_class_id`, `language_id`, `title`, `unit`)
VALUES
	(1,1,X'43656E74696D65746572',X'636D'),
	(2,1,X'4D696C6C696D65746572',X'6D6D'),
	(3,1,X'496E6368',X'696E');



# Dump of table manufacturer
# ------------------------------------------------------------


CREATE TABLE `manufacturer` (
  `manufacturer_id` int(11) NOT NULL AUTO_INCREMENT,
  `name` varchar(64) COLLATE utf8_bin NOT NULL DEFAULT '',
  `image` varchar(255) COLLATE utf8_bin DEFAULT NULL,
  `sort_order` int(3) NOT NULL,
  PRIMARY KEY (`manufacturer_id`)
) ENGINE=MyISAM DEFAULT CHARSET=utf8 COLLATE=utf8_bin;


INSERT INTO `manufacturer` (`manufacturer_id`, `name`, `image`, `sort_order`)
VALUES
	(1,X'4265747479',X'646174612F64756D6D792F6272616E64732F757262616E2D62657474792E6A7067',0),
	(2,X'4772617068696B',X'646174612F64756D6D792F6272616E64732F757262616E2D6772617068696B2E6A7067',0);



# Dump of table manufacturer_special
# ------------------------------------------------------------


CREATE TABLE `manufacturer_special` (
  `manufacturer_special_id` int(11) NOT NULL AUTO_INCREMENT,
  `manufacturer_id` int(11) NOT NULL,
  `customer_group_id` int(11) NOT NULL,
  `priority` int(5) NOT NULL DEFAULT '1',
  `discount` decimal(15,4) NOT NULL DEFAULT '0.0000',
  `discount_type` tinyint(1) NOT NULL DEFAULT '0',
  `date_start` date NOT NULL DEFAULT '0000-00-00',
  `date_end` date NOT NULL DEFAULT '0000-00-00',
  PRIMARY KEY (`manufacturer_special_id`),
  KEY `manufacturer_id` (`manufacturer_id`)
) ENGINE=MyISAM DEFAULT CHARSET=utf8 COLLATE=utf8_bin;



# Dump of table manufacturer_special_to_product_special
# ------------------------------------------------------------


CREATE TABLE `manufacturer_special_to_product_special` (
  `manufacturer_special_id` int(11) NOT NULL,
  `product_special_id` int(11) NOT NULL,
  PRIMARY KEY (`manufacturer_special_id`,`product_special_id`)
) ENGINE=MyISAM DEFAULT CHARSET=utf8 COLLATE=utf8_bin;



# Dump of table manufacturer_to_store
# ------------------------------------------------------------


CREATE TABLE `manufacturer_to_store` (
  `manufacturer_id` int(11) NOT NULL,
  `store_id` int(11) NOT NULL,
  PRIMARY KEY (`manufacturer_id`,`store_id`)
) ENGINE=MyISAM DEFAULT CHARSET=utf8 COLLATE=utf8_bin;


INSERT INTO `manufacturer_to_store` (`manufacturer_id`, `store_id`)
VALUES
	(1,0),
	(2,0);



# Dump of table marketinsg_news
# ------------------------------------------------------------


CREATE TABLE `marketinsg_news` (
  `marketinsg_news_id` int(11) NOT NULL AUTO_INCREMENT,
  `text` text CHARACTER SET utf8 COLLATE utf8_bin NOT NULL,
  `date_added` datetime NOT NULL,
  PRIMARY KEY (`marketinsg_news_id`)
) ENGINE=InnoDB DEFAULT CHARSET=latin1;


INSERT INTO `marketinsg_news` (`marketinsg_news_id`, `text`, `date_added`)
VALUES
	(1,X'5B7B227469746C65223A223C7374726F6E673E4F70656E436172742076312E352E362052656C65617365643C5C2F7374726F6E673E202D205C725C6E5C7457656C6C2C20697427732061206C6974742E2E2E266E627370266E6273703B26726171756F3B203C61206F6E636C69636B3D5C2277696E646F772E6F70656E2827687474703A5C2F5C2F7777772E6D61726B6574696E73672E636F6D5C2F696E666F726D6174696F6E5C2F6E6577735C2F6E6577735C2F6F70656E636172742D763135362D72656C656173656427293B5C223E52656164204D6F72653C5C2F613E266E6273703B283236204A756C203230313329227D2C7B227469746C65223A223C7374726F6E673E4D61696C2053657276657220446F776E205B4D61726B6574496E53475D3C5C2F7374726F6E673E202D205C725C6E5C74446561722075736572732C5C725C6E5C725C6E5C744F2E2E2E266E627370266E6273703B26726171756F3B203C61206F6E636C69636B3D5C2277696E646F772E6F70656E2827687474703A5C2F5C2F7777772E6D61726B6574696E73672E636F6D5C2F696E666F726D6174696F6E5C2F6E6577735C2F6E6577735C2F6D61696C2D7365727665722D646F776E27293B5C223E52656164204D6F72653C5C2F613E266E6273703B283034204A756E203230313329227D5D','2013-08-09 08:45:53');



# Dump of table marketinsg_news_log
# ------------------------------------------------------------


CREATE TABLE `marketinsg_news_log` (
  `marketinsg_news_log_id` int(11) NOT NULL AUTO_INCREMENT,
  `date_checked` datetime NOT NULL,
  `status` tinyint(4) NOT NULL,
  PRIMARY KEY (`marketinsg_news_log_id`)
) ENGINE=InnoDB DEFAULT CHARSET=latin1;


INSERT INTO `marketinsg_news_log` (`marketinsg_news_log_id`, `date_checked`, `status`)
VALUES
	(1,'2013-08-09 08:45:53',1),
	(2,'2013-08-11 09:29:54',1);



# Dump of table news
# ------------------------------------------------------------


CREATE TABLE `news` (
  `news_id` int(11) NOT NULL AUTO_INCREMENT,
  `date_added` datetime NOT NULL,
  `status` tinyint(1) NOT NULL,
  PRIMARY KEY (`news_id`)
) ENGINE=InnoDB DEFAULT CHARSET=latin1;


INSERT INTO `news` (`news_id`, `date_added`, `status`)
VALUES
	(1,'2013-08-06 18:21:28',1),
	(2,'2013-08-06 18:23:35',1);



# Dump of table news_description
# ------------------------------------------------------------


CREATE TABLE `news_description` (
  `news_description_id` int(11) NOT NULL AUTO_INCREMENT,
  `news_id` int(11) NOT NULL,
  `language_id` int(11) NOT NULL,
  `title` varchar(255) CHARACTER SET utf8 COLLATE utf8_bin NOT NULL,
  `description` text CHARACTER SET utf8 COLLATE utf8_bin NOT NULL,
  PRIMARY KEY (`news_description_id`)
) ENGINE=InnoDB DEFAULT CHARSET=latin1;


INSERT INTO `news_description` (`news_description_id`, `news_id`, `language_id`, `title`, `description`)
VALUES
	(4,2,1,X'4772756E6765207072696E742042616720274E27204E6F756E206772657920736B6972742076696E74616765204C6576692073686F72747320616E6B6C6520626F6F747320393073',X'266C743B702667743B0D0A095072616461205361666669616E6F206D61786920736B697274207375726620706F702063617073756C6520726F736520676F6C64206C656174686572206A61636B65742073686F6520626C61636B2E2053696C76657220636F6C6C6172206E65757472616C2076696E74616765204368616E656C20492E20737472656574207374796C652E205361696E74204C617572656E7420627574746F6E20757020436F6C6574746520636C617368696E67207061747465726E73204D6169736F6E204D617274696E204D61726769656C6120696E6469676F2064656E696D206C656767696E677320666C6174732072656C617865642E266C743B2F702667743B0D0A266C743B702667743B0D0A09456C6C6520706C617973756974207061726B6120726F756E642073756E676C617373657320636173696F2063686966666F6E207374726F6E672065796562726F77732074726F75736572206C6F6166657273207072696E746564206A61636B65742E20436F6C6C61722041636E652074756C6C6520436F70656E686167656E2073686565722063756666206D6F6E6F6368726F6D652E204F76657273697A65642073776561747368697274206472657373206B6E697477656172206F76657273697A65642072617A6F7220706C6561742E204261636B7061636B20636173696F206D6F74696620726F756E642073756E676C617373657320726F7065206E65636B6C616365206461726B20726564206C6970737469636B205361696E74204C617572656E742063726F70205261662053696D6F6E7320626C61636B2E266C743B2F702667743B0D0A266C743B702667743B0D0A09536B697274206772756E6765206D61786920736B697274206C656767696E6773206E65757472616C20706C616974656420706C6179737569742070726570707920546F7073686F702E204D6975204D69752063617073756C6520636F6C6C61722076696E74616765204C6576692073686F72747320636C617368696E67207061747465726E73204D6973736F6E6920737472656574207374796C652E20576869746520736869727420696E6469676F2064656E696D206D696E742064656E696D207065616368205765656B646179206C6561746865722073686F72747320666C61747320677265792E2042616720274E27204E6F756E20412E502E432E20736B696E6E79206A65616E73207368656572207374726F6E672065796562726F77732063656E74657220706172742073686F652074756C6C65206B6E6F7420706F6E797461696C2E266C743B2F702667743B0D0A'),
	(5,1,1,X'56696E746167652041636E6520636173686D65726520436F70656E686167656E20776173686564206F7574207072696E746564206A61636B65742074726F7573657220456C6C65206C656174686572206A61636B6574',X'266C743B702667743B0D0A09576869746520436F6E766572736520436F6C65747465206D6574616C20636F6C6C6172206E65636B6C6163652072656C617865642043C3A96C696E65207072696E746564206E61696C73204C616E76696E206865616473636172662E204D6169736F6E204D617274696E204D61726769656C6120466A616C6C726176656E20627574746F6E20757020616E6B6C6520626F6F74732063686966666F6E2E205768697465206368616D62726179207368697274207061726B61206368756E6B7920736F6C65206D6F6E6F6368726F6D65204B61726C6965204B2E2043686F757065747465207475636B656420742D73686972742064656E696D206A61636B657420636F74746F6E2E2053686F65206772756E6765206368756E6B7920736F6C6520696E6469676F2064656E696D20776869746520436F6E7665727365206E65757472616C204368616E656C20492E2041636E652E266C743B2F702667743B0D0A266C743B702667743B0D0A094D696E74206461726B20726564206C6970737469636B2042616720274E27204E6F756E20737472656574207374796C65207375726620706F702073746174656D656E74204C616E76696E20686561647363617266207072696E74206D6574616C20636F6C6C6172206E65636B6C6163652072656C617865642E205072616461206261636B7061636B2050726164612043686F757065747465206C6F61666572732063656E74657220706172742067726579206C656767696E67732E20477265656E206F76657273697A656420466A616C6C726176656E204D6973736F6E6920736865657220636F74746F6E206261636B7061636B2E2050726570707920636173686D657265206265616E696520706C617973756974207072696E746564206A61636B6574206B6E6974776561722E266C743B2F702667743B0D0A266C743B702667743B0D0A094F76657273697A65642073776561747368697274206368616D627261792073686972742074726F75736572204D6975204D6975204361726120442E205072616461205361666669616E6F2064656E696D206A61636B65742076696E74616765204C6576692073686F7274732E20526F7065206E65636B6C616365206D6F7469662074756C6C6520393073207768697465206368656C73656120626F6F74204D6169736F6E204D617274696E204D61726769656C612063617073756C65205361696E74204C617572656E742E20456C6C6520506172697320636F6C6C617220636173696F20636C75746368206C656174686572206A61636B657420626C61636B2E2052617A6F7220706C656174207065616368205261662053696D6F6E7320776869746520736869727420436F70656E686167656E206C61206D6172696E69C3A8726520742D73686972742043C3A96C696E652076696E74616765205765656B64617920436F6C657474652E266C743B2F702667743B0D0A');



# Dump of table option
# ------------------------------------------------------------


CREATE TABLE `option` (
  `option_id` int(11) NOT NULL AUTO_INCREMENT,
  `type` varchar(32) COLLATE utf8_bin NOT NULL,
  `sort_order` int(3) NOT NULL,
  `discounts` varchar(255) COLLATE utf8_bin NOT NULL DEFAULT '',
  PRIMARY KEY (`option_id`)
) ENGINE=MyISAM DEFAULT CHARSET=utf8 COLLATE=utf8_bin;


INSERT INTO `option` (`option_id`, `type`, `sort_order`, `discounts`)
VALUES
	(1,X'73656C656374',0,X'317C20327C'),
	(2,X'73656C656374',0,X'317C20327C');



# Dump of table option_description
# ------------------------------------------------------------


CREATE TABLE `option_description` (
  `option_id` int(11) NOT NULL,
  `language_id` int(11) NOT NULL,
  `name` varchar(128) COLLATE utf8_bin NOT NULL,
  PRIMARY KEY (`option_id`,`language_id`)
) ENGINE=MyISAM DEFAULT CHARSET=utf8 COLLATE=utf8_bin;


INSERT INTO `option_description` (`option_id`, `language_id`, `name`)
VALUES
	(1,1,X'53697A65'),
	(2,1,X'536574');



# Dump of table option_value
# ------------------------------------------------------------


CREATE TABLE `option_value` (
  `option_value_id` int(11) NOT NULL AUTO_INCREMENT,
  `option_id` int(11) NOT NULL,
  `image` varchar(255) COLLATE utf8_bin NOT NULL,
  `sort_order` int(3) NOT NULL,
  PRIMARY KEY (`option_value_id`)
) ENGINE=MyISAM DEFAULT CHARSET=utf8 COLLATE=utf8_bin;


INSERT INTO `option_value` (`option_value_id`, `option_id`, `image`, `sort_order`)
VALUES
	(1,1,X'',1),
	(2,1,X'',2),
	(3,1,X'',3),
	(4,2,X'',0),
	(5,2,X'',0),
	(6,2,X'',0);



# Dump of table option_value_description
# ------------------------------------------------------------


CREATE TABLE `option_value_description` (
  `option_value_id` int(11) NOT NULL,
  `language_id` int(11) NOT NULL,
  `option_id` int(11) NOT NULL,
  `name` varchar(128) COLLATE utf8_bin NOT NULL,
  PRIMARY KEY (`option_value_id`,`language_id`)
) ENGINE=MyISAM DEFAULT CHARSET=utf8 COLLATE=utf8_bin;


INSERT INTO `option_value_description` (`option_value_id`, `language_id`, `option_id`, `name`)
VALUES
	(1,1,1,X'536D616C6C'),
	(2,1,1,X'4D656469756D'),
	(3,1,1,X'4C61726765'),
	(6,1,2,X'33'),
	(5,1,2,X'32'),
	(4,1,2,X'31');



# Dump of table order
# ------------------------------------------------------------


CREATE TABLE `order` (
  `order_id` int(11) NOT NULL AUTO_INCREMENT,
  `invoice_no` int(11) NOT NULL DEFAULT '0',
  `invoice_prefix` varchar(26) COLLATE utf8_bin NOT NULL,
  `store_id` int(11) NOT NULL DEFAULT '0',
  `store_name` varchar(64) COLLATE utf8_bin NOT NULL,
  `store_url` varchar(255) COLLATE utf8_bin NOT NULL,
  `customer_id` int(11) NOT NULL DEFAULT '0',
  `customer_group_id` int(11) NOT NULL DEFAULT '0',
  `firstname` varchar(32) COLLATE utf8_bin NOT NULL DEFAULT '',
  `lastname` varchar(32) COLLATE utf8_bin NOT NULL,
  `email` varchar(96) COLLATE utf8_bin NOT NULL,
  `telephone` varchar(32) COLLATE utf8_bin NOT NULL DEFAULT '',
  `fax` varchar(32) COLLATE utf8_bin NOT NULL DEFAULT '',
  `payment_firstname` varchar(32) COLLATE utf8_bin NOT NULL DEFAULT '',
  `payment_lastname` varchar(32) COLLATE utf8_bin NOT NULL DEFAULT '',
  `payment_company` varchar(32) COLLATE utf8_bin NOT NULL,
  `payment_company_id` varchar(32) COLLATE utf8_bin NOT NULL,
  `payment_tax_id` varchar(32) COLLATE utf8_bin NOT NULL,
  `payment_address_1` varchar(128) COLLATE utf8_bin NOT NULL,
  `payment_address_2` varchar(128) COLLATE utf8_bin NOT NULL,
  `payment_city` varchar(128) COLLATE utf8_bin NOT NULL,
  `payment_postcode` varchar(10) COLLATE utf8_bin NOT NULL DEFAULT '',
  `payment_country` varchar(128) COLLATE utf8_bin NOT NULL,
  `payment_country_id` int(11) NOT NULL,
  `payment_zone` varchar(128) COLLATE utf8_bin NOT NULL,
  `payment_zone_id` int(11) NOT NULL,
  `payment_address_format` text COLLATE utf8_bin NOT NULL,
  `payment_method` varchar(128) COLLATE utf8_bin NOT NULL DEFAULT '',
  `payment_code` varchar(128) COLLATE utf8_bin NOT NULL,
  `shipping_firstname` varchar(32) COLLATE utf8_bin NOT NULL,
  `shipping_lastname` varchar(32) COLLATE utf8_bin NOT NULL DEFAULT '',
  `shipping_company` varchar(32) COLLATE utf8_bin NOT NULL,
  `shipping_address_1` varchar(128) COLLATE utf8_bin NOT NULL,
  `shipping_address_2` varchar(128) COLLATE utf8_bin NOT NULL,
  `shipping_city` varchar(128) COLLATE utf8_bin NOT NULL,
  `shipping_postcode` varchar(10) COLLATE utf8_bin NOT NULL DEFAULT '',
  `shipping_country` varchar(128) COLLATE utf8_bin NOT NULL,
  `shipping_country_id` int(11) NOT NULL,
  `shipping_zone` varchar(128) COLLATE utf8_bin NOT NULL,
  `shipping_zone_id` int(11) NOT NULL,
  `shipping_address_format` text COLLATE utf8_bin NOT NULL,
  `shipping_method` varchar(128) COLLATE utf8_bin NOT NULL DEFAULT '',
  `shipping_code` varchar(128) COLLATE utf8_bin NOT NULL,
  `comment` text COLLATE utf8_bin NOT NULL,
  `total` decimal(15,4) NOT NULL DEFAULT '0.0000',
  `order_status_id` int(11) NOT NULL DEFAULT '0',
  `affiliate_id` int(11) NOT NULL,
  `commission` decimal(15,4) NOT NULL,
  `language_id` int(11) NOT NULL,
  `currency_id` int(11) NOT NULL,
  `currency_code` varchar(3) COLLATE utf8_bin NOT NULL,
  `currency_value` decimal(15,8) NOT NULL DEFAULT '1.00000000',
  `ip` varchar(40) COLLATE utf8_bin NOT NULL,
  `forwarded_ip` varchar(40) COLLATE utf8_bin NOT NULL,
  `user_agent` varchar(255) COLLATE utf8_bin NOT NULL,
  `accept_language` varchar(255) COLLATE utf8_bin NOT NULL,
  `date_added` datetime NOT NULL,
  `date_modified` datetime NOT NULL,
  PRIMARY KEY (`order_id`)
) ENGINE=MyISAM DEFAULT CHARSET=utf8 COLLATE=utf8_bin;



# Dump of table order_download
# ------------------------------------------------------------


CREATE TABLE `order_download` (
  `order_download_id` int(11) NOT NULL AUTO_INCREMENT,
  `order_id` int(11) NOT NULL,
  `order_product_id` int(11) NOT NULL,
  `name` varchar(64) COLLATE utf8_bin NOT NULL DEFAULT '',
  `filename` varchar(128) COLLATE utf8_bin NOT NULL DEFAULT '',
  `mask` varchar(128) COLLATE utf8_bin NOT NULL DEFAULT '',
  `remaining` int(3) NOT NULL DEFAULT '0',
  PRIMARY KEY (`order_download_id`)
) ENGINE=MyISAM DEFAULT CHARSET=utf8 COLLATE=utf8_bin;



# Dump of table order_fraud
# ------------------------------------------------------------


CREATE TABLE `order_fraud` (
  `order_id` int(11) NOT NULL,
  `customer_id` int(11) NOT NULL,
  `country_match` varchar(3) COLLATE utf8_bin NOT NULL,
  `country_code` varchar(2) COLLATE utf8_bin NOT NULL,
  `high_risk_country` varchar(3) COLLATE utf8_bin NOT NULL,
  `distance` int(11) NOT NULL,
  `ip_region` varchar(255) COLLATE utf8_bin NOT NULL,
  `ip_city` varchar(255) COLLATE utf8_bin NOT NULL,
  `ip_latitude` decimal(10,6) NOT NULL,
  `ip_longitude` decimal(10,6) NOT NULL,
  `ip_isp` varchar(255) COLLATE utf8_bin NOT NULL,
  `ip_org` varchar(255) COLLATE utf8_bin NOT NULL,
  `ip_asnum` int(11) NOT NULL,
  `ip_user_type` varchar(255) COLLATE utf8_bin NOT NULL,
  `ip_country_confidence` varchar(3) COLLATE utf8_bin NOT NULL,
  `ip_region_confidence` varchar(3) COLLATE utf8_bin NOT NULL,
  `ip_city_confidence` varchar(3) COLLATE utf8_bin NOT NULL,
  `ip_postal_confidence` varchar(3) COLLATE utf8_bin NOT NULL,
  `ip_postal_code` varchar(10) COLLATE utf8_bin NOT NULL,
  `ip_accuracy_radius` int(11) NOT NULL,
  `ip_net_speed_cell` varchar(255) COLLATE utf8_bin NOT NULL,
  `ip_metro_code` int(3) NOT NULL,
  `ip_area_code` int(3) NOT NULL,
  `ip_time_zone` varchar(255) COLLATE utf8_bin NOT NULL,
  `ip_region_name` varchar(255) COLLATE utf8_bin NOT NULL,
  `ip_domain` varchar(255) COLLATE utf8_bin NOT NULL,
  `ip_country_name` varchar(255) COLLATE utf8_bin NOT NULL,
  `ip_continent_code` varchar(2) COLLATE utf8_bin NOT NULL,
  `ip_corporate_proxy` varchar(3) COLLATE utf8_bin NOT NULL,
  `anonymous_proxy` varchar(3) COLLATE utf8_bin NOT NULL,
  `proxy_score` int(3) NOT NULL,
  `is_trans_proxy` varchar(3) COLLATE utf8_bin NOT NULL,
  `free_mail` varchar(3) COLLATE utf8_bin NOT NULL,
  `carder_email` varchar(3) COLLATE utf8_bin NOT NULL,
  `high_risk_username` varchar(3) COLLATE utf8_bin NOT NULL,
  `high_risk_password` varchar(3) COLLATE utf8_bin NOT NULL,
  `bin_match` varchar(10) COLLATE utf8_bin NOT NULL,
  `bin_country` varchar(2) COLLATE utf8_bin NOT NULL,
  `bin_name_match` varchar(3) COLLATE utf8_bin NOT NULL,
  `bin_name` varchar(255) COLLATE utf8_bin NOT NULL,
  `bin_phone_match` varchar(3) COLLATE utf8_bin NOT NULL,
  `bin_phone` varchar(32) COLLATE utf8_bin NOT NULL,
  `customer_phone_in_billing_location` varchar(8) COLLATE utf8_bin NOT NULL,
  `ship_forward` varchar(3) COLLATE utf8_bin NOT NULL,
  `city_postal_match` varchar(3) COLLATE utf8_bin NOT NULL,
  `ship_city_postal_match` varchar(3) COLLATE utf8_bin NOT NULL,
  `score` decimal(10,5) NOT NULL,
  `explanation` text COLLATE utf8_bin NOT NULL,
  `risk_score` decimal(10,5) NOT NULL,
  `queries_remaining` int(11) NOT NULL,
  `maxmind_id` varchar(8) COLLATE utf8_bin NOT NULL,
  `error` text COLLATE utf8_bin NOT NULL,
  `date_added` datetime NOT NULL DEFAULT '0000-00-00 00:00:00',
  PRIMARY KEY (`order_id`)
) ENGINE=MyISAM DEFAULT CHARSET=utf8 COLLATE=utf8_bin;



# Dump of table order_history
# ------------------------------------------------------------


CREATE TABLE `order_history` (
  `order_history_id` int(11) NOT NULL AUTO_INCREMENT,
  `order_id` int(11) NOT NULL,
  `order_status_id` int(5) NOT NULL,
  `notify` tinyint(1) NOT NULL DEFAULT '0',
  `comment` text COLLATE utf8_bin NOT NULL,
  `date_added` datetime NOT NULL DEFAULT '0000-00-00 00:00:00',
  PRIMARY KEY (`order_history_id`)
) ENGINE=MyISAM DEFAULT CHARSET=utf8 COLLATE=utf8_bin;



# Dump of table order_option
# ------------------------------------------------------------


CREATE TABLE `order_option` (
  `order_option_id` int(11) NOT NULL AUTO_INCREMENT,
  `order_id` int(11) NOT NULL,
  `order_product_id` int(11) NOT NULL,
  `product_option_id` int(11) NOT NULL,
  `product_option_value_id` int(11) NOT NULL DEFAULT '0',
  `name` varchar(255) COLLATE utf8_bin NOT NULL,
  `value` text COLLATE utf8_bin NOT NULL,
  `type` varchar(32) COLLATE utf8_bin NOT NULL,
  PRIMARY KEY (`order_option_id`)
) ENGINE=MyISAM DEFAULT CHARSET=utf8 COLLATE=utf8_bin;



# Dump of table order_product
# ------------------------------------------------------------


CREATE TABLE `order_product` (
  `order_product_id` int(11) NOT NULL AUTO_INCREMENT,
  `order_id` int(11) NOT NULL,
  `product_id` int(11) NOT NULL,
  `name` varchar(255) COLLATE utf8_bin NOT NULL,
  `model` varchar(64) COLLATE utf8_bin NOT NULL,
  `quantity` int(4) NOT NULL,
  `price` decimal(15,4) NOT NULL DEFAULT '0.0000',
  `total` decimal(15,4) NOT NULL DEFAULT '0.0000',
  `tax` decimal(15,4) NOT NULL DEFAULT '0.0000',
  `reward` int(8) NOT NULL,
  `cost` decimal(15,4) NOT NULL DEFAULT '0.0000',
  PRIMARY KEY (`order_product_id`)
) ENGINE=MyISAM DEFAULT CHARSET=utf8 COLLATE=utf8_bin;



# Dump of table order_status
# ------------------------------------------------------------


CREATE TABLE `order_status` (
  `order_status_id` int(11) NOT NULL AUTO_INCREMENT,
  `language_id` int(11) NOT NULL,
  `name` varchar(32) COLLATE utf8_bin NOT NULL,
  PRIMARY KEY (`order_status_id`,`language_id`)
) ENGINE=MyISAM DEFAULT CHARSET=utf8 COLLATE=utf8_bin;


INSERT INTO `order_status` (`order_status_id`, `language_id`, `name`)
VALUES
	(2,1,X'50726F63657373696E67'),
	(3,1,X'53686970706564'),
	(7,1,X'43616E63656C6564'),
	(5,1,X'436F6D706C657465'),
	(8,1,X'44656E696564'),
	(9,1,X'43616E63656C656420526576657273616C'),
	(10,1,X'4661696C6564'),
	(11,1,X'526566756E646564'),
	(12,1,X'5265766572736564'),
	(13,1,X'4368617267656261636B'),
	(1,1,X'50656E64696E67'),
	(16,1,X'566F69646564'),
	(15,1,X'50726F636573736564'),
	(14,1,X'45787069726564');



# Dump of table order_total
# ------------------------------------------------------------


CREATE TABLE `order_total` (
  `order_total_id` int(10) NOT NULL AUTO_INCREMENT,
  `order_id` int(11) NOT NULL,
  `code` varchar(32) COLLATE utf8_bin NOT NULL,
  `title` varchar(255) COLLATE utf8_bin NOT NULL DEFAULT '',
  `text` varchar(255) COLLATE utf8_bin NOT NULL DEFAULT '',
  `value` decimal(15,4) NOT NULL DEFAULT '0.0000',
  `sort_order` int(3) NOT NULL,
  PRIMARY KEY (`order_total_id`),
  KEY `idx_orders_total_orders_id` (`order_id`)
) ENGINE=MyISAM DEFAULT CHARSET=utf8 COLLATE=utf8_bin;



# Dump of table order_voucher
# ------------------------------------------------------------


CREATE TABLE `order_voucher` (
  `order_voucher_id` int(11) NOT NULL AUTO_INCREMENT,
  `order_id` int(11) NOT NULL,
  `voucher_id` int(11) NOT NULL,
  `description` varchar(255) COLLATE utf8_bin NOT NULL,
  `code` varchar(10) COLLATE utf8_bin NOT NULL,
  `from_name` varchar(64) COLLATE utf8_bin NOT NULL,
  `from_email` varchar(96) COLLATE utf8_bin NOT NULL,
  `to_name` varchar(64) COLLATE utf8_bin NOT NULL,
  `to_email` varchar(96) COLLATE utf8_bin NOT NULL,
  `voucher_theme_id` int(11) NOT NULL,
  `message` text COLLATE utf8_bin NOT NULL,
  `amount` decimal(15,4) NOT NULL,
  PRIMARY KEY (`order_voucher_id`)
) ENGINE=MyISAM DEFAULT CHARSET=utf8 COLLATE=utf8_bin;



# Dump of table po_testimonials
# ------------------------------------------------------------


CREATE TABLE `po_testimonials` (
  `testimonial_id` int(11) NOT NULL AUTO_INCREMENT,
  `customer_id` int(11) NOT NULL,
  `text` varchar(510) CHARACTER SET utf8 COLLATE utf8_bin NOT NULL,
  `status` tinyint(1) NOT NULL,
  `date_added` datetime NOT NULL,
  PRIMARY KEY (`testimonial_id`)
) ENGINE=MyISAM DEFAULT CHARSET=latin1;


INSERT INTO `po_testimonials` (`testimonial_id`, `customer_id`, `text`, `status`, `date_added`)
VALUES
	(1,16,X'446F6E656320756C6C616D636F72706572206E756C6C61206E6F6E206D6574757320617563746F72206672696E67696C6C612E204D6F726269206C656F2072697375732C20706F72746120616320636F6E73656374657475722061632C20766573746962756C756D2061742065726F732E204D616563656E6173206661756369627573206D6F6C6C697320696E74657264756D2E200D0A0D0A4E756C6C616D207175697320726973757320656765742075726E61206D6F6C6C6973206F726E6172652076656C206575206C656F2E20496E746567657220706F73756572652065726174206120616E74652076656E656E61746973206461706962757320706F73756572652076656C697420616C69717565742E2043757261626974757220626C616E6469742074656D70757320706F72747469746F722E2044756973206D6F6C6C69732C20657374206E6F6E20636F6D6D6F646F206C75637475732C206E697369206572617420706F72747469746F72206C6967756C612C2065676574206C6163696E6961206F64696F2073656D206E656320656C69742E',1,'2013-05-15 19:16:48'),
	(2,16,X'4D6F726269206C656F2072697375732C20706F72746120616320636F6E73656374657475722061632C20766573746962756C756D2061742065726F732E2044756973206D6F6C6C69732C20657374206E6F6E20636F6D6D6F646F206C75637475732C206E697369206572617420706F72747469746F72206C6967756C612C2065676574206C6163696E6961206F64696F2073656D206E656320656C69742E205072616573656E7420636F6D6D6F646F20637572737573206D61676E612C2076656C207363656C65726973717565206E69736C20636F6E73656374657475722065742E',1,'2013-05-15 19:10:43'),
	(3,16,X'43756D20736F63696973206E61746F7175652070656E617469627573206574206D61676E6973206469732070617274757269656E74206D6F6E7465732C206E61736365747572207269646963756C7573206D75732E20446F6E656320756C6C616D636F72706572206E756C6C61206E6F6E206D6574757320617563746F72206672696E67696C6C612E204D616563656E617320736564206469616D20656765742072697375732076617269757320626C616E6469742073697420616D6574206E6F6E206D61676E612E2043726173206D617474697320636F6E73656374657475722070757275732073697420616D6574206665726D656E74756D2E20',1,'2013-05-15 19:10:58'),
	(4,16,X'566976616D7573207361676974746973206C616375732076656C206175677565206C616F726565742072757472756D20666175636962757320646F6C6F7220617563746F722E20467573636520646170696275732C2074656C6C75732061632063757273757320636F6D6D6F646F2C20746F72746F72206D617572697320636F6E64696D656E74756D206E6962682C207574206665726D656E74756D206D61737361206A7573746F2073697420616D65742072697375732E200D0A4E756C6C6120766974616520656C6974206C696265726F2C20612070686172657472612061756775652E20467573636520646170696275732C2074656C6C75732061632063757273757320636F6D6D6F646F2C20746F72746F72206D617572697320636F6E64696D656E74756D206E6962682C207574206665726D656E74756D206D61737361206A7573746F2073697420616D65742072697375732E20',1,'2013-05-15 19:16:33'),
	(5,16,X'446F6E656320736564206F64696F206475692E20446F6E656320696420656C6974206E6F6E206D6920706F72746120677261766964612061742065676574206D657475732E204E756C6C6120766974616520656C6974206C696265726F2C20612070686172657472612061756775652E204C6F72656D20697073756D20646F6C6F722073697420616D65742C20636F6E73656374657475722061646970697363696E6720656C69742E',1,'2013-05-15 19:10:51'),
	(6,16,X'4E756C6C616D20696420646F6C6F72206964206E69626820756C74726963696573207665686963756C6120757420696420656C69742E2043756D20736F63696973206E61746F7175652070656E617469627573206574206D61676E6973206469732070617274757269656E74206D6F6E7465732C206E61736365747572207269646963756C7573206D75732E20566976616D7573207361676974746973206C616375732076656C206175677565206C616F726565742072757472756D20666175636962757320646F6C6F7220617563746F722E20',1,'2013-05-15 19:11:05');



# Dump of table po_testimonials_to_store
# ------------------------------------------------------------


CREATE TABLE `po_testimonials_to_store` (
  `testimonial_id` int(11) NOT NULL,
  `store_id` int(11) NOT NULL
) ENGINE=MyISAM DEFAULT CHARSET=latin1;


INSERT INTO `po_testimonials_to_store` (`testimonial_id`, `store_id`)
VALUES
	(1,0),
	(2,0),
	(3,0),
	(4,0),
	(5,0),
	(6,0);



# Dump of table product
# ------------------------------------------------------------


CREATE TABLE `product` (
  `product_id` int(11) NOT NULL AUTO_INCREMENT,
  `model` varchar(64) COLLATE utf8_bin NOT NULL,
  `sku` varchar(64) COLLATE utf8_bin NOT NULL,
  `upc` varchar(12) COLLATE utf8_bin NOT NULL,
  `ean` varchar(14) COLLATE utf8_bin NOT NULL,
  `jan` varchar(13) COLLATE utf8_bin NOT NULL,
  `isbn` varchar(13) COLLATE utf8_bin NOT NULL,
  `mpn` varchar(64) COLLATE utf8_bin NOT NULL,
  `location` varchar(128) COLLATE utf8_bin NOT NULL,
  `quantity` int(4) NOT NULL DEFAULT '0',
  `stock_status_id` int(11) NOT NULL,
  `image` varchar(255) COLLATE utf8_bin DEFAULT NULL,
  `manufacturer_id` int(11) NOT NULL,
  `shipping` tinyint(1) NOT NULL DEFAULT '1',
  `price` decimal(15,2) NOT NULL DEFAULT '0.00',
  `cost` decimal(15,2) NOT NULL DEFAULT '0.00',
  `cost_amount` decimal(15,2) NOT NULL DEFAULT '0.00',
  `cost_percentage` decimal(15,2) NOT NULL DEFAULT '0.00',
  `cost_additional` decimal(15,2) NOT NULL DEFAULT '0.00',
  `points` int(8) NOT NULL DEFAULT '0',
  `tax_class_id` int(11) NOT NULL,
  `date_available` date NOT NULL,
  `weight` decimal(15,2) NOT NULL DEFAULT '0.00',
  `weight_class_id` int(11) NOT NULL DEFAULT '0',
  `length` decimal(15,2) NOT NULL DEFAULT '0.00',
  `width` decimal(15,2) NOT NULL DEFAULT '0.00',
  `height` decimal(15,2) NOT NULL DEFAULT '0.00',
  `length_class_id` int(11) NOT NULL DEFAULT '0',
  `subtract` tinyint(1) NOT NULL DEFAULT '1',
  `minimum` int(11) NOT NULL DEFAULT '1',
  `sort_order` int(11) NOT NULL DEFAULT '0',
  `status` tinyint(1) NOT NULL DEFAULT '0',
  `date_added` datetime NOT NULL DEFAULT '0000-00-00 00:00:00',
  `date_modified` datetime NOT NULL DEFAULT '0000-00-00 00:00:00',
  `viewed` int(5) NOT NULL DEFAULT '0',
  PRIMARY KEY (`product_id`)
) ENGINE=MyISAM DEFAULT CHARSET=utf8 COLLATE=utf8_bin;


INSERT INTO `product` (`product_id`, `model`, `sku`, `upc`, `ean`, `jan`, `isbn`, `mpn`, `location`, `quantity`, `stock_status_id`, `image`, `manufacturer_id`, `shipping`, `price`, `cost`, `cost_amount`, `cost_percentage`, `cost_additional`, `points`, `tax_class_id`, `date_available`, `weight`, `weight_class_id`, `length`, `width`, `height`, `length_class_id`, `subtract`, `minimum`, `sort_order`, `status`, `date_added`, `date_modified`, `viewed`)
VALUES
	(1,X'5542303031',X'',X'',X'',X'',X'',X'',X'',99,5,X'646174612F64756D6D792F70726F64756374732F6D6F726F63636F2F6D6F726F63636F2D312E6A7067',1,1,750000.00,0.00,0.00,0.00,0.00,0,0,'2013-08-10',1.00,1,0.00,0.00,0.00,1,1,1,1,1,'2013-08-11 11:12:10','2013-11-29 14:30:55',0),
	(2,X'5542303032',X'',X'',X'',X'',X'',X'',X'',99,5,X'646174612F64756D6D792F70726F64756374732F6D6F726F63636F2F6D6F726F63636F2D322E6A7067',1,1,800000.00,0.00,0.00,0.00,0.00,0,0,'2013-08-10',1.00,1,0.00,0.00,0.00,1,1,1,1,1,'2013-08-11 11:36:38','2013-11-29 14:32:08',0),
	(3,X'5542303033',X'',X'',X'',X'',X'',X'',X'',99,5,X'646174612F64756D6D792F70726F64756374732F6D6F726F63636F2F6D6F726F63636F2D332E6A7067',2,1,900000.00,0.00,0.00,0.00,0.00,0,0,'2013-08-10',1.00,1,0.00,0.00,0.00,1,1,1,1,1,'2013-08-11 11:38:11','2013-11-29 14:33:28',0),
	(4,X'5542303034',X'',X'',X'',X'',X'',X'',X'',99,5,X'646174612F64756D6D792F70726F64756374732F6D6F726F63636F2F6D6F726F63636F2D342E6A7067',1,1,850000.00,0.00,0.00,0.00,0.00,0,0,'2013-08-10',1.00,1,0.00,0.00,0.00,1,1,1,1,1,'2013-08-11 11:39:59','2013-11-29 14:31:58',0),
	(5,X'5542303035',X'',X'',X'',X'',X'',X'',X'',99,5,X'646174612F64756D6D792F70726F64756374732F6D6F726F63636F2F6D6F726F63636F2D352E6A7067',1,1,950000.00,0.00,0.00,0.00,0.00,0,0,'2013-08-10',1.00,1,0.00,0.00,0.00,1,1,1,1,1,'2013-08-11 11:44:25','2013-11-29 14:34:02',0),
	(6,X'5542303036',X'',X'',X'',X'',X'',X'',X'',99,5,X'646174612F64756D6D792F70726F64756374732F6D6F726F63636F2F6D6F726F63636F2D362E6A7067',2,1,875000.00,0.00,0.00,0.00,0.00,0,0,'2013-08-10',1.00,1,0.00,0.00,0.00,1,1,1,1,1,'2013-08-11 11:48:35','2013-11-29 14:32:47',0),
	(7,X'5542303037',X'',X'',X'',X'',X'',X'',X'',99,5,X'646174612F64756D6D792F70726F64756374732F6D6F726F63636F2F6D6F726F63636F2D372E6A7067',2,1,760000.00,0.00,0.00,0.00,0.00,0,0,'2013-08-10',1.00,1,0.00,0.00,0.00,1,1,1,1,1,'2013-08-11 11:53:57','2013-11-29 14:31:30',0),
	(8,X'5542303038',X'',X'',X'',X'',X'',X'',X'',99,5,X'646174612F64756D6D792F70726F64756374732F6D6F726F63636F2F6D6F726F63636F2D382E6A7067',2,1,850000.00,0.00,0.00,0.00,0.00,0,0,'2013-08-10',1.00,1,0.00,0.00,0.00,1,1,1,1,1,'2013-08-11 11:55:56','2013-11-29 14:31:47',0),
	(9,X'5542303039',X'',X'',X'',X'',X'',X'',X'',99,5,X'646174612F64756D6D792F70726F64756374732F6D6F726F63636F2F6D6F726F63636F2D392E6A7067',1,1,750000.00,0.00,0.00,0.00,0.00,0,0,'2013-08-10',1.00,1,0.00,0.00,0.00,1,1,1,1,1,'2013-08-11 11:58:42','2013-12-11 12:49:43',0),
	(10,X'5542303130',X'',X'',X'',X'',X'',X'',X'',99,5,X'646174612F64756D6D792F70726F64756374732F6D6F726F63636F2F6D6F726F63636F2D31302E6A7067',1,1,800000.00,0.00,0.00,0.00,0.00,0,0,'2013-08-10',1.00,1,0.00,0.00,0.00,1,1,1,1,1,'2013-08-11 11:59:34','2013-11-29 14:32:22',0),
	(11,X'5542303131',X'',X'',X'',X'',X'',X'',X'',99,5,X'646174612F64756D6D792F70726F64756374732F6D6F726F63636F2F6D6F726F63636F2D31312E6A7067',2,1,900000.00,0.00,0.00,0.00,0.00,0,0,'2013-08-10',1.00,1,0.00,0.00,0.00,1,1,1,1,1,'2013-08-11 12:05:57','2013-11-29 14:33:47',0),
	(12,X'5542303132',X'',X'',X'',X'',X'',X'',X'',99,5,X'646174612F64756D6D792F70726F64756374732F6D6F726F63636F2F6D6F726F63636F2D31322E6A7067',2,1,860000.00,0.00,0.00,0.00,0.00,0,0,'2013-08-10',1.00,1,0.00,0.00,0.00,1,1,1,1,1,'2013-08-11 12:09:12','2013-11-29 14:32:37',0),
	(13,X'5542303133',X'',X'',X'',X'',X'',X'',X'',99,5,X'646174612F64756D6D792F70726F64756374732F6D6F726F63636F2F6D6F726F63636F2D31332E6A7067',1,1,750000.00,0.00,0.00,0.00,0.00,0,0,'2013-08-10',1.00,1,0.00,0.00,0.00,1,1,1,1,1,'2013-08-11 12:11:50','2013-12-11 12:49:40',0),
	(14,X'5542303134',X'',X'',X'',X'',X'',X'',X'',99,5,X'646174612F64756D6D792F70726F64756374732F6D6F726F63636F2F6D6F726F63636F2D31342E6A7067',2,1,850000.00,0.00,0.00,0.00,0.00,0,0,'2013-08-10',1.00,1,0.00,0.00,0.00,1,1,1,1,1,'2013-08-11 12:17:24','2013-11-29 14:31:38',0),
	(15,X'5542303135',X'',X'',X'',X'',X'',X'',X'',99,5,X'646174612F64756D6D792F70726F64756374732F6D6F726F63636F2F6D6F726F63636F2D31352E6A7067',1,1,900000.00,0.00,0.00,0.00,0.00,0,0,'2013-08-10',1.00,1,0.00,0.00,0.00,1,1,1,1,1,'2013-08-11 12:18:53','2013-12-11 12:49:34',0),
	(16,X'5542303136',X'',X'',X'',X'',X'',X'',X'',99,5,X'646174612F64756D6D792F70726F64756374732F6D6F726F63636F2F6D6F726F63636F2D31362E6A7067',2,1,700000.00,0.00,0.00,0.00,0.00,0,0,'2013-08-10',1.00,1,0.00,0.00,0.00,1,1,1,1,1,'2013-08-11 12:19:51','2013-11-29 14:22:29',3),
	(17,X'5542303137',X'',X'',X'',X'',X'',X'',X'',99,5,X'646174612F64756D6D792F70726F64756374732F6D6F726F63636F2F6D6F726F63636F2D31372E6A7067',2,1,875000.00,0.00,0.00,0.00,0.00,0,0,'2013-08-10',1.00,1,0.00,0.00,0.00,1,1,1,1,1,'2013-08-11 12:21:11','2013-12-06 15:14:30',4);



# Dump of table product_attribute
# ------------------------------------------------------------


CREATE TABLE `product_attribute` (
  `product_id` int(11) NOT NULL,
  `attribute_id` int(11) NOT NULL,
  `language_id` int(11) NOT NULL,
  `text` text COLLATE utf8_bin NOT NULL,
  PRIMARY KEY (`product_id`,`attribute_id`,`language_id`)
) ENGINE=MyISAM DEFAULT CHARSET=utf8 COLLATE=utf8_bin;



# Dump of table product_description
# ------------------------------------------------------------


CREATE TABLE `product_description` (
  `product_id` int(11) NOT NULL AUTO_INCREMENT,
  `language_id` int(11) NOT NULL,
  `name` varchar(255) COLLATE utf8_bin NOT NULL,
  `description` text COLLATE utf8_bin NOT NULL,
  `meta_description` varchar(255) COLLATE utf8_bin NOT NULL,
  `meta_keyword` varchar(255) COLLATE utf8_bin NOT NULL,
  `tag` text COLLATE utf8_bin NOT NULL,
  PRIMARY KEY (`product_id`,`language_id`),
  KEY `name` (`name`),
  FULLTEXT KEY `description` (`description`),
  FULLTEXT KEY `tag` (`tag`)
) ENGINE=MyISAM DEFAULT CHARSET=utf8 COLLATE=utf8_bin;


INSERT INTO `product_description` (`product_id`, `language_id`, `name`, `description`, `meta_description`, `meta_keyword`, `tag`)
VALUES
	(1,1,X'4B6E6F7420706F6E797461696C207072696E746564206A61636B65742063686966666F6E20436F6C65747465207072696E746564206B6E697477656172',X'266C743B702667743B0D0A0953746174656D656E7420636C617368696E67207061747465726E7320506172697320706C6179737569742063756666207061726B6120636F6C6C61722043686F75706574746520726F756E642073756E676C617373657320466A616C6C726176656E2E2052617A6F7220706C656174204D6169736F6E204D617274696E204D61726769656C61205072616461206368616D627261792073686972742063656E7465722070617274206C61206D6172696E69C3A8726520742D7368697274206C6561746865722073686F7274732E2050617374656C7320436F70656E686167656E20677265656E206F76657273697A65642064656E696D2E266C743B2F702667743B0D0A266C743B702667743B0D0A094368616E656C20492E20616E6B6C6520626F6F747320456C6C65206772756E676520636173686D6572652041636E6520736B697274205361696E74204C617572656E74206368756E6B7920736F6C652E20576869746520436F6E766572736520736B696E6E79206A65616E732063726F70206D6574616C20636F6C6C6172206E65636B6C6163652076696E7461676520737472656574207374796C652E20436F74746F6E207072696E7420696E6469676F2064656E696D20706561636820726F7065206E65636B6C6163652072656C61786564206C6F61666572732E2053696C76657220636F6C6C617220627574746F6E207570206772657920666C617473204B61726C6965204B2E266C743B2F702667743B0D0A',X'',X'',''),
	(2,1,X'5072696E746564206A61636B65742063656E746572207061727420636F6C6C6172206D6574616C20636F6C6C6172206E65636B6C61636520736B696E6E79206A65616E732E',X'266C743B702667743B0D0A0953686565722043C3A96C696E65206C656767696E677320736B69727420776869746520436F6E7665727365207072696E7420706C61697465642E205261662053696D6F6E73206D6F746966204368616E656C20492E204D6169736F6E204D617274696E204D61726769656C612077686974652073686F6520546F7073686F70207375726620706F70206E65757472616C2E205072616461206261636B7061636B207374726F6E672065796562726F7773206772756E6765206261636B7061636B2041636E652E266C743B2F702667743B0D0A266C743B702667743B0D0A095361696E74204C617572656E7420707265707079206B6E69747765617220412E502E432E20696E6469676F2064656E696D20726F736520676F6C64206D61786920736B697274206368616D627261792073686972742E204D6973736F6E692064656E696D206A61636B65742076696E74616765206368656C73656120626F6F7420616E6B6C6520626F6F747320636173686D65726520726F756E642073756E676C6173736573204B61726C6965204B2E20677265656E2E2039307320436F70656E686167656E2063726F7020677265792063617073756C652050617269732073746174656D656E742E20456C6C652072617A6F7220706C656174206461726B20726564206C6970737469636B206D6F6E6F6368726F6D65206B6E6F7420706F6E797461696C206C6561746865722073686F72747320636C617368696E67207061747465726E73207072696E7465642070656163682042616720274E27204E6F756E2E266C743B2F702667743B0D0A',X'',X'',''),
	(3,1,X'5061726B612043C3A96C696E65204D6169736F6E204D617274696E204D61726769656C61206D6F74696620636F6C6C617220636173686D657265207072696E746564',X'266C743B702667743B0D0A094368756E6B7920736F6C6520616E6B6C6520626F6F74732073686F6520776869746520436F6E766572736520626C61636B2076696E74616765204C6576692073686F727473206E65757472616C2E205765656B6461792074726F75736572206375666620726F736520676F6C64206C61206D6172696E69C3A8726520742D7368697274205261662053696D6F6E7320636173696F2050617269732E20546F7073686F7020707265707079206261636B7061636B2070617374656C73204361726120442E2063726F702E266C743B2F702667743B0D0A266C743B702667743B0D0A094C6561746865722073686F727473206C6F6166657273205072616461206261636B7061636B207768697465206772756E67652041636E652043686F7570657474652064656E696D2063656E746572207061727420436F70656E686167656E2E2043617073756C6520706561636820736B696E6E79206A65616E732063686966666F6E20726F7065206E65636B6C616365203930732072617A6F7220706C656174206D61786920736B6972742E2044656E696D206A61636B657420466A616C6C726176656E2067726579204C616E76696E206865616473636172662073746174656D656E7420666C617473207375726620706F70206F76657273697A6564205072616461205361666669616E6F20436F6C657474652E20427574746F6E2075702074756C6C65204368616E656C20492E206368616D62726179207368697274206472657373206368656C73656120626F6F74204D6973736F6E6920636C757463682042616720274E27204E6F756E20776173686564206F75742E266C743B2F702667743B0D0A',X'',X'',''),
	(4,1,X'506C6169746564206265616E6965206D696E74204D6975204D6975206F76657273697A6564207377656174736869727420696E6469676F2064656E696D',X'266C743B702667743B0D0A094C6561746865722073686F727473206C6F6166657273205072616461206261636B7061636B207768697465206772756E67652041636E652043686F7570657474652064656E696D2063656E746572207061727420436F70656E686167656E2E2043617073756C6520706561636820736B696E6E79206A65616E732063686966666F6E20726F7065206E65636B6C616365203930732072617A6F7220706C656174206D61786920736B6972742E2044656E696D206A61636B657420466A616C6C726176656E2067726579204C616E76696E206865616473636172662073746174656D656E7420666C617473207375726620706F70206F76657273697A6564205072616461205361666669616E6F20436F6C657474652E20427574746F6E2075702074756C6C65204368616E656C20492E206368616D62726179207368697274206472657373206368656C73656120626F6F74204D6973736F6E6920636C757463682042616720274E27204E6F756E20776173686564206F75742E266C743B2F702667743B0D0A266C743B702667743B0D0A09506C6169746564206265616E6965206D696E74204D6975204D6975206F76657273697A65642073776561747368697274204D756C626572727920696E6469676F2064656E696D205361696E74204C617572656E742E205475636B656420742D736869727420736B69727420412E502E432E204B61726C6965204B2E20456C6C652E204D6F6E6F6368726F6D652050726164612076696E7461676520636C617368696E67207061747465726E7320737472656574207374796C65206C656767696E677320706C61797375697420726F756E642073756E676C61737365732E205261662053696D6F6E7320737472656574207374796C652076696E74616765204C6576692073686F727473207072696E746564206A61636B65742043C3A96C696E65207475636B656420742D73686972742064656E696D206A61636B657420636C757463682E266C743B2F702667743B0D0A',X'',X'',''),
	(5,1,X'43C3A96C696E652076696E74616765204C6576692073686F727473207072696E742077686974652039307320456C6C6520706561636820626C61636B2072617A6F72206A65616E73',X'266C743B7020636C6173733D2671756F743B70312671756F743B2667743B0D0A0943617073756C65206368756E6B7920736F6C6520706C61797375697420776173686564206F7574204D6973736F6E692E204D6574616C20636F6C6C6172206E65636B6C616365207072696E746564206265616E696520707265707079204C616E76696E2068656164736361726620636F6C6C617220546F7073686F702E205072616461205361666669616E6F20726F756E642073756E676C6173736573207368656572206D6F6E6F6368726F6D65204B61726C6965204B2E20736B6972742042616720274E27204E6F756E2064656E696D20636C757463682E266C743B2F702667743B0D0A266C743B7020636C6173733D2671756F743B70312671756F743B2667743B0D0A094375666620616E6B6C6520626F6F7473206261636B7061636B207061726B61206C61206D6172696E69C3A8726520742D73686972742E2041636E65206368616D62726179207368697274204D6975204D697520677265656E207768697465207368697274204D756C6265727279206C6F616665727320726F736520676F6C64206472657373206F76657273697A656420737765617473686972742E2053746174656D656E74206C6561746865722073686F727473206D6F746966206B6E6F7420706F6E797461696C204D6169736F6E204D617274696E204D61726769656C61204368616E656C20492E2064656E696D206A61636B65742E204C656767696E677320636173696F207072696E746564206E61696C73206772657920412E502E432E266C743B2F702667743B0D0A',X'',X'',''),
	(6,1,X'4461726B20726564206C6970737469636B2074726F7573657220776869746520436F6E766572736520636C617368696E67207061747465726E7320636F74746F6E',X'266C743B702667743B0D0A095072616461206261636B7061636B207374726F6E672065796562726F77732063726F702063656E74657220706172742E204D6975204D6975204361726120442E206D61786920736B697274206F76657273697A65642073776561747368697274205061726973204368616E656C20492E206261636B7061636B2073686565722064726573732063617073756C652E20456C6C65205361696E74204C617572656E74206F76657273697A65642073696C76657220636F6C6C61722070617374656C7320706C6179737569742041636E65204D6973736F6E692E266C743B2F702667743B0D0A266C743B702667743B0D0A0954726F7573657220776869746520436F6E7665727365207768697465207368697274207475636B656420742D7368697274205765656B646179206B6E6F7420706F6E797461696C2063686966666F6E20616E6B6C6520626F6F74732072617A6F7220706C6561742E205072616461206261636B7061636B204B61726C6965204B2E20696E6469676F2064656E696D207061726B61206C61206D6172696E69C3A8726520742D7368697274206C6561746865722073686F727473206C656767696E67732E2043726F70206375666620726F756E642073756E676C617373657320666C617473206265616E6965206D6F6E6F6368726F6D65207065616368206368656C73656120626F6F742E20576173686564206F757420412E502E432E20393073206D6574616C20636F6C6C6172206E65636B6C61636520677265656E2074756C6C65205072616461206B6E6974776561722E266C743B2F702667743B0D0A',X'',X'',''),
	(7,1,X'427574746F6E207570206C656174686572206A61636B65742064656E696D206A61636B657420636F74746F6E207072696E74656420737472656574207374796C6520706C6169746564',X'266C743B702667743B0D0A095374726F6E672065796562726F7773206368756E6B7920736F6C6520736B697274206368616D62726179207368697274207375726620706F7020636173696F20636C617368696E67207061747465726E73204D756C6265727279206772756E676520677265792E205072696E746564206A61636B657420436F70656E686167656E204D6169736F6E204D617274696E204D61726769656C6120466A616C6C726176656E2043686F7570657474652076696E746167652E20526F736520676F6C64205261662053696D6F6E73206E65757472616C20636173686D6572652072656C617865642E266C743B2F702667743B0D0A266C743B702667743B0D0A09436C75746368204C616E76696E20686561647363617266206D6F74696620626C61636B20636F6C6C61722E205072616461205361666669616E6F207072696E742073746174656D656E742073686F652042616720274E27204E6F756E2063656E746572207061727420546F7073686F702076696E74616765204C6576692073686F727473207072696E746564206E61696C732E2043C3A96C696E6520736B696E6E79206A65616E73206C6F616665727320726F7065206E65636B6C616365206461726B20726564206C6970737469636B20436F6C657474652E205361696E74204C617572656E74206772657920737472656574207374796C65206C61206D6172696E69C3A8726520742D7368697274204368616E656C20492E266C743B2F702667743B0D0A',X'',X'',''),
	(8,1,X'496E6469676F2064656E696D20466A616C6C726176656E20726F756E642073756E676C61737365732076696E74616765204C6576692073686F727473',X'266C743B702667743B0D0A09536865657220636173686D657265206368756E6B7920736F6C65206472657373206772756E6765206D6F7469662E204261636B7061636B205061726973206265616E6965207072696E74206E65757472616C2E204B61726C6965204B2E2043686F757065747465206F76657273697A65642043C3A96C696E652063686966666F6E206B6E697477656172204D6975204D69752E266C743B2F702667743B0D0A266C743B702667743B0D0A094D6F6E6F6368726F6D65207375726620706F7020706C61697465642074726F75736572206D6574616C20636F6C6C6172206E65636B6C616365207072657070792070617374656C7320706C61797375697420636F6C6C61722E20546F7073686F70206461726B20726564206C6970737469636B2042616720274E27204E6F756E206375666620436F6C65747465207475636B656420742D7368697274206C656767696E677320726F736520676F6C642E2044656E696D206A61636B6574204D6973736F6E6920677265656E20636F74746F6E207374726F6E672065796562726F7773206C6F6166657273206368616D62726179207368697274207061726B6120626C61636B2063726F702E20466C617473206C656174686572206A61636B6574204C616E76696E20686561647363617266206B6E6F7420706F6E797461696C205765656B6461792076696E746167652072617A6F7220706C656174204D6169736F6E204D617274696E204D61726769656C6120736B696E6E79206A65616E732073686F652E266C743B2F702667743B0D0A',X'',X'',''),
	(9,1,X'5475636B656420742D736869727420616E6B6C6520626F6F7473206C6F6166657273206368656C73656120626F6F7420737472656574207374796C65',X'266C743B702667743B0D0A095072616461205361666669616E6F204D6169736F6E204D617274696E204D61726769656C6120726F7065206E65636B6C6163652041636E652073696C76657220636F6C6C617220412E502E432E206F76657273697A65642E2043656E7465722070617274206C6561746865722073686F727473207768697465207368697274206368756E6B7920736F6C652064656E696D204B61726C6965204B2E2042616720274E27204E6F756E206B6E6F7420706F6E797461696C2E20526F756E642073756E676C61737365732073746174656D656E7420626C61636B20706C617973756974207374726F6E672065796562726F77732064656E696D206A61636B6574204368616E656C20492E206E65757472616C20706C61697465642E266C743B2F702667743B0D0A266C743B702667743B0D0A09477265792072656C6178656420776173686564206F7574207065616368206F76657273697A65642073776561747368697274204C616E76696E206865616473636172662063617073756C65204D6973736F6E69205261662053696D6F6E73206C656174686572206A61636B65742E204261636B7061636B207072696E74656420666C6174732074756C6C65206265616E69652063756666206D6F6E6F6368726F6D652070617374656C7320456C6C6520636C617368696E67207061747465726E732E204361726120442E2073686F6520636F74746F6E206C61206D6172696E69C3A8726520742D7368697274205061726973206D6F746966206D6574616C20636F6C6C6172206E65636B6C61636520776869746520696E6469676F2064656E696D2E20447265737320393073206D696E742063686966666F6E206772756E67652050726164612E266C743B2F702667743B0D0A',X'',X'',''),
	(10,1,X'43C3A96C696E65206368616D6272617920736869727420627574746F6E207570207061726B61207072696E746564206E61696C732072617A6F7220706C656174',X'266C743B702667743B0D0A09436173696F205072616461206261636B7061636B2076696E746167652074726F757365722043686F75706574746520636C757463682063726F7020546F7073686F702E205261662053696D6F6E73206C656767696E677320677265656E20636173696F204B61726C6965204B2E20776869746520436F6E76657273652073746174656D656E7420637566662E205072657070792041636E65206F76657273697A65642073776561747368697274206D6F6E6F6368726F6D65207072696E746564206A61636B65742E266C743B2F702667743B0D0A266C743B702667743B0D0A09466C617473205072616461207072696E7420696E6469676F2064656E696D2070656163682076696E74616765204C6576692073686F72747320636F74746F6E2E20466A616C6C726176656E206C656174686572206A61636B6574206461726B20726564206C6970737469636B20393073206D61786920736B6972742E20436F6C6C6172207375726620706F702073696C76657220636F6C6C61722063726F7020626C61636B20436F70656E686167656E206D696E742E20427574746F6E20757020736B696E6E79206A65616E732076696E7461676520726F7065206E65636B6C61636520546F7073686F702063617073756C652043C3A96C696E65206C6F61666572732E266C743B2F702667743B0D0A',X'',X'',''),
	(11,1,X'5361696E74204C617572656E74206D6574616C20636F6C6C6172206E65636B6C616365206772756E67652063656E746572207061727420726F7365207061726B61',X'266C743B702667743B0D0A0953686F65207072696E746564206E61696C73206368656C73656120626F6F742064656E696D20726F756E642073756E676C617373657320636173686D657265206368756E6B7920736F6C652077686974652064656E696D206A61636B6574206C61206D6172696E69C3A8726520742D73686972742E20537472656574207374796C65206C6561746865722073686F7274732067726579207368656572204D6169736F6E204D617274696E204D61726769656C6120636C75746368207475636B656420742D73686972742E20496E6469676F2064656E696D20706C61697465642073746174656D656E74205261662053696D6F6E7320636C757463682E266C743B2F702667743B0D0A266C743B702667743B0D0A09437566662074756C6C65204361726120442E2072617A6F7220706C6561742042616720274E27204E6F756E2E20436173686D6572652063686966666F6E206B6E6F7420706F6E797461696C20726F736520676F6C64204C616E76696E20686561647363617266207475636B656420742D736869727420776173686564206F7574207375726620706F70206D6F746966204D6973736F6E692E20436C617368696E67207061747465726E7320436F70656E686167656E206368616D627261792073686972742070726570707920436F6C657474652E205072696E746564206E61696C73206461726B20726564206C6970737469636B20677265656E207072696E746564206A61636B65742076696E74616765207061726B6120546F7073686F702E266C743B2F702667743B0D0A',X'',X'',''),
	(12,1,X'4D6975204D697520506172697320726F756E642073756E676C617373657320706C617973756974206F76657273697A656420736B696E6E79206A65616E73',X'266C743B702667743B0D0A09506561636820636173696F2073696C76657220636F6C6C6172206265616E6965204D6169736F6E204D617274696E204D61726769656C6120616E6B6C6520626F6F74732077686974652E204E65757472616C205072616461204368616E656C20492E206D696E742073686F6520626C61636B2063656E74657220706172742E204D756C62657272792064656E696D205072616461205361666669616E6F2070617374656C7320736B697274205765656B646179206B6E6974776561722E266C743B2F702667743B0D0A266C743B702667743B0D0A094C6F6166657273207072696E746564206C6561746865722073686F7274732064656E696D206A61636B657420636F74746F6E2076696E74616765204C6576692073686F727473206261636B7061636B2073686565722E2052656C6178656420627574746F6E20757020412E502E432E206C61206D6172696E69C3A8726520742D7368697274206C656767696E67732E2043726F70206265616E6965205072616461206261636B7061636B2074756C6C652076696E74616765204C6576692073686F7274732E205768697465207368697274206368616D6272617920736869727420666C61747320736B697274207475636B656420742D736869727420636F74746F6E20737472656574207374796C65206C6561746865722073686F7274732E266C743B2F702667743B0D0A',X'',X'',''),
	(13,1,X'416E6B6C6520626F6F7473206261636B7061636B20636F6C6C61722043686F75706574746520706C6169746564205072616461205361666669616E6F',X'266C743B702667743B0D0A0944656E696D206A61636B6574206C61206D6172696E69C3A8726520742D736869727420677265656E2072617A6F7220706C65617420626C61636B207375726620706F70204C616E76696E2068656164736361726620726F756E642073756E676C6173736573206D61786920736B697274204D756C62657272792E20576869746520436F6E76657273652074726F75736572207768697465206E65757472616C2041636E652E205072696E746564206E61696C73206C6F6166657273206C656767696E677320696E6469676F2064656E696D2073746174656D656E7420636C617368696E67207061747465726E73207072696E74656420466A616C6C726176656E2E204368656C73656120626F6F74206B6E6F7420706F6E797461696C205765656B6461792063656E746572207061727420546F7073686F70204D6973736F6E69207072696E74206F76657273697A656420737765617473686972742050617269732E266C743B2F702667743B0D0A266C743B702667743B0D0A09437566662064656E696D207061726B612073686F65207368656572204D6169736F6E204D617274696E204D61726769656C612072656C61786564207374726F6E672065796562726F77732E20427574746F6E207570206F76657273697A6564206461726B20726564206C6970737469636B20412E502E432E20706C617973756974206D696E74204D6975204D69752E20436173686D65726520636C75746368206B6E69747765617220776173686564206F757420456C6C65206D6574616C20636F6C6C6172206E65636B6C6163652E204C6F6166657273206C61206D6172696E69C3A8726520742D7368697274205072616461205361666669616E6F20436F6C657474652064656E696D205061726973206461726B20726564206C6970737469636B2E266C743B2F702667743B0D0A',X'',X'',''),
	(14,1,X'537472656574207374796C65206D61786920736B69727420636F74746F6E20647265737320636173686D6572652042616720274E27204E6F756E206265616E6965',X'266C743B702667743B0D0A094D696E74206C6561746865722073686F72747320736B697274204D6169736F6E204D617274696E204D61726769656C612043C3A96C696E6520636F6C6C6172206C656174686572206A61636B6574206368656C73656120626F6F74206368756E6B7920736F6C652E2041636E6520776173686564206F7574207475636B656420742D73686972742073746174656D656E74206F76657273697A656420706C617973756974204361726120442E20706C61697465642E204C616E76696E20686561647363617266204D6973736F6E69205361696E74204C617572656E74206368616D62726179207368697274206B6E6F7420706F6E797461696C205261662053696D6F6E732063617073756C652E266C743B2F702667743B0D0A266C743B702667743B0D0A095375726620706F7020507261646120412E502E432E20776869746520726F7065206E65636B6C616365207374726F6E672065796562726F77732063756666206D6574616C20636F6C6C6172206E65636B6C6163652E204772756E6765204368616E656C20492E20626C61636B20436F70656E686167656E20636C617368696E67207061747465726E732073686F652064656E696D206A61636B6574206D6F6E6F6368726F6D652070617374656C7320616E6B6C6520626F6F74732E2043686966666F6E206E65757472616C207061726B61205072616461206261636B7061636B205765656B646179206D6F74696620627574746F6E20757020636C75746368204D6975204D69752E2039307320636173696F204B61726C6965204B2E20696E6469676F2064656E696D206261636B7061636B20776869746520436F6E7665727365206F76657273697A656420737765617473686972742E266C743B2F702667743B0D0A',X'',X'',''),
	(15,1,X'4B6E69747765617220737472656574207374796C65207374726F6E672065796562726F7773206C6561746865722073686F727473',X'266C743B702667743B0D0A0943726F70205072616461205361666669616E6F204D756C62657272792063756666204D6975204D6975206265616E6965204D6973736F6E6920636173686D657265207072657070792E204C656767696E6773206368756E6B7920736F6C65204C616E76696E2068656164736361726620412E502E432E2043C3A96C696E652070617374656C73207475636B656420742D73686972742E20447265737320736B696E6E79206A65616E73206F76657273697A65642073776561747368697274207072696E746564206A61636B657420546F7073686F70206E65757472616C206368616D627261792073686972742073746174656D656E7420706C61697465642E266C743B2F702667743B0D0A266C743B702667743B0D0A09456C6C6520726F736520676F6C6420666C617473206B6E6F7420706F6E797461696C206368616D627261792073686972742063656E746572207061727420677265656E206C656767696E67732E204368756E6B7920736F6C6520636173686D65726520616E6B6C6520626F6F74732064656E696D206A61636B65742070726570707920736B697274207072696E74205072616461206261636B7061636B20436F70656E686167656E2E205072696E746564206E61696C732077686974652043686F7570657474652076696E74616765207374726F6E672065796562726F777320726F7065206E65636B6C616365206461726B20726564206C6970737469636B204368616E656C20492E2073746174656D656E742E2043C3A96C696E65207072696E746564206A61636B6574204B61726C6965204B2E2076696E74616765204C6576692073686F727473206D6F6E6F6368726F6D65205765656B64617920706C617973756974204D756C6265727279206D696E742E266C743B2F702667743B0D0A',X'',X'',''),
	(16,1,X'526F756E642073756E676C617373657320627574746F6E207570206D6F7469662070617374656C7320393073206D6574616C20636F6C6C6172',X'266C743B702667743B0D0A094261636B7061636B20776869746520436F6E7665727365204C616E76696E206865616473636172662077686974652073686972742072617A6F7220706C656174205261662053696D6F6E73206B6E6974776561722E20496E6469676F2064656E696D204D6973736F6E6920507261646120412E502E432E206C6561746865722073686F7274732070656163682064656E696D20636C757463682074756C6C652E2053686F65207061726B6120636F6C6C61722063726F70205361696E74204C617572656E742073686565722072656C617865642E266C743B2F702667743B0D0A266C743B702667743B0D0A0953696C76657220636F6C6C6172206F76657273697A6564206B6E6F7420706F6E797461696C20506172697320636F74746F6E2063617073756C652E2043686F757065747465207061726B61205072616461203930732074726F75736572207375726620706F702063656E74657220706172742E2042616720274E27204E6F756E204361726120442E206368656C73656120626F6F7420636C617368696E67207061747465726E732073686F65206D6F746966205072616461205361666669616E6F20736B6972742E204D696E742076696E74616765204C6576692073686F727473206C61206D6172696E69C3A8726520742D73686972742063756666207768697465206772756E67652070726570707920726F7065206E65636B6C616365205361696E74204C617572656E74204C616E76696E206865616473636172662E266C743B2F702667743B0D0A',X'',X'',''),
	(17,1,X'5475636B656420742D73686972742074756C6C65204D756C626572727920616E6B6C6520626F6F7473207072696E74656420636F6C6C617220466A616C6C726176656E',X'266C743B702667743B0D0A09427574746F6E2075702064726573732041636E6520726F736520676F6C6420706C617973756974206E65757472616C2E2047726579206C656174686572206A61636B657420706C616974656420776173686564206F757420636173686D6572652063726F702043C3A96C696E65207072696E742E20537472656574207374796C6520726F756E642073756E676C61737365732072617A6F7220706C656174206265616E6965205261662053696D6F6E7320456C6C65207072696E746564206A61636B65742064656E696D20696E6469676F2064656E696D20666C6174732E266C743B2F702667743B0D0A266C743B702667743B0D0A0950617374656C73206461726B20726564206C6970737469636B207374726F6E672065796562726F7773206B6E697477656172204B61726C6965204B2E207072696E746564206E61696C7320436F70656E686167656E206D61786920736B697274206368616D627261792073686972742E20576869746520436F6E766572736520636173696F206C6F61666572732072656C6178656420412E502E432E2043686966666F6E207768697465207368697274206C656767696E677320546F7073686F70206C6561746865722073686F7274732E204368616E656C20492E205072616461206261636B7061636B20636C75746368205765656B646179204D6169736F6E204D617274696E204D61726769656C612073746174656D656E742076696E746167652E266C743B2F702667743B0D0A',X'',X'','');



# Dump of table product_discount
# ------------------------------------------------------------


CREATE TABLE `product_discount` (
  `product_discount_id` int(11) NOT NULL AUTO_INCREMENT,
  `product_id` int(11) NOT NULL,
  `customer_group_id` int(11) NOT NULL,
  `quantity` int(4) NOT NULL DEFAULT '0',
  `priority` int(5) NOT NULL DEFAULT '1',
  `price` decimal(15,4) NOT NULL DEFAULT '0.0000',
  `date_start` date NOT NULL DEFAULT '0000-00-00',
  `date_end` date NOT NULL DEFAULT '0000-00-00',
  PRIMARY KEY (`product_discount_id`),
  KEY `product_id` (`product_id`)
) ENGINE=MyISAM DEFAULT CHARSET=utf8 COLLATE=utf8_bin;



# Dump of table product_filter
# ------------------------------------------------------------


CREATE TABLE `product_filter` (
  `product_id` int(11) NOT NULL,
  `filter_value_id` int(11) NOT NULL,
  PRIMARY KEY (`product_id`,`filter_value_id`)
) ENGINE=MyISAM DEFAULT CHARSET=utf8 COLLATE=utf8_bin;



# Dump of table product_image
# ------------------------------------------------------------


CREATE TABLE `product_image` (
  `product_image_id` int(11) NOT NULL AUTO_INCREMENT,
  `product_id` int(11) NOT NULL,
  `image` varchar(255) COLLATE utf8_bin DEFAULT NULL,
  `sort_order` int(3) NOT NULL DEFAULT '0',
  PRIMARY KEY (`product_image_id`)
) ENGINE=MyISAM DEFAULT CHARSET=utf8 COLLATE=utf8_bin;


INSERT INTO `product_image` (`product_image_id`, `product_id`, `image`, `sort_order`)
VALUES
	(9,17,X'646174612F64756D6D792F70726F64756374732F757262616E2F757262616E2D3137612E6A7067',1),
	(8,17,X'646174612F64756D6D792F70726F64756374732F757262616E2F757262616E2D3137622E6A7067',2),
	(7,17,X'646174612F64756D6D792F70726F64756374732F757262616E2F757262616E2D3137632E6A7067',3);



# Dump of table product_option
# ------------------------------------------------------------


CREATE TABLE `product_option` (
  `product_option_id` int(11) NOT NULL AUTO_INCREMENT,
  `product_id` int(11) NOT NULL,
  `option_id` int(11) NOT NULL,
  `option_value` text COLLATE utf8_bin NOT NULL,
  `required` tinyint(1) NOT NULL DEFAULT '0',
  PRIMARY KEY (`product_option_id`)
) ENGINE=MyISAM DEFAULT CHARSET=utf8 COLLATE=utf8_bin;


INSERT INTO `product_option` (`product_option_id`, `product_id`, `option_id`, `option_value`, `required`)
VALUES
	(1,6,1,'',1),
	(2,17,1,'',1),
	(3,17,2,'',1);



# Dump of table product_option_value
# ------------------------------------------------------------


CREATE TABLE `product_option_value` (
  `product_option_value_id` int(11) NOT NULL AUTO_INCREMENT,
  `product_option_id` int(11) NOT NULL,
  `product_id` int(11) NOT NULL,
  `option_id` int(11) NOT NULL,
  `option_value_id` int(11) NOT NULL,
  `quantity` int(3) NOT NULL,
  `subtract` tinyint(1) NOT NULL DEFAULT '0',
  `price` decimal(15,4) NOT NULL,
  `cost` decimal(15,4) NOT NULL DEFAULT '0.0000',
  `cost_prefix` varchar(1) COLLATE utf8_bin NOT NULL,
  `price_prefix` varchar(1) COLLATE utf8_bin NOT NULL,
  `points` int(8) NOT NULL,
  `points_prefix` varchar(1) COLLATE utf8_bin NOT NULL,
  `weight` decimal(15,8) NOT NULL,
  `weight_prefix` varchar(1) COLLATE utf8_bin NOT NULL,
  PRIMARY KEY (`product_option_value_id`)
) ENGINE=MyISAM DEFAULT CHARSET=utf8 COLLATE=utf8_bin;


INSERT INTO `product_option_value` (`product_option_value_id`, `product_option_id`, `product_id`, `option_id`, `option_value_id`, `quantity`, `subtract`, `price`, `cost`, `cost_prefix`, `price_prefix`, `points`, `points_prefix`, `weight`, `weight_prefix`)
VALUES
	(3,1,6,1,3,99,1,50000.0000,0.0000,X'2B',X'2B',0,X'2B',0.00000000,X'2B'),
	(2,1,6,1,2,99,1,0.0000,0.0000,X'2B',X'2B',0,X'2B',0.00000000,X'2B'),
	(1,1,6,1,1,99,1,50000.0000,0.0000,X'2B',X'2D',0,X'2B',0.00000000,X'2B'),
	(6,2,17,1,3,99,1,50000.0000,0.0000,X'2B',X'2B',0,X'2B',0.00000000,X'2B'),
	(5,2,17,1,2,99,1,0.0000,0.0000,X'2B',X'2B',0,X'2B',0.00000000,X'2B'),
	(4,2,17,1,1,99,1,50000.0000,0.0000,X'2B',X'2D',0,X'2B',0.00000000,X'2B'),
	(7,3,17,2,4,999,1,0.0000,0.0000,X'2B',X'2B',0,X'2B',0.00000000,X'2B'),
	(8,3,17,2,5,999,1,0.0000,0.0000,X'2B',X'2B',0,X'2B',0.00000000,X'2B'),
	(9,3,17,2,6,999,1,0.0000,0.0000,X'2B',X'2B',0,X'2B',0.00000000,X'2B');



# Dump of table product_related
# ------------------------------------------------------------


CREATE TABLE `product_related` (
  `product_id` int(11) NOT NULL,
  `related_id` int(11) NOT NULL,
  PRIMARY KEY (`product_id`,`related_id`)
) ENGINE=MyISAM DEFAULT CHARSET=utf8 COLLATE=utf8_bin;


INSERT INTO `product_related` (`product_id`, `related_id`)
VALUES
	(1,2),
	(1,3),
	(1,4),
	(1,5),
	(1,6),
	(1,7),
	(1,15),
	(1,16),
	(2,1),
	(2,3),
	(2,4),
	(2,5),
	(2,6),
	(2,7),
	(2,8),
	(2,9),
	(2,10),
	(2,11),
	(2,13),
	(3,1),
	(3,2),
	(3,4),
	(3,5),
	(3,9),
	(3,10),
	(3,12),
	(3,13),
	(3,14),
	(3,17),
	(4,1),
	(4,2),
	(4,3),
	(4,5),
	(4,6),
	(4,7),
	(4,8),
	(4,9),
	(4,11),
	(4,12),
	(4,13),
	(4,14),
	(5,1),
	(5,2),
	(5,3),
	(5,4),
	(5,10),
	(5,13),
	(5,14),
	(5,16),
	(5,17),
	(6,1),
	(6,2),
	(6,4),
	(6,8),
	(6,9),
	(6,11),
	(6,15),
	(6,16),
	(7,1),
	(7,2),
	(7,4),
	(8,2),
	(8,4),
	(8,6),
	(8,12),
	(8,17),
	(9,2),
	(9,3),
	(9,4),
	(9,6),
	(9,10),
	(9,11),
	(10,2),
	(10,3),
	(10,5),
	(10,9),
	(10,15),
	(11,2),
	(11,4),
	(11,6),
	(11,9),
	(11,12),
	(12,3),
	(12,4),
	(12,8),
	(12,11),
	(12,14),
	(12,15),
	(12,16),
	(12,17),
	(13,2),
	(13,3),
	(13,4),
	(13,5),
	(14,3),
	(14,4),
	(14,5),
	(14,12),
	(15,1),
	(15,6),
	(15,10),
	(15,12),
	(16,1),
	(16,5),
	(16,6),
	(16,12),
	(17,3),
	(17,5),
	(17,8),
	(17,12),
	(251,250),
	(251,252),
	(251,253),
	(251,254),
	(251,255),
	(251,256),
	(252,250),
	(252,251),
	(252,253),
	(252,254),
	(252,255),
	(252,256),
	(253,250),
	(253,251),
	(253,252),
	(253,254),
	(253,255),
	(253,256),
	(254,250),
	(254,251),
	(254,252),
	(254,253),
	(254,255),
	(254,256),
	(255,250),
	(255,251),
	(255,252),
	(255,253),
	(255,254),
	(255,256),
	(256,250),
	(256,251),
	(256,252),
	(256,253),
	(256,254),
	(256,255),
	(257,258),
	(257,259),
	(257,260),
	(257,261),
	(257,262),
	(258,257),
	(258,259),
	(258,260),
	(258,261),
	(258,262),
	(259,257),
	(259,258),
	(259,260),
	(259,261),
	(259,262),
	(260,257),
	(260,258),
	(260,259),
	(260,261),
	(260,262),
	(261,257),
	(261,258),
	(261,259),
	(261,260),
	(261,262),
	(262,257),
	(262,258),
	(262,259),
	(262,260),
	(262,261),
	(263,264),
	(263,265),
	(263,266),
	(264,263),
	(264,265),
	(264,266),
	(265,263),
	(265,264),
	(265,266),
	(266,263),
	(266,264),
	(266,265),
	(267,268),
	(267,269),
	(267,270),
	(268,267),
	(268,269),
	(268,270),
	(269,267),
	(269,268),
	(269,270),
	(270,267),
	(270,268),
	(270,269),
	(271,272),
	(271,273),
	(272,271),
	(272,273),
	(273,271),
	(273,272),
	(274,275),
	(274,276),
	(274,277),
	(274,278),
	(274,279),
	(274,280),
	(274,281),
	(274,282),
	(275,274),
	(275,276),
	(275,277),
	(275,278),
	(275,279),
	(275,280),
	(275,281),
	(275,282),
	(276,274),
	(276,275),
	(276,277),
	(276,278),
	(276,279),
	(276,280),
	(276,281),
	(276,282),
	(277,274),
	(277,275),
	(277,276),
	(277,278),
	(277,279),
	(277,280),
	(277,281),
	(277,282),
	(278,274),
	(278,275),
	(278,276),
	(278,277),
	(278,279),
	(278,280),
	(278,281),
	(278,282),
	(279,274),
	(279,275),
	(279,276),
	(279,277),
	(279,278),
	(279,280),
	(279,281),
	(279,282),
	(280,274),
	(280,275),
	(280,276),
	(280,277),
	(280,278),
	(280,279),
	(280,281),
	(280,282),
	(281,274),
	(281,275),
	(281,276),
	(281,277),
	(281,278),
	(281,279),
	(281,280),
	(281,282),
	(282,274),
	(282,275),
	(282,276),
	(282,277),
	(282,278),
	(282,279),
	(282,280),
	(282,281),
	(283,284),
	(283,285),
	(283,286),
	(283,287),
	(283,288),
	(283,289),
	(283,290),
	(283,291),
	(283,292),
	(283,293),
	(284,283),
	(284,285),
	(284,286),
	(284,287),
	(284,288),
	(284,289),
	(284,290),
	(284,291),
	(284,292),
	(284,293),
	(285,283),
	(285,284),
	(285,286),
	(285,287),
	(285,288),
	(285,289),
	(285,290),
	(285,291),
	(285,292),
	(285,293),
	(286,283),
	(286,284),
	(286,285),
	(286,287),
	(286,288),
	(286,289),
	(286,290),
	(286,291),
	(286,292),
	(286,293),
	(287,283),
	(287,284),
	(287,285),
	(287,286),
	(287,288),
	(287,289),
	(287,290),
	(287,291),
	(287,292),
	(287,293),
	(288,283),
	(288,284),
	(288,285),
	(288,286),
	(288,287),
	(288,289),
	(288,290),
	(288,291),
	(288,292),
	(288,293),
	(289,283),
	(289,284),
	(289,285),
	(289,286),
	(289,287),
	(289,288),
	(289,290),
	(289,291),
	(289,292),
	(289,293),
	(290,283),
	(290,284),
	(290,285),
	(290,286),
	(290,287),
	(290,288),
	(290,289),
	(290,291),
	(290,292),
	(290,293),
	(291,283),
	(291,284),
	(291,285),
	(291,286),
	(291,287),
	(291,288),
	(291,289),
	(291,290),
	(291,292),
	(291,293),
	(292,283),
	(292,284),
	(292,285),
	(292,286),
	(292,287),
	(292,288),
	(292,289),
	(292,290),
	(292,291),
	(292,293),
	(293,283),
	(293,284),
	(293,285),
	(293,286),
	(293,287),
	(293,288),
	(293,289),
	(293,290),
	(293,291),
	(293,292),
	(295,296),
	(295,297),
	(295,299),
	(295,300),
	(295,304),
	(295,305),
	(296,295),
	(296,297),
	(296,299),
	(296,300),
	(296,304),
	(296,305),
	(297,295),
	(297,296),
	(297,298),
	(297,301),
	(297,302),
	(297,303),
	(298,297),
	(298,301),
	(298,302),
	(298,303),
	(299,295),
	(299,296),
	(299,304),
	(299,305),
	(300,295),
	(300,296),
	(300,300),
	(300,304),
	(300,305),
	(301,297),
	(301,298),
	(301,302),
	(301,303),
	(302,297),
	(302,298),
	(302,301),
	(302,303),
	(303,297),
	(303,298),
	(303,301),
	(303,302),
	(304,295),
	(304,296),
	(304,299),
	(304,300),
	(304,305),
	(305,295),
	(305,296),
	(305,299),
	(305,300),
	(305,304),
	(305,305),
	(306,307),
	(307,306),
	(307,307);



# Dump of table product_reward
# ------------------------------------------------------------


CREATE TABLE `product_reward` (
  `product_reward_id` int(11) NOT NULL AUTO_INCREMENT,
  `product_id` int(11) NOT NULL DEFAULT '0',
  `customer_group_id` int(11) NOT NULL DEFAULT '0',
  `points` int(8) NOT NULL DEFAULT '0',
  PRIMARY KEY (`product_reward_id`)
) ENGINE=MyISAM DEFAULT CHARSET=utf8 COLLATE=utf8_bin;


INSERT INTO `product_reward` (`product_reward_id`, `product_id`, `customer_group_id`, `points`)
VALUES
	(40,1,2,0),
	(39,1,1,0),
	(54,2,2,0),
	(53,2,1,0),
	(66,3,2,0),
	(65,3,1,0),
	(52,4,2,0),
	(51,4,1,0),
	(70,5,2,0),
	(69,5,1,0),
	(60,6,2,0),
	(59,6,1,0),
	(46,7,2,0),
	(45,7,1,0),
	(50,8,2,0),
	(49,8,1,0),
	(42,9,2,0),
	(41,9,1,0),
	(56,10,2,0),
	(55,10,1,0),
	(68,11,2,0),
	(67,11,1,0),
	(58,12,2,0),
	(57,12,1,0),
	(44,13,2,0),
	(43,13,1,0),
	(48,14,2,0),
	(47,14,1,0),
	(64,15,2,0),
	(63,15,1,0),
	(38,16,2,0),
	(37,16,1,0),
	(72,17,2,0),
	(71,17,1,0);



# Dump of table product_special
# ------------------------------------------------------------


CREATE TABLE `product_special` (
  `product_special_id` int(11) NOT NULL AUTO_INCREMENT,
  `product_id` int(11) NOT NULL,
  `customer_group_id` int(11) NOT NULL,
  `priority` int(5) NOT NULL DEFAULT '1',
  `price` decimal(15,4) NOT NULL DEFAULT '0.0000',
  `date_start` date NOT NULL DEFAULT '0000-00-00',
  `date_end` date NOT NULL DEFAULT '0000-00-00',
  PRIMARY KEY (`product_special_id`),
  KEY `product_id` (`product_id`)
) ENGINE=MyISAM DEFAULT CHARSET=utf8 COLLATE=utf8_bin;


INSERT INTO `product_special` (`product_special_id`, `product_id`, `customer_group_id`, `priority`, `price`, `date_start`, `date_end`)
VALUES
	(9,1,1,0,650000.0000,'0000-00-00','0000-00-00'),
	(11,7,1,0,600000.0000,'0000-00-00','0000-00-00'),
	(13,8,1,0,800000.0000,'0000-00-00','0000-00-00'),
	(10,9,1,0,700000.0000,'0000-00-00','0000-00-00'),
	(14,12,1,0,800000.0000,'0000-00-00','0000-00-00'),
	(12,14,1,0,700000.0000,'0000-00-00','0000-00-00'),
	(16,17,1,0,800000.0000,'0000-00-00','0000-00-00');



# Dump of table product_to_category
# ------------------------------------------------------------


CREATE TABLE `product_to_category` (
  `product_id` int(11) NOT NULL,
  `category_id` int(11) NOT NULL,
  PRIMARY KEY (`product_id`,`category_id`)
) ENGINE=MyISAM DEFAULT CHARSET=utf8 COLLATE=utf8_bin;


INSERT INTO `product_to_category` (`product_id`, `category_id`)
VALUES
	(1,1),
	(2,1),
	(3,1),
	(4,1),
	(5,1),
	(6,1),
	(7,1),
	(8,1),
	(9,1),
	(10,1),
	(11,1),
	(12,1),
	(13,1),
	(14,1),
	(15,1),
	(16,1),
	(17,1);



# Dump of table product_to_download
# ------------------------------------------------------------


CREATE TABLE `product_to_download` (
  `product_id` int(11) NOT NULL,
  `download_id` int(11) NOT NULL,
  PRIMARY KEY (`product_id`,`download_id`)
) ENGINE=MyISAM DEFAULT CHARSET=utf8 COLLATE=utf8_bin;



# Dump of table product_to_layout
# ------------------------------------------------------------


CREATE TABLE `product_to_layout` (
  `product_id` int(11) NOT NULL,
  `store_id` int(11) NOT NULL,
  `layout_id` int(11) NOT NULL,
  PRIMARY KEY (`product_id`,`store_id`)
) ENGINE=MyISAM DEFAULT CHARSET=utf8 COLLATE=utf8_bin;



# Dump of table product_to_store
# ------------------------------------------------------------


CREATE TABLE `product_to_store` (
  `product_id` int(11) NOT NULL,
  `store_id` int(11) NOT NULL DEFAULT '0',
  PRIMARY KEY (`product_id`,`store_id`)
) ENGINE=MyISAM DEFAULT CHARSET=utf8 COLLATE=utf8_bin;


INSERT INTO `product_to_store` (`product_id`, `store_id`)
VALUES
	(1,0),
	(2,0),
	(3,0),
	(4,0),
	(5,0),
	(6,0),
	(7,0),
	(8,0),
	(9,0),
	(10,0),
	(11,0),
	(12,0),
	(13,0),
	(14,0),
	(15,0),
	(16,0),
	(17,0);



# Dump of table return
# ------------------------------------------------------------


CREATE TABLE `return` (
  `return_id` int(11) NOT NULL AUTO_INCREMENT,
  `order_id` int(11) NOT NULL,
  `product_id` int(11) NOT NULL,
  `customer_id` int(11) NOT NULL,
  `firstname` varchar(32) COLLATE utf8_bin NOT NULL,
  `lastname` varchar(32) COLLATE utf8_bin NOT NULL,
  `email` varchar(96) COLLATE utf8_bin NOT NULL,
  `telephone` varchar(32) COLLATE utf8_bin NOT NULL,
  `product` varchar(255) COLLATE utf8_bin NOT NULL,
  `model` varchar(64) COLLATE utf8_bin NOT NULL,
  `quantity` int(4) NOT NULL,
  `opened` tinyint(1) NOT NULL,
  `return_reason_id` int(11) NOT NULL,
  `return_action_id` int(11) NOT NULL,
  `return_status_id` int(11) NOT NULL,
  `comment` text COLLATE utf8_bin,
  `date_ordered` date NOT NULL,
  `date_added` datetime NOT NULL,
  `date_modified` datetime NOT NULL,
  PRIMARY KEY (`return_id`)
) ENGINE=MyISAM DEFAULT CHARSET=utf8 COLLATE=utf8_bin;



# Dump of table return_action
# ------------------------------------------------------------


CREATE TABLE `return_action` (
  `return_action_id` int(11) NOT NULL AUTO_INCREMENT,
  `language_id` int(11) NOT NULL DEFAULT '0',
  `name` varchar(64) COLLATE utf8_bin NOT NULL DEFAULT '',
  PRIMARY KEY (`return_action_id`,`language_id`)
) ENGINE=MyISAM DEFAULT CHARSET=utf8 COLLATE=utf8_bin;


INSERT INTO `return_action` (`return_action_id`, `language_id`, `name`)
VALUES
	(1,1,X'526566756E646564'),
	(2,1,X'43726564697420497373756564'),
	(3,1,X'5265706C6163656D656E742053656E74');



# Dump of table return_history
# ------------------------------------------------------------


CREATE TABLE `return_history` (
  `return_history_id` int(11) NOT NULL AUTO_INCREMENT,
  `return_id` int(11) NOT NULL,
  `return_status_id` int(11) NOT NULL,
  `notify` tinyint(1) NOT NULL DEFAULT '0',
  `comment` text COLLATE utf8_bin NOT NULL,
  `date_added` datetime NOT NULL,
  PRIMARY KEY (`return_history_id`)
) ENGINE=MyISAM DEFAULT CHARSET=utf8 COLLATE=utf8_bin;



# Dump of table return_reason
# ------------------------------------------------------------


CREATE TABLE `return_reason` (
  `return_reason_id` int(11) NOT NULL AUTO_INCREMENT,
  `language_id` int(11) NOT NULL DEFAULT '0',
  `name` varchar(128) COLLATE utf8_bin NOT NULL DEFAULT '',
  PRIMARY KEY (`return_reason_id`,`language_id`)
) ENGINE=MyISAM DEFAULT CHARSET=utf8 COLLATE=utf8_bin;


INSERT INTO `return_reason` (`return_reason_id`, `language_id`, `name`)
VALUES
	(1,1,X'44656164204F6E204172726976616C'),
	(2,1,X'52656365697665642057726F6E67204974656D'),
	(3,1,X'4F72646572204572726F72'),
	(4,1,X'4661756C74792C20706C6561736520737570706C792064657461696C73'),
	(5,1,X'4F746865722C20706C6561736520737570706C792064657461696C73');



# Dump of table return_status
# ------------------------------------------------------------


CREATE TABLE `return_status` (
  `return_status_id` int(11) NOT NULL AUTO_INCREMENT,
  `language_id` int(11) NOT NULL DEFAULT '0',
  `name` varchar(32) COLLATE utf8_bin NOT NULL DEFAULT '',
  PRIMARY KEY (`return_status_id`,`language_id`)
) ENGINE=MyISAM DEFAULT CHARSET=utf8 COLLATE=utf8_bin;


INSERT INTO `return_status` (`return_status_id`, `language_id`, `name`)
VALUES
	(1,1,X'50656E64696E67'),
	(3,1,X'436F6D706C657465'),
	(2,1,X'4177616974696E672050726F6475637473');



# Dump of table review
# ------------------------------------------------------------


CREATE TABLE `review` (
  `review_id` int(11) NOT NULL AUTO_INCREMENT,
  `product_id` int(11) NOT NULL,
  `customer_id` int(11) NOT NULL,
  `author` varchar(64) COLLATE utf8_bin NOT NULL DEFAULT '',
  `text` text COLLATE utf8_bin NOT NULL,
  `rating` int(1) NOT NULL,
  `status` tinyint(1) NOT NULL DEFAULT '0',
  `date_added` datetime NOT NULL DEFAULT '0000-00-00 00:00:00',
  `date_modified` datetime NOT NULL DEFAULT '0000-00-00 00:00:00',
  PRIMARY KEY (`review_id`),
  KEY `product_id` (`product_id`)
) ENGINE=MyISAM DEFAULT CHARSET=utf8 COLLATE=utf8_bin;



# Dump of table setting
# ------------------------------------------------------------


CREATE TABLE `setting` (
  `setting_id` int(11) NOT NULL AUTO_INCREMENT,
  `store_id` int(11) NOT NULL DEFAULT '0',
  `group` varchar(32) COLLATE utf8_bin NOT NULL,
  `key` varchar(64) COLLATE utf8_bin NOT NULL DEFAULT '',
  `value` mediumtext COLLATE utf8_bin NOT NULL,
  `serialized` tinyint(1) NOT NULL,
  PRIMARY KEY (`setting_id`)
) ENGINE=MyISAM DEFAULT CHARSET=utf8 COLLATE=utf8_bin;


INSERT INTO `setting` (`setting_id`, `store_id`, `group`, `key`, `value`, `serialized`)
VALUES
	(1,0,X'7368697070696E67',X'7368697070696E675F736F72745F6F72646572',X'33',0),
	(2,0,X'7375625F746F74616C',X'7375625F746F74616C5F736F72745F6F72646572',X'31',0),
	(3,0,X'7375625F746F74616C',X'7375625F746F74616C5F737461747573',X'31',0),
	(5,0,X'746F74616C',X'746F74616C5F736F72745F6F72646572',X'39',0),
	(6,0,X'746F74616C',X'746F74616C5F737461747573',X'31',0),
	(14,0,X'7368697070696E67',X'7368697070696E675F737461747573',X'31',0),
	(15,0,X'7368697070696E67',X'7368697070696E675F657374696D61746F72',X'31',0),
	(32308,0,X'7370656369616C',X'7370656369616C5F6D6F64756C65',X'613A323A7B693A303B613A373A7B733A353A226C696D6974223B733A313A2233223B733A31313A22696D6167655F7769647468223B733A323A223530223B733A31323A22696D6167655F686569676874223B733A323A223530223B733A393A226C61796F75745F6964223B733A313A2234223B733A383A22706F736974696F6E223B733A31313A22636F6C756D6E5F6C656674223B733A363A22737461747573223B733A313A2231223B733A31303A22736F72745F6F72646572223B733A323A223130223B7D693A313B613A373A7B733A353A226C696D6974223B733A313A2235223B733A31313A22696D6167655F7769647468223B733A323A223530223B733A31323A22696D6167655F686569676874223B733A323A223530223B733A393A226C61796F75745F6964223B733A313A2231223B733A383A22706F736974696F6E223B733A31313A22636F6C756D6E5F6C656674223B733A363A22737461747573223B733A313A2231223B733A31303A22736F72745F6F72646572223B733A323A223230223B7D7D',1),
	(27,0,X'636F75706F6E',X'636F75706F6E5F736F72745F6F72646572',X'34',0),
	(28,0,X'636F75706F6E',X'636F75706F6E5F737461747573',X'31',0),
	(21135,0,X'696E666F726D6174696F6E',X'696E666F726D6174696F6E5F6D6F64756C65',X'613A333A7B693A303B613A343A7B733A393A226C61796F75745F6964223B733A323A223131223B733A383A22706F736974696F6E223B733A31313A22636F6C756D6E5F6C656674223B733A363A22737461747573223B733A313A2231223B733A31303A22736F72745F6F72646572223B733A313A2231223B7D693A313B613A343A7B733A393A226C61796F75745F6964223B733A323A223135223B733A383A22706F736974696F6E223B733A31313A22636F6C756D6E5F6C656674223B733A363A22737461747573223B733A313A2231223B733A31303A22736F72745F6F72646572223B733A313A2231223B7D693A323B613A343A7B733A393A226C61796F75745F6964223B733A323A223138223B733A383A22706F736974696F6E223B733A31313A22636F6C756D6E5F6C656674223B733A363A22737461747573223B733A313A2231223B733A31303A22736F72745F6F72646572223B733A313A2231223B7D7D',1),
	(42,0,X'637265646974',X'6372656469745F736F72745F6F72646572',X'37',0),
	(43,0,X'637265646974',X'6372656469745F737461747573',X'31',0),
	(24028,0,X'726577617264',X'7265776172645F736F72745F6F72646572',X'32',0),
	(24027,0,X'726577617264',X'7265776172645F737461747573',X'31',0),
	(24946,0,X'6665617475726564',X'70726F64756374','',0),
	(24947,0,X'6665617475726564',X'66656174757265645F70726F64756374',X'3433352C3432312C3334322C3435372C3335322C3335342C3430302C3335362C3333392C343638',0),
	(24948,0,X'6665617475726564',X'66656174757265645F6D6F64756C65',X'613A323A7B693A303B613A373A7B733A353A226C696D6974223B733A323A223234223B733A31313A22696D6167655F7769647468223B733A333A22323235223B733A31323A22696D6167655F686569676874223B733A333A22333338223B733A393A226C61796F75745F6964223B733A313A2231223B733A383A22706F736974696F6E223B733A31343A22636F6E74656E745F626F74746F6D223B733A363A22737461747573223B733A313A2231223B733A31303A22736F72745F6F72646572223B733A313A2231223B7D693A313B613A373A7B733A353A226C696D6974223B733A313A2235223B733A31313A22696D6167655F7769647468223B733A323A223530223B733A31323A22696D6167655F686569676874223B733A323A223735223B733A393A226C61796F75745F6964223B733A313A2234223B733A383A22706F736974696F6E223B733A31313A22636F6C756D6E5F6C656674223B733A363A22737461747573223B733A313A2231223B733A31303A22736F72745F6F72646572223B733A323A223230223B7D7D',1),
	(93,0,X'766F7563686572',X'766F75636865725F736F72745F6F72646572',X'38',0),
	(94,0,X'766F7563686572',X'766F75636865725F737461747573',X'31',0),
	(17603,0,X'626C6F6753657474696E67',X'626C6F6753657474696E675F7669724469724578636C756465','',0),
	(27645,0,X'76716D6F645F6D616E61676572',X'76716D6F645F70617468',X'2F55736572732F62756B61746F6B6F2F53697465732F313331332D42756B61746F6B6F5468656D65732F76716D6F642F',0),
	(15913,0,X'616666696C69617465',X'616666696C696174655F6D6F64756C65',X'613A313A7B693A303B613A343A7B733A393A226C61796F75745F6964223B733A323A223130223B733A383A22706F736974696F6E223B733A31313A22636F6C756D6E5F6C656674223B733A363A22737461747573223B733A313A2231223B733A31303A22736F72745F6F72646572223B733A313A2233223B7D7D',1),
	(15049,0,X'6163636F756E74',X'6163636F756E745F6D6F64756C65',X'613A313A7B693A303B613A343A7B733A393A226C61796F75745F6964223B733A313A2236223B733A383A22706F736974696F6E223B733A31313A22636F6C756D6E5F6C656674223B733A363A22737461747573223B733A313A2231223B733A31303A22736F72745F6F72646572223B733A313A2231223B7D7D',1),
	(33372,0,X'636F6E666967',X'636F6E6669675F6D61696C5F70726F746F636F6C',X'6D61696C',0),
	(33268,0,X'736C69646573686F77',X'736C69646573686F775F6D6F64756C65',X'613A313A7B693A303B613A373A7B733A393A2262616E6E65725F6964223B733A313A2239223B733A353A227769647468223B733A343A2231313835223B733A363A22686569676874223B733A333A22353030223B733A393A226C61796F75745F6964223B733A313A2231223B733A383A22706F736974696F6E223B733A31313A22636F6E74656E745F746F70223B733A363A22737461747573223B733A313A2231223B733A31303A22736F72745F6F72646572223B733A313A2230223B7D7D',1),
	(17602,0,X'626C6F6753657474696E67',X'626C6F6753657474696E675F7669724469724E616D65',X'626C6F67',0),
	(17601,0,X'626C6F6753657474696E67',X'626C6F6753657474696E675F766972446972',X'31',0),
	(5811,0,X'66616365626F6F6B5F636F6D6D656E7473',X'66616365626F6F6B5F636F6D6D656E74735F68656164696E675F7469746C655F31',X'46616365626F6F6B20436F6D6D656E747320',0),
	(5812,0,X'66616365626F6F6B5F636F6D6D656E7473',X'66616365626F6F6B5F636F6D6D656E74735F6170705F6964',X'353433323334313139303234333731',0),
	(5813,0,X'66616365626F6F6B5F636F6D6D656E7473',X'66616365626F6F6B5F636F6D6D656E74735F6D6F64756C65',X'613A313A7B693A303B613A373A7B733A353A227769647468223B733A333A22343030223B733A353A22706F737473223B733A323A223130223B733A31323A22636F6C6F725F736368656D65223B733A353A226C69676874223B733A393A226C61796F75745F6964223B733A323A223132223B733A383A22706F736974696F6E223B733A31343A22636F6E74656E745F626F74746F6D223B733A363A22737461747573223B733A313A2231223B733A31303A22736F72745F6F72646572223B733A303A22223B7D7D',1),
	(24502,0,X'62616E6B5F7472616E736665725F626361',X'62616E6B5F7472616E736665725F6263615F736F72745F6F72646572','',0),
	(24501,0,X'62616E6B5F7472616E736665725F626361',X'62616E6B5F7472616E736665725F6263615F737461747573',X'31',0),
	(22742,0,X'747261636B696E67',X'747261636B696E675F636F6465',X'55412D32353839323035362D31',0),
	(28711,0,X'706F5F74657374696D6F6E69616C73',X'706F5F74657374696D6F6E69616C735F6D6F64756C65',X'613A313A7B693A313B613A363A7B733A31323A2274657374696D6F6E69616C73223B613A333A7B693A303B733A313A2232223B693A313B733A313A2233223B693A323B733A313A2231223B7D733A353A226C696D6974223B733A313A2235223B733A393A226C61796F75745F6964223B733A313A2234223B733A383A22706F736974696F6E223B733A31313A22636F6C756D6E5F6C656674223B733A363A22737461747573223B733A313A2230223B733A31303A22736F72745F6F72646572223B733A313A2230223B7D7D',1),
	(24500,0,X'62616E6B5F7472616E736665725F626361',X'62616E6B5F7472616E736665725F6263615F67656F5F7A6F6E655F6964',X'30',0),
	(10660,0,X'636F75726965725F31',X'636F75726965725F315F696D616765','',0),
	(10661,0,X'636F75726965725F31',X'636F75726965725F315F7469746C65',X'4A4E4520524547',0),
	(10662,0,X'636F75726965725F31',X'636F75726965725F315F6465736372697074696F6E',X'4A4E45205368697070696E67',0),
	(10663,0,X'636F75726965725F31',X'636F75726965725F315F636F7374',X'[encoded data, 42646 characters]',0),
	(10664,0,X'636F75726965725F31',X'636F75726965725F315F7461785F636C6173735F6964',X'30',0),
	(10665,0,X'636F75726965725F31',X'636F75726965725F315F67656F5F7A6F6E655F6964',X'30',0),
	(10666,0,X'636F75726965725F31',X'636F75726965725F315F737461747573',X'30',0),
	(10667,0,X'636F75726965725F31',X'636F75726965725F315F736F72745F6F72646572','',0),
	(32309,0,X'66616365626F6F6B5F6C62',X'66616365626F6F6B5F6C625F6D6F64756C65',X'613A313A7B693A303B613A31323A7B733A383A22706167655F75726C223B733A33323A22687474703A2F2F7777772E66616365626F6F6B2E636F6D2F62756B61746F6B6F223B733A353A227769647468223B733A333A22323235223B733A363A22686569676874223B733A333A22333030223B733A31323A22636F6C6F725F736368656D65223B733A353A226C69676874223B733A31303A2273686F775F6661636573223B733A313A2231223B733A31313A2273686F775F73747265616D223B733A313A2230223B733A31313A2273686F775F686561646572223B733A313A2230223B733A31323A22626F726465725F636F6C6F72223B733A333A22666666223B733A393A226C61796F75745F6964223B733A313A2234223B733A383A22706F736974696F6E223B733A31313A22636F6C756D6E5F6C656674223B733A363A22737461747573223B733A313A2231223B733A31303A22736F72745F6F72646572223B733A323A223232223B7D7D',1),
	(30901,0,X'6A6E65',X'6A6E655F34305F737461747573',X'31',0),
	(30902,0,X'6A6E655F6F6B65',X'6A6E655F6F6B655F7461785F636C6173735F6964',X'30',0),
	(30903,0,X'6A6E655F6F6B65',X'6A6E655F6F6B655F737461747573',X'31',0),
	(30904,0,X'6A6E655F6F6B65',X'6A6E655F6F6B655F736F72745F6F72646572','',0),
	(30905,0,X'6A6E655F6F6B65',X'6A6E655F6F6B655F33395F72617465',X'[encoded data, 20946 characters]',0),
	(20081,0,X'63617465676F7279',X'63617465676F72795F6D6F64756C65',X'613A333A7B693A303B613A353A7B733A393A226C61796F75745F6964223B733A323A223137223B733A383A22706F736974696F6E223B733A31313A22636F6C756D6E5F6C656674223B733A353A22636F756E74223B733A313A2231223B733A363A22737461747573223B733A313A2231223B733A31303A22736F72745F6F72646572223B733A313A2230223B7D693A313B613A353A7B733A393A226C61796F75745F6964223B733A313A2234223B733A383A22706F736974696F6E223B733A31313A22636F6C756D6E5F6C656674223B733A353A22636F756E74223B733A313A2231223B733A363A22737461747573223B733A313A2231223B733A31303A22736F72745F6F72646572223B733A313A2230223B7D693A323B613A353A7B733A393A226C61796F75745F6964223B733A323A223134223B733A383A22706F736974696F6E223B733A31313A22636F6C756D6E5F6C656674223B733A353A22636F756E74223B733A313A2231223B733A363A22737461747573223B733A313A2231223B733A31303A22736F72745F6F72646572223B733A313A2231223B7D7D',1),
	(30883,0,X'73696D706C65',X'73696D706C655F7365745F726567697374726174696F6E',X'613A313A7B733A353A2267726F7570223B613A323A7B693A313B733A3133353A226865616465725F6D61696E2C6D61696E5F656D61696C2C6D61696E5F66697273746E616D652C6D61696E5F6C6173746E616D652C6D61696E5F74656C6570686F6E652C6865616465725F616464726573732C6D61696E5F636F756E7472795F69642C6D61696E5F7A6F6E655F69642C6D61696E5F636974792C6D61696E5F616464726573735F31223B693A323B733A3133353A226865616465725F6D61696E2C6D61696E5F656D61696C2C6D61696E5F66697273746E616D652C6D61696E5F6C6173746E616D652C6D61696E5F74656C6570686F6E652C6865616465725F616464726573732C6D61696E5F636F756E7472795F69642C6D61696E5F7A6F6E655F69642C6D61696E5F636974792C6D61696E5F616464726573735F31223B7D7D',1),
	(30878,0,X'73696D706C65',X'73696D706C655F726567697374726174696F6E5F61677265656D656E745F636865636B626F785F696E6974',X'30',0),
	(30879,0,X'73696D706C65',X'73696D706C655F726567697374726174696F6E5F63617074636861',X'30',0),
	(30880,0,X'73696D706C65',X'73696D706C655F726567697374726174696F6E5F737562736372696265',X'32',0),
	(30881,0,X'73696D706C65',X'73696D706C655F726567697374726174696F6E5F7375627363726962655F696E6974',X'31',0),
	(30882,0,X'73696D706C65',X'73696D706C655F726567697374726174696F6E5F766965775F637573746F6D65725F74797065',X'30',0),
	(22743,0,X'747261636B696E67',X'747261636B696E675F6D6F64756C65',X'613A313A7B693A303B613A343A7B733A393A226C61796F75745F6964223B733A313A2234223B733A383A22706F736974696F6E223B733A31313A22636F6C756D6E5F6C656674223B733A363A22737461747573223B733A313A2231223B733A31303A22736F72745F6F72646572223B733A313A2230223B7D7D',1),
	(33267,0,X'6C6174657374',X'6C61746573745F6D6F64756C65',X'613A323A7B693A303B613A373A7B733A353A226C696D6974223B733A313A2233223B733A31313A22696D6167655F7769647468223B733A323A223530223B733A31323A22696D6167655F686569676874223B733A323A223535223B733A393A226C61796F75745F6964223B733A313A2234223B733A383A22706F736974696F6E223B733A31313A22636F6C756D6E5F6C656674223B733A363A22737461747573223B733A313A2230223B733A31303A22736F72745F6F72646572223B733A313A2232223B7D693A313B613A373A7B733A353A226C696D6974223B733A323A223130223B733A31313A22696D6167655F7769647468223B733A333A22323233223B733A31323A22696D6167655F686569676874223B733A333A22323435223B733A393A226C61796F75745F6964223B733A313A2231223B733A383A22706F736974696F6E223B733A31343A22636F6E74656E745F626F74746F6D223B733A363A22737461747573223B733A313A2230223B733A31303A22736F72745F6F72646572223B733A323A223130223B7D7D',1),
	(23513,0,X'626C6F6761726368697665',X'627574746F6E436C69636B',X'73617665',0),
	(23531,0,X'626C6F6763617465676F7279',X'626C6F6763617465676F72795F6D6F64756C65',X'613A313A7B693A303B613A373A7B733A31303A22736F72745F6F72646572223B733A313A2230223B733A353A22636F756E74223B733A313A2231223B733A373A226578636C756465223B733A303A22223B733A393A226C61796F75745F6964223B733A323A223133223B733A383A22706F736974696F6E223B733A31323A22636F6C756D6E5F7269676874223B733A363A22737566666978223B733A383A22626F78506C61696E223B733A363A22737461747573223B733A313A2231223B7D7D',1),
	(23519,0,X'626C6F67636F6D6D656E74',X'627574746F6E436C69636B',X'73617665',0),
	(23532,0,X'626C6F6763617465676F7279',X'627574746F6E436C69636B',X'73617665',0),
	(23528,0,X'626C6F67706F70756C6172',X'627574746F6E436C69636B',X'73617665',0),
	(23512,0,X'626C6F6761726368697665',X'626C6F67617263686976655F6D6F64756C65',X'613A313A7B693A303B613A373A7B733A31303A22736F72745F6F72646572223B733A313A2234223B733A353A22636F756E74223B733A313A2231223B733A373A226578636C756465223B733A303A22223B733A393A226C61796F75745F6964223B733A323A223133223B733A383A22706F736974696F6E223B733A31323A22636F6C756D6E5F7269676874223B733A363A22737566666978223B733A383A22626F78506C61696E223B733A363A22737461747573223B733A313A2231223B7D7D',1),
	(23522,0,X'626C6F6774616773',X'626C6F67746167735F6D6F64756C65',X'613A313A7B693A303B613A363A7B733A353A226C696D6974223B733A323A223235223B733A31303A22736F72745F6F72646572223B733A313A2235223B733A363A22737566666978223B733A383A22626F78506C61696E223B733A393A226C61796F75745F6964223B733A323A223133223B733A383A22706F736974696F6E223B733A31323A22636F6C756D6E5F7269676874223B733A363A22737461747573223B733A313A2231223B7D7D',1),
	(23518,0,X'626C6F67636F6D6D656E74',X'626C6F67636F6D6D656E745F6D6F64756C65',X'613A313A7B693A303B613A393A7B733A353A226C696D6974223B733A313A2235223B733A31303A22736F72745F6F72646572223B733A313A2233223B733A31313A22696D6167655F7769647468223B733A323A223435223B733A31323A22696D6167655F686569676874223B733A323A223435223B733A373A226578636C756465223B733A303A22223B733A393A226C61796F75745F6964223B733A323A223133223B733A383A22706F736974696F6E223B733A31323A22636F6C756D6E5F7269676874223B733A363A22737566666978223B733A383A22626F78506C61696E223B733A363A22737461747573223B733A313A2231223B7D7D',1),
	(17674,0,X'70705F7374616E64617264',X'70705F7374616E646172645F72657665727365645F7374617475735F6964',X'37',0),
	(17673,0,X'70705F7374616E64617264',X'70705F7374616E646172645F726566756E6465645F7374617475735F6964',X'37',0),
	(17672,0,X'70705F7374616E64617264',X'70705F7374616E646172645F70726F6365737365645F7374617475735F6964',X'37',0),
	(17671,0,X'70705F7374616E64617264',X'70705F7374616E646172645F70656E64696E675F7374617475735F6964',X'37',0),
	(17670,0,X'70705F7374616E64617264',X'70705F7374616E646172645F6661696C65645F7374617475735F6964',X'37',0),
	(17669,0,X'70705F7374616E64617264',X'70705F7374616E646172645F657870697265645F7374617475735F6964',X'37',0),
	(17668,0,X'70705F7374616E64617264',X'70705F7374616E646172645F64656E6965645F7374617475735F6964',X'37',0),
	(17667,0,X'70705F7374616E64617264',X'70705F7374616E646172645F636F6D706C657465645F7374617475735F6964',X'37',0),
	(17666,0,X'70705F7374616E64617264',X'70705F7374616E646172645F63616E63656C65645F726576657273616C5F7374617475735F6964',X'37',0),
	(17665,0,X'70705F7374616E64617264',X'70705F7374616E646172645F746F74616C','',0),
	(17664,0,X'70705F7374616E64617264',X'70705F7374616E646172645F6465627567',X'30',0),
	(17663,0,X'70705F7374616E64617264',X'70705F7374616E646172645F7472616E73616374696F6E',X'30',0),
	(17662,0,X'70705F7374616E64617264',X'70705F7374616E646172645F74657374',X'31',0),
	(17661,0,X'70705F7374616E64617264',X'70705F7374616E646172645F656D61696C',X'62696C6C696E674062756B61746F6B6F2E636F6D',0),
	(17675,0,X'70705F7374616E64617264',X'70705F7374616E646172645F766F696465645F7374617475735F6964',X'37',0),
	(17676,0,X'70705F7374616E64617264',X'70705F7374616E646172645F67656F5F7A6F6E655F6964',X'30',0),
	(17677,0,X'70705F7374616E64617264',X'70705F7374616E646172645F737461747573',X'31',0),
	(17678,0,X'70705F7374616E64617264',X'70705F7374616E646172645F736F72745F6F72646572','',0),
	(23529,0,X'626C6F6761727469636C65',X'626C6F6761727469636C655F6D6F64756C65',X'613A313A7B693A303B613A31313A7B733A31303A22736F72745F6F72646572223B733A313A2231223B733A353A226C696D6974223B733A313A2232223B733A31313A22696D6167655F7769647468223B733A323A223435223B733A31323A22696D6167655F686569676874223B733A323A223435223B733A31313A226465736372697074696F6E223B733A333A22313030223B733A373A226578636C756465223B733A303A22223B733A383A227370657369666963223B733A313A2230223B733A393A226C61796F75745F6964223B733A323A223133223B733A383A22706F736974696F6E223B733A31323A22636F6C756D6E5F7269676874223B733A363A22737566666978223B733A383A22626F78506C61696E223B733A363A22737461747573223B733A313A2231223B7D7D',1),
	(23530,0,X'626C6F6761727469636C65',X'627574746F6E436C69636B',X'73617665',0),
	(17803,0,X'6175746F5F646973636F756E74',X'6175746F5F646973636F756E745F737461747573',X'31',0),
	(17804,0,X'6175746F5F646973636F756E74',X'6175746F5F646973636F756E745F6D6F6465',X'30',0),
	(17805,0,X'6175746F5F646973636F756E74',X'6175746F5F646973636F756E745F72617465','',0),
	(17806,0,X'6175746F5F646973636F756E74',X'6175746F5F646973636F756E745F7370656369616C',X'30',0),
	(17807,0,X'6175746F5F646973636F756E74',X'6175746F5F646973636F756E745F67656F5F7A6F6E655F6964',X'30',0),
	(17808,0,X'6175746F5F646973636F756E74',X'6175746F5F646973636F756E745F736F72745F6F72646572','',0),
	(30871,0,X'73696D706C65',X'73696D706C655F726567697374726174696F6E5F766965775F656D61696C5F636F6E6669726D',X'30',0),
	(30872,0,X'73696D706C65',X'73696D706C655F726567697374726174696F6E5F67656E65726174655F70617373776F7264',X'30',0),
	(30873,0,X'73696D706C65',X'73696D706C655F726567697374726174696F6E5F70617373776F72645F636F6E6669726D',X'30',0),
	(30874,0,X'73696D706C65',X'73696D706C655F726567697374726174696F6E5F70617373776F72645F6C656E6774685F6D696E',X'34',0),
	(30875,0,X'73696D706C65',X'73696D706C655F726567697374726174696F6E5F70617373776F72645F6C656E6774685F6D6178',X'3230',0),
	(30876,0,X'73696D706C65',X'73696D706C655F726567697374726174696F6E5F61677265656D656E745F6964',X'30',0),
	(30877,0,X'73696D706C65',X'73696D706C655F726567697374726174696F6E5F61677265656D656E745F636865636B626F78',X'31',0),
	(30870,0,X'73696D706C65',X'706C616365686F6C6465725F656E','',0),
	(30869,0,X'73696D706C65',X'706C616365686F6C6465725F6964','',0),
	(30867,0,X'73696D706C65',X'736176655F746F','',0),
	(30868,0,X'73696D706C65',X'6D61736B','',0),
	(30866,0,X'73696D706C65',X'76616C69646174696F6E5F6572726F725F656E','',0),
	(30865,0,X'73696D706C65',X'76616C69646174696F6E5F6572726F725F6964','',0),
	(30864,0,X'73696D706C65',X'76616C69646174696F6E5F726567657870','',0),
	(30848,0,X'73696D706C65',X'6964','',0),
	(30849,0,X'73696D706C65',X'6C6162656C5F6964','',0),
	(30850,0,X'73696D706C65',X'6C6162656C5F656E','',0),
	(30851,0,X'73696D706C65',X'6F626A6563745F74797065',X'6F72646572',0),
	(30852,0,X'73696D706C65',X'6F626A6563745F6669656C64','',0),
	(30853,0,X'73696D706C65',X'74797065',X'74657874',0),
	(30854,0,X'73696D706C65',X'706C616365',X'637573746F6D6572',0),
	(30855,0,X'73696D706C65',X'646174655F6D696E','',0),
	(30856,0,X'73696D706C65',X'646174655F7374617274','',0),
	(30857,0,X'73696D706C65',X'646174655F6D6178','',0),
	(30858,0,X'73696D706C65',X'646174655F656E64','',0),
	(30859,0,X'73696D706C65',X'76616C7565735F6964','',0),
	(30860,0,X'73696D706C65',X'76616C7565735F656E','',0),
	(30861,0,X'73696D706C65',X'76616C69646174696F6E5F74797065',X'30',0),
	(30862,0,X'73696D706C65',X'76616C69646174696F6E5F6D696E','',0),
	(30863,0,X'73696D706C65',X'76616C69646174696F6E5F6D6178','',0),
	(28716,0,X'6265737473656C6C6572',X'6265737473656C6C65725F6D6F64756C65',X'613A323A7B693A303B613A373A7B733A353A226C696D6974223B733A313A2232223B733A31313A22696D6167655F7769647468223B733A323A223530223B733A31323A22696D6167655F686569676874223B733A323A223637223B733A393A226C61796F75745F6964223B733A313A2234223B733A383A22706F736974696F6E223B733A31313A22636F6C756D6E5F6C656674223B733A363A22737461747573223B733A313A2231223B733A31303A22736F72745F6F72646572223B733A313A2235223B7D693A313B613A373A7B733A353A226C696D6974223B733A313A2235223B733A31313A22696D6167655F7769647468223B733A333A22323233223B733A31323A22696D6167655F686569676874223B733A333A22323937223B733A393A226C61796F75745F6964223B733A313A2231223B733A383A22706F736974696F6E223B733A31343A22636F6E74656E745F626F74746F6D223B733A363A22737461747573223B733A313A2230223B733A31303A22736F72745F6F72646572223B733A313A2234223B7D7D',1),
	(24498,0,X'62616E6B5F7472616E736665725F626361',X'62616E6B5F7472616E736665725F6263615F746F74616C','',0),
	(24499,0,X'62616E6B5F7472616E736665725F626361',X'62616E6B5F7472616E736665725F6263615F6F726465725F7374617475735F6964',X'31',0),
	(23527,0,X'626C6F67706F70756C6172',X'626C6F67706F70756C61725F6D6F64756C65',X'613A313A7B693A303B613A31313A7B733A31303A22736F72745F6F72646572223B733A313A2232223B733A353A226C696D6974223B733A313A2232223B733A31313A22696D6167655F7769647468223B733A323A223435223B733A31323A22696D6167655F686569676874223B733A323A223435223B733A31313A226465736372697074696F6E223B733A333A22313030223B733A373A226578636C756465223B733A303A22223B733A383A227370657369666963223B733A313A2230223B733A393A226C61796F75745F6964223B733A323A223133223B733A383A22706F736974696F6E223B733A31323A22636F6C756D6E5F7269676874223B733A363A22737566666978223B733A383A22626F78506C61696E223B733A363A22737461747573223B733A313A2231223B7D7D',1),
	(23523,0,X'626C6F6774616773',X'627574746F6E436C69636B',X'73617665',0),
	(24497,0,X'62616E6B5F7472616E736665725F626361',X'62616E6B5F7472616E736665725F6263615F62616E6B5F31',X'42434120436162204D617472616D616E0D0A7878782E7878782E787878780D0A612F6E2048656E6479204E757272697A616C',0),
	(24506,0,X'62616E6B5F7472616E736665725F6D616E64697269',X'62616E6B5F7472616E736665725F6D616E646972695F67656F5F7A6F6E655F6964',X'30',0),
	(24505,0,X'62616E6B5F7472616E736665725F6D616E64697269',X'62616E6B5F7472616E736665725F6D616E646972695F6F726465725F7374617475735F6964',X'31',0),
	(24504,0,X'62616E6B5F7472616E736665725F6D616E64697269',X'62616E6B5F7472616E736665725F6D616E646972695F746F74616C','',0),
	(24503,0,X'62616E6B5F7472616E736665725F6D616E64697269',X'62616E6B5F7472616E736665725F6D616E646972695F62616E6B5F31',X'42616E6B204D616E64697269202D204B4350204A6B742053616861726A6F0D0A7878782E7878782E7878782E7878782E780D0A612F6E20416465204E75677261776174792054656E72692053',0),
	(24507,0,X'62616E6B5F7472616E736665725F6D616E64697269',X'62616E6B5F7472616E736665725F6D616E646972695F737461747573',X'31',0),
	(24508,0,X'62616E6B5F7472616E736665725F6D616E64697269',X'62616E6B5F7472616E736665725F6D616E646972695F736F72745F6F72646572','',0),
	(33371,0,X'636F6E666967',X'636F6E6669675F696D6167655F636172745F686569676874',X'3535',0),
	(33370,0,X'636F6E666967',X'636F6E6669675F696D6167655F636172745F7769647468',X'3530',0),
	(33369,0,X'636F6E666967',X'636F6E6669675F696D6167655F776973686C6973745F686569676874',X'3535',0),
	(33368,0,X'636F6E666967',X'636F6E6669675F696D6167655F776973686C6973745F7769647468',X'3530',0),
	(33359,0,X'636F6E666967',X'636F6E6669675F696D6167655F706F7075705F686569676874',X'353131',0),
	(33360,0,X'636F6E666967',X'636F6E6669675F696D6167655F70726F647563745F7769647468',X'323233',0),
	(33361,0,X'636F6E666967',X'636F6E6669675F696D6167655F70726F647563745F686569676874',X'323435',0),
	(33362,0,X'636F6E666967',X'636F6E6669675F696D6167655F6164646974696F6E616C5F7769647468',X'3530',0),
	(33363,0,X'636F6E666967',X'636F6E6669675F696D6167655F6164646974696F6E616C5F686569676874',X'3535',0),
	(33364,0,X'636F6E666967',X'636F6E6669675F696D6167655F72656C617465645F7769647468',X'313035',0),
	(33365,0,X'636F6E666967',X'636F6E6669675F696D6167655F72656C617465645F686569676874',X'313135',0),
	(33366,0,X'636F6E666967',X'636F6E6669675F696D6167655F636F6D706172655F7769647468',X'313035',0),
	(33367,0,X'636F6E666967',X'636F6E6669675F696D6167655F636F6D706172655F686569676874',X'313135',0),
	(25003,0,X'676F6F676C655F736974656D6170',X'676F6F676C655F736974656D61705F737461747573',X'31',0),
	(25004,0,X'676F6F676C655F62617365',X'676F6F676C655F626173655F737461747573',X'31',0),
	(33269,0,X'62616E6E6572',X'62616E6E65725F6D6F64756C65',X'613A363A7B693A303B613A373A7B733A393A2262616E6E65725F6964223B733A323A223139223B733A353A227769647468223B733A333A22393435223B733A363A22686569676874223B733A333A22343732223B733A393A226C61796F75745F6964223B733A313A2236223B733A383A22706F736974696F6E223B733A31313A22636F6E74656E745F746F70223B733A363A22737461747573223B733A313A2231223B733A31303A22736F72745F6F72646572223B733A313A2231223B7D693A313B613A373A7B733A393A2262616E6E65725F6964223B733A323A223230223B733A353A227769647468223B733A333A22393435223B733A363A22686569676874223B733A333A22343732223B733A393A226C61796F75745F6964223B733A323A223135223B733A383A22706F736974696F6E223B733A31313A22636F6E74656E745F746F70223B733A363A22737461747573223B733A313A2231223B733A31303A22736F72745F6F72646572223B733A313A2230223B7D693A323B613A373A7B733A393A2262616E6E65725F6964223B733A323A223233223B733A353A227769647468223B733A333A22393435223B733A363A22686569676874223B733A333A22343732223B733A393A226C61796F75745F6964223B733A323A223138223B733A383A22706F736974696F6E223B733A31313A22636F6E74656E745F746F70223B733A363A22737461747573223B733A313A2231223B733A31303A22736F72745F6F72646572223B733A313A2231223B7D693A333B613A373A7B733A393A2262616E6E65725F6964223B733A323A223234223B733A353A227769647468223B733A343A2231313835223B733A363A22686569676874223B733A333A22333030223B733A393A226C61796F75745F6964223B733A323A223133223B733A383A22706F736974696F6E223B733A31313A22636F6E74656E745F746F70223B733A363A22737461747573223B733A313A2231223B733A31303A22736F72745F6F72646572223B733A313A2230223B7D693A343B613A373A7B733A393A2262616E6E65725F6964223B733A323A223237223B733A353A227769647468223B733A333A22373035223B733A363A22686569676874223B733A333A22343635223B733A393A226C61796F75745F6964223B733A313A2231223B733A383A22706F736974696F6E223B733A31333A22636F6E74656E745F66726F6E74223B733A363A22737461747573223B733A313A2231223B733A31303A22736F72745F6F72646572223B733A313A2230223B7D693A353B613A373A7B733A393A2262616E6E65725F6964223B733A323A223332223B733A353A227769647468223B733A333A22323235223B733A363A22686569676874223B733A333A22323030223B733A393A226C61796F75745F6964223B733A313A2234223B733A383A22706F736974696F6E223B733A31313A22636F6C756D6E5F6C656674223B733A363A22737461747573223B733A313A2230223B733A31303A22736F72745F6F72646572223B733A333A22393939223B7D7D',1),
	(33265,0,X'62616E6E65725F666F7572',X'62616E6E65725F666F75725F6D6F64756C65',X'613A323A7B693A303B613A373A7B733A393A2262616E6E65725F6964223B733A323A223333223B733A353A227769647468223B733A333A22323235223B733A363A22686569676874223B733A333A22323235223B733A393A226C61796F75745F6964223B733A313A2231223B733A383A22706F736974696F6E223B733A31323A22636F6C756D6E5F7269676874223B733A363A22737461747573223B733A313A2231223B733A31303A22736F72745F6F72646572223B733A313A2230223B7D693A313B613A373A7B733A393A2262616E6E65725F6964223B733A323A223238223B733A353A227769647468223B733A333A22323835223B733A363A22686569676874223B733A333A22323835223B733A393A226C61796F75745F6964223B733A313A2231223B733A383A22706F736974696F6E223B733A31343A22636F6E74656E745F626F74746F6D223B733A363A22737461747573223B733A313A2230223B733A31303A22736F72745F6F72646572223B733A313A2231223B7D7D',1),
	(33358,0,X'636F6E666967',X'636F6E6669675F696D6167655F706F7075705F7769647468',X'343635',0),
	(33357,0,X'636F6E666967',X'636F6E6669675F696D6167655F7468756D625F686569676874',X'343435',0),
	(33356,0,X'636F6E666967',X'636F6E6669675F696D6167655F7468756D625F7769647468',X'343035',0),
	(33355,0,X'636F6E666967',X'636F6E6669675F696D6167655F63617465676F72795F686569676874',X'323530',0),
	(33354,0,X'636F6E666967',X'636F6E6669675F696D6167655F63617465676F72795F7769647468',X'393435',0),
	(33353,0,X'636F6E666967',X'636F6E6669675F77617465726D61726B5F73686F775F676F6F676C655F62617365',X'31',0),
	(33352,0,X'636F6E666967',X'636F6E6669675F77617465726D61726B5F73686F775F7370656369616C',X'31',0),
	(30898,0,X'6A6E65',X'6A6E655F737461747573',X'31',0),
	(30899,0,X'6A6E65',X'6A6E655F736F72745F6F72646572','',0),
	(30900,0,X'6A6E65',X'6A6E655F34305F72617465',X'[encoded data, 21116 characters]',0),
	(30897,0,X'6A6E65',X'6A6E655F7461785F636C6173735F6964',X'30',0),
	(25710,0,X'30305F6A6E65',X'6A6E655F7461785F636C6173735F6964',X'30',0),
	(25711,0,X'30305F6A6E65',X'6A6E655F737461747573',X'31',0),
	(25712,0,X'30305F6A6E65',X'6A6E655F736F72745F6F72646572','',0),
	(25713,0,X'30305F6A6E65',X'6A6E655F355F72617465',X'42616E646120416365682C32393530300D0A42697265756E2C34313530300D0A426C616E67204B656A6572656E2C35333530300D0A426C616E672050696469652C36333530300D0A4964692052617965756B2C34353030300D0A4A616E74686F2C34333030300D0A4B75616C612053696D70616E672C35313030300D0A4B75746163616E652C36303030300D0A4B7275656E672053616265652C34353030300D0A4C616E6773612C34343030300D0A4C686F6B73756D6177652C34333030300D0A4C686F6B73756B6F6E2C34313530300D0A4D65756C61626F682C34353030300D0A4D657572657564752C34393530300D0A536162616E672C34333030300D0A5369676C692C34303530300D0A53696D70616E67205469676120526564656C6F6E2C35353030300D0A53696E6162616E672C36323530300D0A53696E676B696C2C34303530300D0A537562756C757373616C616D2C34333030300D0A53756B61204D616B6D75722C35353530300D0A54616B656E676F6E2C34313530300D0A546170616B205475616E2C35323030300D0A43616C616E672C34353030300D0A4B61622E2042697265756E2C34313530300D0A4B61622E204761796F204C7565732C36323530300D0A4B61622E204163656820426172617420446179612C35353530300D0A4B61622E20416365682054696D75722C35393030300D0A4B61622E20416365682042657361722C35353530300D0A4B61622E20416365682054616D696E616E672C36323530300D0A4B61622E20416365682054656E67676172612C36323530300D0A4B61622E2041636568204A6179612C35393030300D0A4B61622E20416365682055746172612C35353530300D0A4B61622E20416365682042617261742C35333030300D0A4B61622E205069646965204A6179612C36333530300D0A4B61622E2050696469652C35333030300D0A4B61622E2042656E6572204D61726961682C35393030300D0A4B61622E2053696D65756C75652C36333530300D0A4B61622E20416365682053696E676B696C2C36323530300D0A4B61622E204E6167616E20526179612C35313030300D0A4B61622E20416365682054656E6761682C34383530300D0A4B61622E20416365682053656C6174616E2C3632353030',0),
	(25714,0,X'30305F6A6E65',X'6A6E655F355F737461747573',X'31',0),
	(25715,0,X'30305F6A6E65',X'6A6E655F32315F72617465',X'416D706C61707572612C33303030300D0A4B6172616E676173656D2C33303030300D0A42616E676C692C32343530300D0A44656E70617361722C31373030300D0A4769616E7961722C32333530300D0A4D656E677577692D426164756E672C32333530300D0A4E65676172612D4A656D6272616E612C33373030300D0A53616D617261707572612D4B6C756E676B756E672C32333030300D0A53696E676172616A612D42756C656C656E672C32363530300D0A546162616E616E2C32363530300D0A4B7574612C31393030300D0A4E757361204475612C31393030300D0A53616E75722C31393030300D0A47696C696D616E756B2C34303530300D0A4E6775726168205261692C31393030300D0A4A696D626172616E2C31393030300D0A4B61622E204B6172616E676173656D2C33373030300D0A4B61622E2042616E676C692C33303030300D0A4B61622E204769616E7961722C32393030300D0A4B61622E20426164756E672C32393030300D0A4B61622E204A656D6272616E612C34303530300D0A4B61622E204B6C756E676B756E672C32393030300D0A4B61622E2042756C656C656E672C33333030300D0A4B61622E20546162616E616E2C3333303030',0),
	(25716,0,X'30305F6A6E65',X'6A6E655F32315F737461747573',X'31',0),
	(25717,0,X'30305F6A6E65',X'6A6E655F32305F72617465',X'4261726F732C393030300D0A43696C65676F6E2C373530300D0A50616E6465676C616E672C31303030300D0A52616E676B6173626974756E672C31313530300D0A536572616E672C31303530300D0A54616E676572616E672C373030300D0A5469676172616B73612C373530300D0A416E7965722C31303530300D0A4D6572616B2C373530300D0A42616C6172616A612C373530300D0A536572706F6E672D4253442C373530300D0A4B61622E20536572616E672C373530300D0A4B61622E2050616E6465676C616E672C31323530300D0A4B61622E204C6562616B2C31343030300D0A4B61622E2054616E676572616E672C37353030',0),
	(25718,0,X'30305F6A6E65',X'6A6E655F32305F737461747573',X'31',0),
	(25719,0,X'30305F6A6E65',X'6A6E655F31315F72617465',X'41726761204D616B6D75722C32363530300D0A42656E676B756C752C31393030300D0A43757275702C33323530300D0A4B6175722C34303530300D0A4B6570616869616E672C33323530300D0A4C65626F6E672C34313530300D0A4D616E6E612C33363030300D0A4D756B6F2D6D756B6F2C34303530300D0A546169732C33393530300D0A4B61622E2042656E676B756C752055746172612C33333530300D0A4B61622E2052656A616E67204C65626F6E672C34303530300D0A4B61622E204B6175722C34303530300D0A4B61622E204B6570616869616E672C34303530300D0A4B61622E204C65626F6E672C34313530300D0A4B61622E2042656E676B756C752053656C6174616E2C33363030300D0A4B61622E204D756B6F2D6D756B6F2C35313030300D0A4B61622E2053656C756D612C3339353030',0),
	(25720,0,X'30305F6A6E65',X'6A6E655F31315F737461747573',X'31',0),
	(25721,0,X'30305F6A6E65',X'6A6E655F33325F72617465',X'476F726F6E74616C6F2C33393530300D0A4B77616E64616E672C35353530300D0A4C696D626F746F2C35313030300D0A4D61726973612C34333030300D0A5375776177612C34363530300D0A54696C616D7574612C35383030300D0A4B61622E20476F726F6E74616C6F2055746172612C36333530300D0A4B61622E20476F726F6E74616C6F2C36363030300D0A4B61622E205061687577616C6F2C35323030300D0A4B61622E20426F6E6520426F6C616E676F2C35383030300D0A4B61622E20426F616C656D6F2C3731353030',0),
	(25722,0,X'30305F6A6E65',X'6A6E655F33325F737461747573',X'31',0),
	(25723,0,X'30305F6A6E65',X'6A6E655F31355F72617465',X'4A616B617274612C363030300D0A4A616B617274612050757361742C363030300D0A4A616B617274612042617261742C363030300D0A4A616B617274612053656C6174616E2C363030300D0A4A616B617274612054696D75722C363030300D0A4A616B617274612055746172612C36303030',0),
	(25724,0,X'30305F6A6E65',X'6A6E655F31355F737461747573',X'31',0),
	(25725,0,X'30305F6A6E65',X'6A6E655F395F72617465',X'42616E676B6F2C34383030300D0A4A616D62692C31373030300D0A4B75616C612054756E676B61692C32383530300D0A4D756172612042756C69616E2C32343530300D0A4D756172612042756E676F2C32393530300D0A4D75617261205465626F2C32393530300D0A4D7561726120536162616B2C34313530300D0A5361726F6C616E67756E2C32393530300D0A53656E676574692C34313530300D0A53756E6761692050656E75682C32393530300D0A52616D62612C34333530300D0A4B61622E204D6172616E67696E2C33373530300D0A4B61622E2054616E6A756E67204A6162756E672042617261742C35323030300D0A4B61622E20426174616E6720486172692C33373030300D0A4B61622E2042756E676F2C33373030300D0A4B61622E205465626F2C32393530300D0A4B61622E2054616E6A756E67204A6162756E672054696D75722C35323030300D0A4B61622E205361726F6C616E67756E2C33373030300D0A4B61622E204D7561726F204A616D62692C35323030300D0A4B61622E204B6572696E63692C3337303030',0),
	(25726,0,X'30305F6A6E65',X'6A6E655F395F737461747573',X'31',0),
	(25727,0,X'30305F6A6E65',X'6A6E655F31365F72617465',X'42616E64756E672C31353030300D0A42616E6A61722C31323530300D0A42656B6173692C393530300D0A426F676F722C393530300D0A4369616D69732C31373030300D0A4369616E6A75722C31373030300D0A436962696E6F6E672C31373030300D0A43696B6172616E672C383030300D0A43696D6168692C31353030300D0A43697265626F6E2C393030300D0A4465706F6B2C373030300D0A47617275742C31323030300D0A496E6472616D6179752C31353030300D0A4B61726177616E672C31323030300D0A4B756E696E67616E2C31323530300D0A4D616A616C656E676B612C31353030300D0A4E67616D707261682D43696D6172656D652C31333030300D0A50757277616B617274612C31323030300D0A53696E67617061726E612C31343030300D0A536F7265616E672C31333530300D0A537562616E672C31353030300D0A53756B6162756D692C31323030300D0A53756D6265722C31353030300D0A53756D6564616E672C31383530300D0A546173696B6D616C6179612C31373030300D0A4D616A616C6179612C31343530300D0A4A6174696E616E676F722C31383530300D0A4C656D62616E672C31343530300D0A52616E6361656B656B2C31343530300D0A4A617469626172616E672C31353030300D0A4B616469706174656E2C31353030300D0A4C6F736172692C32383030300D0A50616C696D616E616E2C31373030300D0A4A61746977616E67692C31353030300D0A4B61622E204369616D69732C31373030300D0A4B61622E204369616E6A75722C31373030300D0A4B61622E20426F676F722C373030300D0A4B61622E2042656B6173692C373030300D0A4B61622E2047617275742C31353030300D0A4B61622E20496E646172616D6179752C31353030300D0A4B61622E204B61726177616E672C31323030300D0A4B61622E204B756E696E67616E2C31353030300D0A4B61622E204D616A616C656E676B612C31353030300D0A4B61622E2042616E64756E672042617261742C31353030300D0A4B61622E2050757277616B617274612C31323030300D0A4B61622E20546173696B6D616C6179612C31373030300D0A4B61622E2042616E64756E672C31353030300D0A4B61622E20537562616E672C31333530300D0A4B61622E2053756B6162756D692C31323030300D0A4B61622E2043697265626F6E2C31373030300D0A4B61622E2053756D6564616E672C3138353030',0),
	(25728,0,X'30305F6A6E65',X'6A6E655F31365F737461747573',X'31',0),
	(25729,0,X'30305F6A6E65',X'6A6E655F31375F72617465',X'42616E6A6172204E65676172612C32303030300D0A426174616E672C32303030300D0A426C6F72612C32333530300D0A426F796F6C616C692C31383030300D0A4272656265732C32343030300D0A43696C616361702C31333030300D0A44656D616B2C32303030300D0A4A65706172612C32303030300D0A4B6172616E67616E7961722C31373030300D0A4B6562756D656E2C32313030300D0A4B656E64616C2C31343530300D0A4B6C6174656E2C31373030300D0A4D756E676B69642C31363530300D0A4B756475732C31373030300D0A4D6167656C616E672C31383530300D0A506174692C32303030300D0A50656B616C6F6E67616E2C32353030300D0A50656D616C616E672C32323030300D0A50757262616C696E6767612C32303030300D0A507572776F6B6572746F2D42616E79756D61732C31383530300D0A507572776F646164692C32303030300D0A507572776F72656A6F2C32323030300D0A52656D62616E672C32343030300D0A53616C61746967612C31343530300D0A53656D6172616E672C31373030300D0A536C6177692C32343030300D0A53726167656E2C31383030300D0A53756B6F6861726A6F2C31373030300D0A537572616B617274612C31333530300D0A536F6C6F2C31333530300D0A546567616C2C32383030300D0A54656D616E6767756E672C32313030300D0A556E676172616E2C31333530300D0A576F6E6F676972692C31383030300D0A576F6E6F736F626F2C32313030300D0A416D6261726177612C31373030300D0A436570752C32333530300D0A426F6A6F6E65676F726F2C32363030300D0A4D616A656E616E672C31383030300D0A416A69626172616E672C32333530300D0A4B6172746F7375726F2C32323030300D0A42756D696179752C32383030300D0A4B61622E2042616E6A61726E65676172612C32333530300D0A4B61622E20426174616E672C32333530300D0A4B61622E20426C6F72612C32383030300D0A4B61622E20426F796F6C616C692C32323530300D0A4B61622E204272656265732C32383030300D0A4B61622E2043696C616361702C31383030300D0A4B61622E2044656D616B2C32343530300D0A4B61622E204A65706172612C32353030300D0A4B61622E204B6172616E67616E7961722C32333530300D0A4B61622E204B6562756D656E2C32313030300D0A4B61622E204B656E64616C2C31343530300D0A4B61622E204D6167656C616E672C31383530300D0A4B61622E204B756475732C31373030300D0A4B61622E20506174692C32303030300D0A4B61622E2050656D616C616E672C32323030300D0A4B61622E2050757262616C696E6767612C32303030300D0A4B61622E2042616E79756D61732C31383530300D0A4B61622E2047726F626F67616E2C32353030300D0A4B61622E20507572776F72656A6F2C32323030300D0A4B61622E2052656D62616E672C32343030300D0A4B61622E20546567616C2C32383030300D0A4B61622E2053726167656E2C31383030300D0A4B61622E2053756B6F6861726A6F2C31373030300D0A4B61622E2054656D616E6767756E672C32313030300D0A4B61622E2053656D6172616E672C31333530300D0A4B61622E20576F6E6F676972692C31383030300D0A4B61622E20576F6E6F736F626F2C3231303030',0),
	(25730,0,X'30305F6A6E65',X'6A6E655F31375F737461747573',X'31',0),
	(25731,0,X'30305F6A6E65',X'6A6E655F31395F72617465',X'42616E676B616C616E2C33353030300D0A42616E797577616E67692C33303030300D0A426174752C32323030300D0A426C697461722C32343530300D0A426F6A6F6E65676F726F2C32363030300D0A426F6E646F776F736F2C32363530300D0A4361727562616E2C31363530300D0A47726573696B2C31383030300D0A4A656D6265722C32323030300D0A4A6F6D62616E672C32303030300D0A4B65646972692C32303030300D0A4B6570616E6A656E2C32303030300D0A5472656E6767616C656B2C32383530300D0A4B72617361616E2C32363030300D0A4C616D6F6E67616E2C31393030300D0A4C756D616A616E672C32333530300D0A4D616469756E2C31363530300D0A4D61676574616E2C31383530300D0A4D616C616E672C31393030300D0A4D6F6A6F6B6572746F2C31393030300D0A4E67616E6A756B2C32333530300D0A4E676177692C32303030300D0A5061636974616E2C33303530300D0A50616D656B6173616E2C33323530300D0A50616E6461616E2C32303030300D0A506173757275616E2C32303030300D0A506F6E6F726F676F2C31383530300D0A50726F626F6C696E67676F2C32313030300D0A53616D70616E672C33353030300D0A5369646F61726A6F2C31353530300D0A53697475626F6E646F2C32393030300D0A53756D656E65702C33353030300D0A53757261626179612C31343530300D0A547562616E2C32303030300D0A54756C756E676167756E672C32343030300D0A506169746F6E2C32363030300D0A4B61622E2042616E676B616C616E2C33353030300D0A4B61622E2042616E797577616E67692C33363030300D0A4B61622E20426F6A6F6E65676F726F2C32383030300D0A4B61622E20426F6E646F776F736F2C33323530300D0A4B61622E204D616469756E2C31383530300D0A4B61622E2047726573696B2C32323030300D0A4B61622E204A656D6265722C32363030300D0A4B61622E204A6F6D62616E672C32363030300D0A4B61622E204D616C616E672C32353030300D0A4B61622E205472656E6767616C656B2C33353030300D0A4B61622E2050726F626F6C696E67676F2C32363030300D0A4B61622E204C616D6F6E67616E2C32363030300D0A4B61622E204C756D616A616E672C32393030300D0A4B61622E204D61676574616E2C32353030300D0A4B61622E204E67616E6A756B2C32393030300D0A4B61622E204E676177692C32353030300D0A4B61622E205061636974616E2C33383030300D0A4B61622E2050616D656B6173616E2C34303530300D0A4B61622E20506173757275616E2C32363030300D0A4B61622E20506F6E6F726F676F2C32343530300D0A4B61622E2053616D70616E672C34353030300D0A4B61622E205369646F61726A6F2C31393530300D0A4B61622E2053697475626F6E646F2C33363030300D0A4B61622E2053756D656E65702C34333530300D0A4B61622E20547562616E2C32363030300D0A4B61622E2054756C756E676167756E672C3330303030',0),
	(25732,0,X'30305F6A6E65',X'6A6E655F31395F737461747573',X'31',0),
	(25733,0,X'30305F6A6E65',X'6A6E655F32345F72617465',X'42656E676B6179616E672C33363030300D0A4B65746170616E672C33393530300D0A4D656D70617761682C33323530300D0A4E616E67612050696E6F682D4D656C6177692C34313530300D0A4E676162616E672C33363530300D0A506F6E7469616E616B2C32323530300D0A507574757373696261752C34383530300D0A53616D6261732C33383030300D0A53616E676761752C33393030300D0A53616B616461752048696C69722C33393030300D0A53696E676B6177616E672C33333530300D0A53696E74616E672C33393530300D0A53756E67616920526179612D4B75627520526179612C33393530300D0A54656C756B204D656C616E6F2C33343030300D0A57616A6F6B2C33353030300D0A4B61622E2042656E676B6179616E672C34363530300D0A4B61622E204B65746170616E672C35313030300D0A4B61622E20506F6E7469616E616B2C34303530300D0A4B61622E204D656C6177692C35333030300D0A4B61622E204C616E64616B2C34373530300D0A4B61622E204B61707561732048756C752C35363530300D0A4B61622E2053616D6261732C34373530300D0A4B61622E2053616E676761752C34393530300D0A4B61622E2053656B616461752C34393530300D0A4B61622E2053696E74616E672C35313530300D0A4B61622E204B75627520526179612C35313530300D0A4B61622E204B61796F6E672055746172612C3531303030',0),
	(25734,0,X'30305F6A6E65',X'6A6E655F32345F737461747573',X'31',0),
	(25735,0,X'30305F6A6E65',X'6A6E655F32365F72617465',X'416D756E7461692C33363030300D0A42616E6A6172626172752C33303030300D0A42616E6A61726D6173696E2C32363530300D0A426172616261692C33363030300D0A42617475204C6963696E2C33373030300D0A4B616E64616E67616E2C33363030300D0A4B6F7461626172752C34313530300D0A4D617261626168616E2C33383030300D0A4D61727461707572612D42616E6A61722C33303030300D0A506172696E67696E2042616C616E67616E2C34383530300D0A50656C6169686172692C33333530300D0A52616E7461752C33373030300D0A54616E6A756E672C33373030300D0A42756E746F6B2C34333030300D0A53756E6761692044616E61752C34333030300D0A54616D69616E67204C6179616E672C35323030300D0A507572756B20636168752C35353030300D0A4D756172612054657765682C34333030300D0A4B61622E2048756C752053756E6761692055746172612C34343030300D0A4B61622E2048756C752053756E6761692054656E6761682C34343030300D0A4B61622E2054616E61682042616D62752C34373530300D0A4B61622E2048756C752053756E6761692053656C6174616E2C34343030300D0A4B61622E204B6F746120426172752C35353530300D0A4B61622E2042617269746F204B75616C612C34393530300D0A4B61622E2042616E6A61722C33383030300D0A4B61622E2042616C616E67616E2C36303030300D0A4B61622054616E6168204C6175742C34343030300D0A4B61622E20546170696E2C34373530300D0A4B61622E20546162616C6F6E672C34373530300D0A4B61622E2042617269746F2053656C6174616E2C35353030300D0A4B61622E2042617269746F2054696D75722C36363030300D0A4B61622E204D7572756E6720526179612C36303030300D0A4B61622E2042617269746F2055746172612C3534353030',0),
	(25736,0,X'30305F6A6E65',X'6A6E655F32365F737461747573',X'31',0),
	(25737,0,X'30305F6A6E65',X'6A6E655F32355F72617465',X'42756E746F6B2C34333030300D0A4B61736F6E67616E2C33353030300D0A4B75616C61204B61707561732C34353030300D0A4B75616C61204B7572756E2C35333530300D0A4B75616C612050656D6275616E672C35353030300D0A50616C616E676B61726179612C32363630300D0A50616E676B616C616E2042756E2C34303530300D0A50756C616E672050697361752C35323030300D0A53616D7069742C34303530300D0A53756B616D6172612C35323030300D0A4C616D616E6461752D4E616E676562756C696B2C35323030300D0A4B61622E2042617269746F2053656C6174616E2C35353530300D0A4B61622E204B6174696E67616E2C34333030300D0A4B61622E204B61707561732C34353030300D0A4B61622E2047756E756E67204D61732C36393530300D0A4B61622E205365727579616E2C35353030300D0A4B61622E204B6F7461776172696E67696E2042617261742C34373530300D0A4B61622E2050756C616E672050697361752C36363030300D0A4B61622E204B6F7461776172696E67696E2054696D75722C34373530300D0A4B61622E2053756B616D6172612C36363530300D0A4B61622E2042617269746F2054696D75722C3636303030',0),
	(25738,0,X'30305F6A6E65',X'6A6E655F32355F737461747573',X'31',0),
	(25739,0,X'30305F6A6E65',X'6A6E655F32375F72617465',X'42616C696B706170616E2C33313030300D0A426F6E74616E672C34303530300D0A4D616C696E61752C35323030300D0A4E756E756B616E2C35323030300D0A50656E616A616D2C35343530300D0A53616D6172696E64612C33363530300D0A53616E6767617474612C34373530300D0A53656E64617761722C35363530300D0A54616E61682047726F676F742C35383030300D0A54616E6A756E672052656465702D42657261752C35393030300D0A54616E6A756E672053656C6F722C35323030300D0A546172616B616E2C34313530300D0A54656E676761726F6E672C34353030300D0A54656C756B2050616E64616E2C34373530300D0A5365626174696B2C35333030300D0A4B616C6172616E2C34373030300D0A53616E67612D73616E67612C35313030300D0A4D7561726120426164616B2C35313030300D0A4C6F61204B756C752C35383030300D0A4B61622E204D616C696E61752C36333530300D0A4B61622E204E756E756B616E2C36333530300D0A4B61622E2050616E616A616D2050617365722055746172612C36363030300D0A4B61622E204B757461692054696D75722C35383030300D0A4B61622E204B757461692042617261742C36333530300D0A4B61622E2050617365722C36363030300D0A4B61622E2042657261752C36373030300D0A4B61622E2042756C756E67616E2C36373030300D0A4B61622E204B75746169204B657274616E65676172612C3538303030',0),
	(25740,0,X'30305F6A6E65',X'6A6E655F32375F737461747573',X'31',0),
	(25741,0,X'30305F6A6E65',X'6A6E655F33385F72617465','',0),
	(25742,0,X'30305F6A6E65',X'6A6E655F33385F737461747573',X'30',0),
	(25743,0,X'30305F6A6E65',X'6A6E655F31335F72617465',X'4B6F62612C32393030300D0A4D616E676761722C32363530300D0A4D656E746F6B2C33313530300D0A50616E676B616C2050696E616E672C31383030300D0A53756E6761696C6961742C32343530300D0A54616E6A756E672050616E64616E2C31383530300D0A546F626F616C692C33313530300D0A42656C696E79752C33303530300D0A4A656275732C33393530300D0A4B656C6170612C33393530300D0A4B61622E2042616E676B612054656E6761682C33363530300D0A4B61622E2042656C6974756E672054696D75722C33333530300D0A4B61622E2042616E676B612042617261742C33393530300D0A4B61622E2042616E676B612C33303530300D0A4B61622E2042656C6974756E672C32333530300D0A4B61622E2042616E676B612053656C6174616E2C3339353030',0),
	(25744,0,X'30305F6A6E65',X'6A6E655F31335F737461747573',X'31',0),
	(25745,0,X'30305F6A6E65',X'6A6E655F31345F72617465',X'42616E64617220536572692042696E74616E2C35313030300D0A426174616D2C32303530300D0A52616E61692C34373530300D0A54616E6A756E672042616C6169204B6172696D756E2C33353030300D0A4B756E6475722C33353030300D0A54616E6A756E672050696E616E672C33303030300D0A4E6F6E6773612C32303530300D0A4B6162696C2C32303530300D0A4C696E6767612D4461696B2C35313030300D0A4465626F2053696E676B65702C36303030300D0A4B61622E2042696E74616E2C35313030300D0A4B61622E204E6174756E612C35313030300D0A4B61622E204B6172696D756E2C35323030300D0A4B61622E204C696E6767612C3531303030',0),
	(25746,0,X'30305F6A6E65',X'6A6E655F31345F737461747573',X'31',0),
	(25747,0,X'30305F6A6E65',X'6A6E655F31325F72617465',X'42616E646172204C616D70756E672C31343530300D0A4272616D62616E67616E2C34303530300D0A4765646F6E672054617461616E2C34303530300D0A47756E756E672053756769682C32343530300D0A4B616C69616E64612C32363530300D0A4B6F7461204167756E672C32393030300D0A4B6F74612042756D692C32353530300D0A4C6977612C34303530300D0A4D616E6767616C612C34303530300D0A4D6574726F2C32343530300D0A53756B6164616E612C32353530300D0A42616B61756865756E692C33333530300D0A4B7275692D506573697369722054656E6761682C35313030300D0A53756D626572204A6179612C35313030300D0A54616C616E6720506164616E672C35313030300D0A5072696E67736577752C33373030300D0A42756B6974204B656D756E696E672C33323030300D0A4B61622E20576179204B616E616E2C35313030300D0A4B61622E2050657361776172616E2C36303030300D0A4B61622E204C616D70756E672054656E6761682C33303030300D0A4B61622E204C616D70756E672053656C6174616E2C33333530300D0A4B61622E2054616E6767616D75732C33373030300D0A4B61622C204C616D70756E672055746172610D0A4B61622E204C616D70756E672042617261742C35313030300D0A4B61622E2054756C616E6720426177616E672C35313030300D0A4B61622E204C616D70756E672054696D75722C33323030300D0A4B61622E204C616D70756E672053656C6174616E2C3333353030',0),
	(25748,0,X'30305F6A6E65',X'6A6E655F31325F737461747573',X'31',0),
	(25749,0,X'30305F6A6E65',X'6A6E655F33345F72617465',X'416D626F6E2C34353030300D0A4461746172616E2048756E696D6F612C38363530300D0A446F626F2C38363530300D0A4D61736F68692C37323530300D0A4E616D6C65612C37323530300D0A506972752C38363530300D0A5361756D6C616B692C38363530300D0A5475616C2C38363530300D0A4B61622E20536572616D2042616769616E2054696D75722C39323530300D0A4B61622E204B6570756C6175616E204172752C39373030300D0A4B61622E204D616C756B752074656E6761682C39323530300D0A4B61622E20427572752C39323530300D0A4B61622E20536572616D2042616769616E2042617261742C39323530300D0A4B61622E204D616C756B752054656E67676172612042617261742C39373030300D0A4D616C756B752054656E67676172612C3937303030',0),
	(25750,0,X'30305F6A6E65',X'6A6E655F33345F737461747573',X'31',0),
	(25751,0,X'30305F6A6E65',X'6A6E655F33355F72617465',X'4A61696C6F6C6F2C35323030300D0A4C61627568612C36333530300D0A4D6162612C34363530300D0A53616E616E612C36393530300D0A5465726E6174652C34363530300D0A5469646F72652C35393030300D0A546F62656C6F2C35333030300D0A576564612D536F617369752C36393530300D0A4B61622E2048616C6D61686572612042617261742C36373030300D0A4B61622E2048616C6D61686572612053656C6174616E2C36393530300D0A4B61622E2048616C6D61686572612054696D75722C36393530300D0A4B61622E2048616C6D61686572612053756C612C37323530300D0A4B61622E2048616C6D61686572612055746172612C37323530300D0A4B61622E2048616C6D61686572612054656E6761682C3732353030',0),
	(25752,0,X'30305F6A6E65',X'6A6E655F33355F737461747573',X'31',0),
	(25753,0,X'30305F6A6E65',X'6A6E655F32325F72617465',X'446F6D70752C33363530300D0A476572756E672C32353030300D0A4D61746172616D2C32323030300D0A526179612C33303030300D0A53656C6F6E672C32363030300D0A53756D626177612042657361722C33363530300D0A54616C6977616E672C33373030300D0A576F68612D42696D612C33373030300D0A42696D612C33323030300D0A426174752048696A61752C34373030300D0A4B61622E20446F6D70752C34363530300D0A4B61622E204C6F6D626F6B2042617261742C33313530300D0A4B61622E204C6F6D626F6B2054656E6761682C33333030300D0A4B61622E204C6F6D626F6B2054696D75722C33333030300D0A4B61622E2053756D626177612C34363530300D0A4B61622E2053756D626177612042617261742C34363530300D0A4B61622E2042696D612C3337303030',0),
	(25754,0,X'30305F6A6E65',X'6A6E655F32325F737461747573',X'31',0),
	(25755,0,X'30305F6A6E65',X'6A6E655F32335F72617465',X'4174616D6275612C35353530300D0A4261612C35383030300D0A42616A6177612C35383030300D0A426F726F6E672C37353030300D0A456E64652C35383030300D0A4B6566616D656E616E752C35353530300D0A4B616C61626168692C35383030300D0A4B7570616E672C34363530300D0A4C616275616E2042616A6F2C36333530300D0A4C6172616E74756B612C35383030300D0A4C65776F6C6562612C35383030300D0A4D61756D6572652C35383030300D0A4D6261792C37343530300D0A4F656C616D73692C37343530300D0A536F652C35353530300D0A527574656E672C36333530300D0A54616D626F6C616B612C38313030300D0A57616962616B756C2C35353530300D0A5761696B61627562616B2C38313030300D0A5761696E676170752C35383030300D0A4B61622E2042656C752C38313030300D0A4B61622E20526F7465204E64616F2C35383030300D0A4B61622E204E676164612C38313030300D0A4B61622E204D616E6767617261692054696D75722C38313030300D0A4B61622E20456E64652C38313030300D0A4B61622E2054696D75722054656E6761682055746172612C37303030300D0A4B61622E20416C6F722C38313030300D0A4B61622E204D616E6767617261692042617261742C38313030300D0A4B61622E20466C6F7265732054696D75722C38313030300D0A4B61622E204C656D626174612C37323030300D0A4B61622E2053696B6B612C38313030300D0A4B61622E204E6167656B656F2C38313030300D0A4B61622E204B7570616E672C35353530300D0A4B61622E2054696D75722054656E6761682053656C6174616E2C37303030300D0A4B61622E204D616E6767617261692C36393530300D0A4B61622E2053756D626120426172617420446179612C38343030300D0A4B61622E2053756D62612054656E6761682C38343030300D0A4B61622E2053756D62612042617261742C38343030300D0A4B61622E2053756D62612054696D75722C3834303030',0),
	(25756,0,X'30305F6A6E65',X'6A6E655F32335F737461747573',X'31',0),
	(25757,0,X'30305F6A6E65',X'6A6E655F33375F72617465',X'41676174732C39323530300D0A4269616B2C39323530300D0A426F746177612C3130343030300D0A4A617961707572612C36393530300D0A4D756C69612C38363530300D0A4D657261756B652C39323530300D0A4E61626972652C3133383530300D0A4F6B736962696C2C39323530300D0A5361726D692C3133383530300D0A536F72656E6469776572692C3130343030300D0A53756D6F6861692C3130343030300D0A54696D696B612C38313030300D0A57616D656E612C39323530300D0A57617269732C39323530300D0A4D616170692C3133383530300D0A50616E6961692D456E61726F746172692C39323530300D0A596170656E205761726F70656E2D53657275692C3130343030300D0A53656E74616E692C3130343030300D0A4D616D626572616D6F2D4275726D65736F2C3130343030300D0A426F76656E20446967756C2D54616E6168204D657261682C3130343030300D0A4B61622E2041736D61742C3133383530300D0A4B61622E204269616B204E756D666F722C39323530300D0A4B61622E2050756E63616B204A6179612C3133383530300D0A4B61622E204D657261756B652C3133383530300D0A4B61622E204E61626972652C3133383530300D0A4B61622E20506567756E756E67616E2042696E74616E672C3133383530300D0A4B61622E205361726D692C3133383530300D0A4B61622E20537570696F72692C3133383530300D0A4B61622E20596168756B696D6F2C3133383530300D0A4B61622E204D696D696B612C3133383530300D0A4B61622E204A61796177696A6179612C3133383530300D0A4B61622E204B6565726F6D2C3133383530300D0A4B61622E204D616170692C3133383530300D0A4B61622E20456E61726F746172692C3133383530300D0A4B61622E20596170656E205761726F70656E2C3133383530300D0A4B61622E204A617961707572612C3130343030300D0A4B61622E204D656D626572616D6F2C3133383530300D0A4B61622E20426F76656E20446967756C2C313338353030',0),
	(25758,0,X'30305F6A6E65',X'6A6E655F33375F737461747573',X'31',0),
	(25759,0,X'30305F6A6E65',X'6A6E655F33365F72617465',X'42696E74756E692C3130343030300D0A46616B2D46616B2C3130353030300D0A4B61696D616E612C3130353030300D0A4D616E6F6B776172692C3130353030300D0A52617365692C3130343030300D0A536F726F6E672C36393530300D0A5761697361692C3130383530300D0A54696D696B612C38313030300D0A54656D6261676120507572612C39383030300D0A54656D696E616275616E2C38353530300D0A4B61622E2054656C756B2042696E74756E692C3133383530300D0A4B61622E2046616B2D46616B2C3133383530300D0A4B61622E204B61696D616E612C3133383530300D0A4B61622E204D616E6F6B776172692C3133383530300D0A4B61622E2054656C756B20576F6E64616D612C3133383530300D0A4B61622E20536F726F6E672C36393530300D0A4B61622E2052616A6120416D7061742C3133383530300D0A4B61622E204D696D696B612C39383030300D0A4B61622E20536F726F6E672053656C6174616E2C313338353030',0),
	(25760,0,X'30305F6A6E65',X'6A6E655F33365F737461747573',X'31',0),
	(25761,0,X'30305F6A6E65',X'6A6E655F385F72617465',X'426167616E2053696170692D6170692C33383030300D0A42616E676B696E616E672C33363530300D0A42656E676B616C69732C33353030300D0A44756D61692C33363530300D0A50616E676B616C616E204B6572696E63692C33303030300D0A50617369722050616E6761726169616E2C33353030300D0A50656B616E626172752C32313030300D0A52656E6761742C33373030300D0A5369616B20496E647261707572612C33373030300D0A54656C756B204B75616E74616E2C33383030300D0A54656D62696C6168616E2C33383030300D0A4D696E61732C34363530300D0A52756D6261692C32313030300D0A4D6172706F79616E2C32313030300D0A556A756E6720426174752C34333530300D0A4B61622E20526F6B616E2048696C69722C34383030300D0A4B61622E204B616D7061722C34363530300D0A4B61622E2042656E676B616C69732C33353030300D0A4B61622E2050656C616C6177616E2C33373530300D0A4B61622E20526F6B616E2048756C752C34333530300D0A4B61622E20496E647261676972692048756C752C34363530300D0A4B61622E205369616B2C34363530300D0A4B61622E204B75616E74616E2053696E67696E67692C34383030300D0A4B61622E20496E647261676972692048696C69722C3438303030',0),
	(25762,0,X'30305F6A6E65',X'6A6E655F385F737461747573',X'31',0),
	(25763,0,X'30305F6A6E65',X'6A6E655F33335F72617465',X'4D616A656E652C34333530300D0A4D616D6173612C34383030300D0A4D616D756A752C33323030300D0A706173616E676B6179752C35303530300D0A506F6C6577616C692C34333530300D0A4B61622E204D616A656E652C35323030300D0A4B61622E204D616D6173612C35383030300D0A4B61622E204D616D756A752C34313030300D0A4B61622E204D616D756A752055746172612C35393030300D0A4B61622E20506F6C6577616C69204D616E6461722C3535353030',0),
	(25764,0,X'30305F6A6E65',X'6A6E655F33335F737461747573',X'31',0),
	(25765,0,X'30305F6A6E65',X'6A6E655F33305F72617465',X'42616E7461656E672C34353030300D0A42617272752C34333030300D0A42656C6F70612C35333030300D0A42656E74656E672C35383030300D0A42756C756B756D62612C34333530300D0A456E72656B616E672C34333030300D0A4A656E65706F6E746F2C34333030300D0A54616B616C61722C33373030300D0A4D616B616C652C34343030300D0A4D616B61737361722C32383030300D0A4D61696C692C35333030300D0A4D61726F732C33363030300D0A4D6173616D62612C35333030300D0A50616C6F706F2C34353030300D0A50616E676B616A656E652C36393530300D0A536964656E72656E672C34353530300D0A506172652D506172652C34343530300D0A50696E72616E672C34343530300D0A53656E676B616E672C34353030300D0A53696E6A61692C34383530300D0A53756E6767756D696E6173612C33363030300D0A576174616D706F6E652C34373530300D0A576174616E736F7070656E672C34373530300D0A536F726F616B6F2C35333030300D0A4B61622E2042616E7461656E672C35383030300D0A4B61622E2042617272752C35333030300D0A4B61622E204C7577752055746172612C36393530300D0A4B61622E2053656C617961722C37313530300D0A4B61622E2042756C756B756D62612C35343530300D0A4B61622E20456E72656B616E672C35333030300D0A4B61622E204A656E65706F6E746F2C35343030300D0A4B61622E2054616B616C61722C34383530300D0A4B61622E2054616E6120546F72616A612C35343530300D0A4B61622E204C7577752054696D75722C36393530300D0A4B61622E204D61726F732C34373530300D0A4B61622E204C6977752055746172612C36393530300D0A4B61622E2050616E676B616A656E652C37313530300D0A4B61622E20536964656E72656E672052617070616E672C36303030300D0A4B61622E2050696E72616E672C35383030300D0A4B61622E2057616A6F2C35353530300D0A4B61622E2053696E6A61692C36303030300D0A4B61622E20476F612C34353030300D0A4B61622E20426F6E652C36323530300D0A4B61622E20536F7070656E672C3632353030',0),
	(25766,0,X'30305F6A6E65',X'6A6E655F33305F737461747573',X'31',0),
	(25767,0,X'30305F6A6E65',X'6A6E655F32395F72617465',X'416D70616E612D546F6A6F20556E6120556E612C35313030300D0A42616E6177612D446F6E6767616C612C33393530300D0A42616E676761692C36343530300D0A42756E676B752D4B6F6C6F6E6564616C652C36313030300D0A42756F6C2C36333530300D0A546F6C69746F6C692C35313030300D0A4C7577756B2C35333030300D0A50616C752C33353030300D0A5061726967692C34343030300D0A506F736F2C35313030300D0A4B61622E20546F6A6F20556E612D756E612C36333530300D0A4B61622E20446F6E6767616C612C35323030300D0A4B61622E2042616E67676169204B6570756C6175616E2C36393530300D0A4B61622E204D6F726F77616C692C36393530300D0A4B61622E2042756F6C2C36393530300D0A4B61622E20546F6C69746F6C692C36333530300D0A4B61622E2042616E676761692C36393530300D0A4B61622E20506172696769204D6F75746F6E672C35383030300D0A4B61622E20506F736F2C3636303030',0),
	(25768,0,X'30305F6A6E65',X'6A6E655F32395F737461747573',X'31',0),
	(25769,0,X'30305F6A6E65',X'6A6E655F33315F72617465',X'4261752D4261752C35333030300D0A4B656E646172692C33383030300D0A6B6F6C616B612C35393030300D0A4C6173757375612C36303030300D0A50617361722057616A6F2C36383030300D0A526168612C36303030300D0A52756D6269612C36373030300D0A556E616168612C35383030300D0A57616E67676F646F2D416E646F6C6F2C36303530300D0A57616E67692D77616E67692C35383030300D0A4B61622E204B6F6C616B612C37323530300D0A4B61622E204B6F6C616B612055746172612C37313530300D0A4B61622E20427574756E2026616D703B204275746F6E2055746172612C36393530300D0A4B61622E204D756E612C36393530300D0A4B61622E20426F6D62616E612C36393530300D0A4B61622E204B6F6E6177652C37323530300D0A4B61622E204B6F6E6177652055746172612D4B61622E204B6F6E6177652053656C6174616E2C36393530300D0A4B61622E20536F7070656E672C3632353030',0),
	(25770,0,X'30305F6A6E65',X'6A6E655F33315F737461747573',X'31',0),
	(25771,0,X'30305F6A6E65',X'6A6E655F32385F72617465',X'4169726D61646964692C36313030300D0A416D7572616E672C34373530300D0A426974756E672C34363530300D0A426F726F6B6F2C35383030300D0A4B6F74616D6F626167752C35383530300D0A4D616E61646F2C34303530300D0A5261746168616E2C36313030300D0A546168756E612C35383030300D0A546F6D6F686F6E2C34373530300D0A546F6E64616E6F2C34373530300D0A4B61622E204D696E61686173612055746172612C36373030300D0A4B61622E204D696E61686173612053656C6174616E2C36323530300D0A4B61622E20426974756E672C34363530300D0A4B61622E20426F6C61616E67204D6F6E676F6E646F772055746172612C36373030300D0A4B61622E20426F6C61616E67204D6F6E676F6E646F772C36373030300D0A4B61622E204D696E61686173612054656E67676172612C36373030300D0A4B61622E204B6570756C6175616E2053616E676968652C36373030300D0A4B61622E204D696E61686173612C3632353030',0),
	(25772,0,X'30305F6A6E65',X'6A6E655F32385F737461747573',X'31',0),
	(25773,0,X'30305F6A6E65',X'6A6E655F375F72617465',X'41726F73756B612C32383030300D0A426174752053616E676B61722C32333530300D0A42756B697474696E6767692C32393030300D0A4C7562756B20426173756E672C33373030300D0A4C7562756B2053696B6170696E672C33373030300D0A4D756172612D53696A756E6A756E672C34313530300D0A506164616E672C32303030300D0A506164616E672050616E6A616E672C32383030300D0A5061696E616E2C33393530300D0A50617269616D616E2C32383030300D0A506164616E672050617269616D616E2C33353030300D0A506179616B756D6275682C33323530300D0A446861726D6173726179612C35363030300D0A53617761686C756E746F2C32333530300D0A536F6C6F6B2C32383030300D0A54756170656A61742C34373530300D0A4C696D612050756C7568204B6F74612C33323530300D0A536F6C6F6B2053656C6174616E2C34313530300D0A4B65702050616761692C35393530300D0A4C7562756B20416C756E672C33353030300D0A4B61622E20536F6C6F6B2C33353030300D0A4B61622E2054616E61682044617461722C32393030300D0A4B61622E204167616D2C34363530300D0A4B61622E20506173616D616E2C34363530300D0A4B61622E2053696A756E6A756E672C34313530300D0A4B61622E20506573697369722053656C6174616E2C33393530300D0A4B61622E20506164616E672050617269616D616E2C33353030300D0A4B61622E20446861726D6173726179612C35363030300D0A4B61622E204B6570756C6175616E204D656E74617761692C35393530300D0A4B61622E204C696D612050756C7568206B6F74612C3332353030',0),
	(25774,0,X'30305F6A6E65',X'6A6E655F375F737461747573',X'31',0),
	(25775,0,X'30305F6A6E65',X'6A6E655F31305F72617465',X'4261747572616A612C32383530300D0A496E6472616C6179612C32323030300D0A4B617975204167756E672C32353030300D0A4C616861742C33303030300D0A4D61727461707572612C33333530300D0A4D75617261204265696C6920426172752D4D7573692052617761732C33353030300D0A4D7561726120456E696D2D54616E6A756E6720456E696D2C32393030300D0A4D756172616475612C33353030300D0A4C7562756B204C696E676761752C32393030300D0A506167617220416C616D2C33373030300D0A50616C656D62616E672C31383030300D0A50616E676B616C616E2042616C61692D42616E79756173696E2C32363530300D0A50726162756D756C69682C32393030300D0A53656B6179752C33363530300D0A546562696E672054696E6767692C34303530300D0A53756E676169204C696C696E2C33363530300D0A53756E676169204765726F6E672C31363030300D0A4B61622E204F67616E204B6F6D6572696E6720556C752C32383530300D0A4B61622E204F67616E20496C69722C32383030300D0A4B61622E204F67616E204B6F6D6572696E6720496C69722C33313530300D0A4B61622E204B616275706174656E204C616861742C33303030300D0A4B61622E204F6B752054696D75722C34323530300D0A4B61622E204D7573692052617761732C33353030300D0A4B61622E204D7561726120456E696D2C32393030300D0A4B61622E204F6B752053656C6174616E2C34333530300D0A4B61622E2042616E79756173696E2C33333530300D0A4B61622E204D7573692042616E796173696E2C33363530300D0A4B61622E20456D706174204C6177616E672C3531303030',0),
	(25776,0,X'30305F6A6E65',X'6A6E655F31305F737461747573',X'31',0),
	(25777,0,X'30305F6A6E65',X'6A6E655F365F72617465',X'42616C6967652C34373530300D0A42696E6A61692C32383030300D0A446F6C6F6B2053616E6767756C2C35343530300D0A47756E756E67205369746F6C692C35353530300D0A47756E756E67205475612C34393530300D0A4B6162616E6A6168652C33303030300D0A4B69736172616E2C33303030300D0A4C696D6170756C75682C33303030300D0A4C7562756B2050616B616D2C32363530300D0A4D6564616E2C32333530300D0A506164616E6720536964656D7075616E2C33333530300D0A50616E6775727572616E2C34303530300D0A50616E79616D62756E67616E2C34313530300D0A50616D6174616E677369616E7461722C33313530300D0A52616E746175205072617061742C33393530300D0A53616C616B2C34313530300D0A5365692052616D7061682C33303030300D0A5369626F6C67612C33353530300D0A536962756875616E2C33333530300D0A536964696B616C616E672C34353030300D0A53697069726F6B2C33333530300D0A5374616261742C32363530300D0A54616E6A756E672042616C61692041736168616E2C33333530300D0A546172756E74756E672C34303530300D0A546562696E672054696E6767692C33303030300D0A54656C756B2044616C616D2C35353530300D0A50616E676B616C616E204272616E64616E2C33333530300D0A4C616775626F74692C35393030300D0A42656C6177616E2C32333530300D0A5369626F726F6E6720426F726F6E672C35313030300D0A54616E6A756E67204D6F726177612C33333530300D0A4B61622E20546F62612053616D6F7369722C35393030300D0A4B61622E2048756D62616E672048617375647574616E2C36383030300D0A4B61622E204E6961732C36393530300D0A4B61622E20506164616E67204C617761732055746172612C35393030300D0A4B61622E204B61726F2C33373530300D0A4B61622E2041736168616E2C33373530300D0A4B61622E2042617475626172612C33373530300D0A4B61622E2044656C692053657264616E672C33333530300D0A4B61622E2053616D6F7369722C35313030300D0A4B61622E204D616E6461696C696E67204E6174616C2C35323030300D0A4B61622E2053696D616C756E67756E2C33383030300D0A4B61622E204C61627568616E20426174752C34393030300D0A4B61622E2050616B70616B2042617261742C35323030300D0A4B61622E2053657264616E6720426164616761692C33363030300D0A4B61622E20546170616E756C692054656E6761682C34333530300D0A4B61622E20506164616E67204C617761732C34333030300D0A4B61622E2044616972692C35363530300D0A4B61622E20546170616E756C692053656C6174616E2C34313530300D0A4B61622E204C616E676B61742C33333530300D0A4B61622E20546170616E756C692055746172612C35313030300D0A4B61622E204E6961732053656C6174616E2C3639353030',0),
	(25778,0,X'30305F6A6E65',X'6A6E655F365F737461747573',X'31',0),
	(25779,0,X'30305F6A6E65',X'6A6E655F31385F72617465',X'42616E74756C2C31343530300D0A536C656D616E2C31353030300D0A57617465732D4B756C6F6E2050726F676F2C31363030300D0A576F6E6F736172692C31383530300D0A596F6779616B617274612C31333530300D0A5072616D62616E616E2C32323530300D0A4B61622E2042616E74756C2C31343530300D0A4B61622E20536C656D616E2C31353030300D0A4B61622E204B756C6F6E2050726F676F2C32303030300D0A4B61622E2047756E756E67204B6964756C2C3234303030',0),
	(25780,0,X'30305F6A6E65',X'6A6E655F31385F737461747573',X'31',0),
	(26136,0,X'636F64',X'636F645F746F74616C','',0),
	(26137,0,X'636F64',X'636F645F6F726465725F7374617475735F6964',X'37',0),
	(26138,0,X'636F64',X'636F645F67656F5F7A6F6E655F6964',X'30',0),
	(26139,0,X'636F64',X'636F645F737461747573',X'31',0),
	(26140,0,X'636F64',X'636F645F736F72745F6F72646572','',0),
	(26571,0,X'667265655F636865636B6F7574',X'667265655F636865636B6F75745F737461747573',X'31',0),
	(26570,0,X'667265655F636865636B6F7574',X'667265655F636865636B6F75745F6F726465725F7374617475735F6964',X'35',0),
	(30896,0,X'73696D706C65',X'73696D706C655F637573746F6D65725F74776F5F636F6C756D6E','',0),
	(30895,0,X'73696D706C65',X'73696D706C655F676F6F676C656170695F6B6579','',0),
	(30894,0,X'73696D706C65',X'73696D706C655F676F6F676C65617069',X'30',0),
	(30893,0,X'73696D706C65',X'73696D706C655F7368697070696E675F7469746C6573',X'613A313A7B733A343A2266726565223B613A333A7B733A343A2273686F77223B733A313A2230223B733A353A227469746C65223B613A323A7B733A323A226964223B733A31333A2246726565205368697070696E67223B733A323A22656E223B733A31333A2246726565205368697070696E67223B7D733A31313A226465736372697074696F6E223B613A323A7B733A323A226964223B733A303A22223B733A323A22656E223B733A303A22223B7D7D7D',1),
	(30892,0,X'73696D706C65',X'73696D706C655F7061796D656E745F7469746C6573',X'613A353A7B733A31373A2262616E6B5F7472616E736665725F626361223B613A333A7B733A343A2273686F77223B733A313A2230223B733A353A227469746C65223B613A323A7B733A323A226964223B733A31373A2242616E6B20424341205472616E73666572223B733A323A22656E223B733A31373A2242616E6B20424341205472616E73666572223B7D733A31313A226465736372697074696F6E223B613A323A7B733A323A226964223B733A303A22223B733A323A22656E223B733A303A22223B7D7D733A32313A2262616E6B5F7472616E736665725F6D616E64697269223B613A333A7B733A343A2273686F77223B733A313A2230223B733A353A227469746C65223B613A323A7B733A323A226964223B733A32313A2242616E6B204D616E64697269205472616E73666572223B733A323A22656E223B733A32313A2242616E6B204D616E64697269205472616E73666572223B7D733A31313A226465736372697074696F6E223B613A323A7B733A323A226964223B733A303A22223B733A323A22656E223B733A303A22223B7D7D733A333A22636F64223B613A333A7B733A343A2273686F77223B733A313A2230223B733A353A227469746C65223B613A323A7B733A323A226964223B733A31363A2243617368204F6E2044656C6976657279223B733A323A22656E223B733A31363A2243617368204F6E2044656C6976657279223B7D733A31313A226465736372697074696F6E223B613A323A7B733A323A226964223B733A303A22223B733A323A22656E223B733A303A22223B7D7D733A31333A22667265655F636865636B6F7574223B613A333A7B733A343A2273686F77223B733A313A2230223B733A353A227469746C65223B613A323A7B733A323A226964223B733A31333A224672656520436865636B6F7574223B733A323A22656E223B733A31333A224672656520436865636B6F7574223B7D733A31313A226465736372697074696F6E223B613A323A7B733A323A226964223B733A303A22223B733A323A22656E223B733A303A22223B7D7D733A31313A2270705F7374616E64617264223B613A333A7B733A343A2273686F77223B733A313A2230223B733A353A227469746C65223B613A323A7B733A323A226964223B733A31353A2250617950616C205374616E64617264223B733A323A22656E223B733A31353A2250617950616C205374616E64617264223B7D733A31313A226465736372697074696F6E223B613A323A7B733A323A226964223B733A303A22223B733A323A22656E223B733A303A22223B7D7D7D',1),
	(30891,0,X'73696D706C65',X'726573746F7265',X'30',0),
	(30890,0,X'73696D706C65',X'73696D706C655F68656164657273',X'613A323A7B733A31313A226865616465725F6D61696E223B613A333A7B733A323A226964223B733A31313A226865616465725F6D61696E223B733A353A226C6162656C223B613A323A7B733A323A226964223B733A303A22223B733A323A22656E223B733A393A224D61696E20696E666F223B7D733A353A22706C616365223B733A383A22637573746F6D6572223B7D733A31343A226865616465725F61646472657373223B613A333A7B733A323A226964223B733A31343A226865616465725F61646472657373223B733A353A226C6162656C223B613A323A7B733A323A226964223B733A303A22223B733A323A22656E223B733A373A2241646472657373223B7D733A353A22706C616365223B733A383A22637573746F6D6572223B7D7D',1),
	(30889,0,X'73696D706C65',X'73696D706C655F6865616465725F746167',X'6833',0),
	(30888,0,X'73696D706C65',X'73696D706C655F6A6F6F6D6C615F726F757465','',0),
	(30887,0,X'73696D706C65',X'73696D706C655F6A6F6F6D6C615F70617468','',0),
	(30886,0,X'73696D706C65',X'73696D706C655F7365745F6163636F756E745F61646472657373',X'613A313A7B733A353A2267726F7570223B613A323A7B693A313B733A39363A226D61696E5F66697273746E616D652C6D61696E5F6C6173746E616D652C6D61696E5F636F756E7472795F69642C6D61696E5F7A6F6E655F69642C6D61696E5F636974792C6D61696E5F706F7374636F64652C6D61696E5F616464726573735F31223B693A323B733A39363A226D61696E5F66697273746E616D652C6D61696E5F6C6173746E616D652C6D61696E5F636F756E7472795F69642C6D61696E5F7A6F6E655F69642C6D61696E5F636974792C6D61696E5F706F7374636F64652C6D61696E5F616464726573735F31223B7D7D',1),
	(30885,0,X'73696D706C65',X'73696D706C655F7365745F6163636F756E745F696E666F',X'613A313A7B733A353A2267726F7570223B613A323A7B693A313B733A36333A226D61696E5F656D61696C2C6D61696E5F66697273746E616D652C6D61696E5F6C6173746E616D652C6D61696E5F74656C6570686F6E652C6D61696E5F666178223B693A323B733A36333A226D61696E5F656D61696C2C6D61696E5F66697273746E616D652C6D61696E5F6C6173746E616D652C6D61696E5F74656C6570686F6E652C6D61696E5F666178223B7D7D',1),
	(30884,0,X'73696D706C65',X'73696D706C655F6163636F756E745F766965775F637573746F6D65725F74797065',X'30',0),
	(33351,0,X'636F6E666967',X'636F6E6669675F77617465726D61726B5F73686F775F736561726368',X'31',0),
	(33350,0,X'636F6E666967',X'636F6E6669675F77617465726D61726B5F73686F775F6D616E756661637475726572',X'31',0),
	(33349,0,X'636F6E666967',X'636F6E6669675F77617465726D61726B5F73686F775F636F6D70617265',X'31',0),
	(33348,0,X'636F6E666967',X'636F6E6669675F77617465726D61726B5F73686F775F6C6174657374',X'31',0),
	(33347,0,X'636F6E666967',X'636F6E6669675F77617465726D61726B5F73686F775F6665617475726564',X'31',0),
	(33346,0,X'636F6E666967',X'636F6E6669675F77617465726D61726B5F73686F775F6265737473656C6C6572',X'31',0),
	(33345,0,X'636F6E666967',X'636F6E6669675F77617465726D61726B5F73686F775F63617274',X'31',0),
	(33344,0,X'636F6E666967',X'636F6E6669675F77617465726D61726B5F73686F775F776973686C697374',X'31',0),
	(33343,0,X'636F6E666967',X'636F6E6669675F77617465726D61726B5F73686F775F63617465676F7279',X'31',0),
	(33342,0,X'636F6E666967',X'636F6E6669675F77617465726D61726B5F73686F775F70726F64756374',X'31',0),
	(33341,0,X'636F6E666967',X'636F6E6669675F77617465726D61726B5F73686F775F70726F647563745F706F707570',X'31',0),
	(26572,0,X'667265655F636865636B6F7574',X'667265655F636865636B6F75745F736F72745F6F72646572','',0),
	(27388,0,X'70726F647563745F6D616E61676572',X'6C616E67756167655F6964',X'31',0),
	(27389,0,X'70726F647563745F6D616E61676572',X'7461785F726174655F6964',X'30',0),
	(33340,0,X'636F6E666967',X'636F6E6669675F77617465726D61726B5F706F736974696F6E',X'63656E746572',0),
	(33339,0,X'636F6E666967',X'636F6E6669675F77617465726D61726B','',0),
	(30354,0,X'6E657773',X'6E6577735F6D6F64756C65',X'613A313A7B693A303B613A343A7B733A393A226C61796F75745F6964223B733A313A2234223B733A383A22706F736974696F6E223B733A31313A22636F6C756D6E5F6C656674223B733A363A22737461747573223B733A313A2231223B733A31303A22736F72745F6F72646572223B733A323A223838223B7D7D',1),
	(33338,0,X'636F6E666967',X'636F6E6669675F69636F6E',X'646174612F7468656D65732F757262616E2F757262616E2D66617669636F6E2E706E67',0),
	(33337,0,X'636F6E666967',X'636F6E6669675F6C6F676F5F6D6F62696C65','',0),
	(33336,0,X'636F6E666967',X'636F6E6669675F6C6F676F5F6277',X'646174612F7468656D65732F6D6F726F63636F2F6C6F676F2D6D6F726F63636F2E706E67',0),
	(33335,0,X'636F6E666967',X'636F6E6669675F6C6F676F',X'646174612F7468656D65732F6D6F726F63636F2F6C6F676F2D6D6F726F63636F2E706E67',0),
	(33334,0,X'636F6E666967',X'636F6E6669675F72657475726E5F7374617475735F6964',X'32',0),
	(33333,0,X'636F6E666967',X'636F6E6669675F636F6D6D697373696F6E',X'35',0),
	(33332,0,X'636F6E666967',X'636F6E6669675F616666696C696174655F6964',X'34',0),
	(33331,0,X'636F6E666967',X'636F6E6669675F73746F636B5F7374617475735F6964',X'35',0),
	(33330,0,X'636F6E666967',X'636F6E6669675F73746F636B5F636865636B6F7574',X'30',0),
	(33329,0,X'636F6E666967',X'636F6E6669675F73746F636B5F7761726E696E67',X'31',0),
	(33328,0,X'636F6E666967',X'636F6E6669675F73746F636B5F646973706C6179',X'30',0),
	(33327,0,X'636F6E666967',X'636F6E6669675F636F6D706C6574655F7374617475735F6964',X'35',0),
	(33326,0,X'636F6E666967',X'636F6E6669675F6F726465725F7374617475735F6964',X'31',0),
	(33325,0,X'636F6E666967',X'636F6E6669675F696E766F6963655F707265666978',X'494E562D323031322D3030',0),
	(30847,0,X'73696D706C65',X'73696D706C655F6669656C64735F6D61696E',X'[encoded data, 18412 characters]',1),
	(30846,0,X'73696D706C65',X'73696D706C655F67726F75705F7368697070696E67',X'613A323A7B693A313B733A303A22223B693A323B733A303A22223B7D',1),
	(30845,0,X'73696D706C65',X'73696D706C655F67726F75705F7061796D656E74',X'613A323A7B693A313B733A303A22223B693A323B733A303A22223B7D',1),
	(30843,0,X'73696D706C65',X'7368697070696E675F636F64655F666F725F7368697070696E675F32','',0),
	(30844,0,X'73696D706C65',X'73696D706C655F6C696E6B73',X'613A353A7B733A31373A2262616E6B5F7472616E736665725F626361223B733A303A22223B733A32313A2262616E6B5F7472616E736665725F6D616E64697269223B733A303A22223B733A333A22636F64223B733A303A22223B733A31333A22667265655F636865636B6F7574223B733A303A22223B733A31313A2270705F7374616E64617264223B733A303A22223B7D',1),
	(30842,0,X'73696D706C65',X'7368697070696E675F636F64655F666F725F7368697070696E675F31','',0),
	(30840,0,X'73696D706C65',X'7368697070696E675F636F64655F666F725F637573746F6D65725F31','',0),
	(30841,0,X'73696D706C65',X'7368697070696E675F636F64655F666F725F637573746F6D65725F32','',0),
	(30826,0,X'73696D706C65',X'73696D706C655F637573746F6D65725F766965775F637573746F6D65725F7375627363726962655F696E6974',X'31',0),
	(30827,0,X'73696D706C65',X'73696D706C655F637573746F6D65725F766965775F6C6F67696E',X'31',0),
	(30828,0,X'73696D706C65',X'73696D706C655F637573746F6D65725F766965775F616464726573735F73656C656374',X'31',0),
	(30829,0,X'73696D706C65',X'73696D706C655F637573746F6D65725F7573655F67656F5F73656C6563746F72',X'30',0),
	(30830,0,X'73696D706C65',X'73696D706C655F637573746F6D65725F67656F5F73656C6563746F725F74797065',X'31',0),
	(30831,0,X'73696D706C65',X'73696D706C655F637573746F6D65725F766965775F637573746F6D65725F74797065',X'30',0),
	(30832,0,X'73696D706C65',X'73696D706C655F7365745F636865636B6F75745F637573746F6D6572',X'613A333A7B733A353A2267726F7570223B613A323A7B693A313B733A3137343A226865616465725F6D61696E2C6D61696E5F656D61696C2C6D61696E5F66697273746E616D652C6D61696E5F6C6173746E616D652C6D61696E5F74656C6570686F6E652C73706C69745F73706C69742C6865616465725F616464726573732C6D61696E5F636F756E7472795F69642C6D61696E5F7A6F6E655F69642C6D61696E5F636974792C6D61696E5F706F7374636F64652C6D61696E5F616464726573735F312C6D61696E5F636F6D6D656E74223B693A323B733A3137343A226865616465725F6D61696E2C6D61696E5F656D61696C2C6D61696E5F66697273746E616D652C6D61696E5F6C6173746E616D652C6D61696E5F74656C6570686F6E652C73706C69745F73706C69742C6865616465725F616464726573732C6D61696E5F636F756E7472795F69642C6D61696E5F7A6F6E655F69642C6D61696E5F636974792C6D61696E5F706F7374636F64652C6D61696E5F616464726573735F312C6D61696E5F636F6D6D656E74223B7D733A383A227368697070696E67223B613A323A7B693A313B613A313A7B733A343A2266726565223B733A303A22223B7D693A323B613A313A7B733A343A2266726565223B733A303A22223B7D7D733A373A227061796D656E74223B613A323A7B693A313B613A353A7B733A31373A2262616E6B5F7472616E736665725F626361223B733A303A22223B733A32313A2262616E6B5F7472616E736665725F6D616E64697269223B733A303A22223B733A333A22636F64223B733A303A22223B733A31333A22667265655F636865636B6F7574223B733A303A22223B733A31313A2270705F7374616E64617264223B733A303A22223B7D693A323B613A353A7B733A31373A2262616E6B5F7472616E736665725F626361223B733A303A22223B733A32313A2262616E6B5F7472616E736665725F6D616E64697269223B733A303A22223B733A333A22636F64223B733A303A22223B733A31333A22667265655F636865636B6F7574223B733A303A22223B733A31313A2270705F7374616E64617264223B733A303A22223B7D7D7D',1),
	(30833,0,X'73696D706C65',X'73696D706C655F73686F775F7368697070696E675F61646472657373',X'31',0),
	(30834,0,X'73696D706C65',X'73696D706C655F73686F775F7368697070696E675F616464726573735F73616D655F696E6974',X'31',0),
	(30835,0,X'73696D706C65',X'73696D706C655F73686F775F7368697070696E675F616464726573735F73616D655F73686F77',X'31',0),
	(30836,0,X'73696D706C65',X'73696D706C655F7368697070696E675F766965775F616464726573735F73656C656374',X'31',0),
	(30837,0,X'73696D706C65',X'73696D706C655F7368697070696E675F616464726573735F7573655F67656F5F73656C6563746F72',X'30',0),
	(30838,0,X'73696D706C65',X'73696D706C655F7368697070696E675F616464726573735F67656F5F73656C6563746F725F74797065',X'31',0),
	(30839,0,X'73696D706C65',X'73696D706C655F7365745F636865636B6F75745F61646472657373',X'613A333A7B733A353A2267726F7570223B613A323A7B693A313B733A39363A226D61696E5F66697273746E616D652C6D61696E5F6C6173746E616D652C6D61696E5F636F756E7472795F69642C6D61696E5F7A6F6E655F69642C6D61696E5F636974792C6D61696E5F706F7374636F64652C6D61696E5F616464726573735F31223B693A323B733A39363A226D61696E5F66697273746E616D652C6D61696E5F6C6173746E616D652C6D61696E5F636F756E7472795F69642C6D61696E5F7A6F6E655F69642C6D61696E5F636974792C6D61696E5F706F7374636F64652C6D61696E5F616464726573735F31223B7D733A383A227368697070696E67223B613A323A7B693A313B613A313A7B733A343A2266726565223B733A303A22223B7D693A323B613A313A7B733A343A2266726565223B733A303A22223B7D7D733A373A227061796D656E74223B613A323A7B693A313B613A353A7B733A31373A2262616E6B5F7472616E736665725F626361223B733A303A22223B733A32313A2262616E6B5F7472616E736665725F6D616E64697269223B733A303A22223B733A333A22636F64223B733A303A22223B733A31333A22667265655F636865636B6F7574223B733A303A22223B733A31313A2270705F7374616E64617264223B733A303A22223B7D693A323B613A353A7B733A31373A2262616E6B5F7472616E736665725F626361223B733A303A22223B733A32313A2262616E6B5F7472616E736665725F6D616E64697269223B733A303A22223B733A333A22636F64223B733A303A22223B733A31333A22667265655F636865636B6F7574223B733A303A22223B733A31313A2270705F7374616E64617264223B733A303A22223B7D7D7D',1),
	(30825,0,X'73696D706C65',X'73696D706C655F637573746F6D65725F616374696F6E5F737562736372696265',X'32',0),
	(30824,0,X'73696D706C65',X'73696D706C655F637573746F6D65725F766965775F70617373776F72645F6C656E6774685F6D6178',X'3230',0),
	(30823,0,X'73696D706C65',X'73696D706C655F637573746F6D65725F766965775F70617373776F72645F6C656E6774685F6D696E',X'34',0),
	(30822,0,X'73696D706C65',X'73696D706C655F637573746F6D65725F766965775F70617373776F72645F636F6E6669726D',X'30',0),
	(30821,0,X'73696D706C65',X'73696D706C655F637573746F6D65725F67656E65726174655F70617373776F7264',X'30',0),
	(30820,0,X'73696D706C65',X'73696D706C655F637573746F6D65725F766965775F637573746F6D65725F72656769737465725F696E6974',X'30',0),
	(30819,0,X'73696D706C65',X'73696D706C655F637573746F6D65725F766965775F656D61696C5F636F6E6669726D',X'30',0),
	(30818,0,X'73696D706C65',X'73696D706C655F637573746F6D65725F766965775F656D61696C',X'32',0),
	(30817,0,X'73696D706C65',X'73696D706C655F637573746F6D65725F616374696F6E5F7265676973746572',X'32',0),
	(30816,0,X'73696D706C65',X'73696D706C655F73686F775F77696C6C5F62655F72656769737465726564',X'31',0),
	(30815,0,X'73696D706C65',X'73696D706C655F637573746F6D65725F686964655F69665F6C6F67676564',X'30',0),
	(30814,0,X'73696D706C65',X'73696D706C655F7061796D656E745F766965775F616464726573735F66756C6C',X'613A353A7B733A31373A2262616E6B5F7472616E736665725F626361223B733A313A2230223B733A32313A2262616E6B5F7472616E736665725F6D616E64697269223B733A313A2230223B733A333A22636F64223B733A313A2230223B733A31333A22667265655F636865636B6F7574223B733A313A2230223B733A31313A2270705F7374616E64617264223B733A313A2230223B7D',1),
	(30813,0,X'73696D706C65',X'73696D706C655F7061796D656E745F766965775F6175746F73656C6563745F6669727374',X'30',0),
	(30812,0,X'73696D706C65',X'73696D706C655F7061796D656E745F766965775F616464726573735F656D707479',X'31',0),
	(30807,0,X'73696D706C65',X'73696D706C655F7368697070696E675F766965775F7469746C65',X'30',0),
	(30808,0,X'73696D706C65',X'73696D706C655F7368697070696E675F766965775F616464726573735F656D707479',X'31',0),
	(30809,0,X'73696D706C65',X'73696D706C655F7368697070696E675F766965775F6175746F73656C6563745F6669727374',X'30',0),
	(30810,0,X'73696D706C65',X'73696D706C655F7368697070696E675F766965775F616464726573735F66756C6C',X'613A313A7B733A343A2266726565223B733A313A2230223B7D',1),
	(30811,0,X'73696D706C65',X'73696D706C655F7061796D656E745F6D6574686F64735F68696465',X'30',0),
	(30806,0,X'73696D706C65',X'73696D706C655F7368697070696E675F6D6574686F64735F68696465',X'30',0),
	(30803,0,X'73696D706C65',X'73696D706C655F636F6D6D6F6E5F766965775F61677265656D656E745F636865636B626F785F696E6974',X'30',0),
	(30804,0,X'73696D706C65',X'73696D706C655F636F6D6D6F6E5F766965775F68656C705F6964',X'30',0),
	(30805,0,X'73696D706C65',X'73696D706C655F636F6D6D6F6E5F766965775F68656C705F74657874',X'30',0),
	(30798,0,X'73696D706C65',X'73696D706C655F6D696E5F776569676874','',0),
	(30799,0,X'73696D706C65',X'73696D706C655F6D61785F776569676874','',0),
	(30800,0,X'73696D706C65',X'73696D706C655F636F6D6D6F6E5F766965775F61677265656D656E745F6964',X'30',0),
	(30801,0,X'73696D706C65',X'73696D706C655F636F6D6D6F6E5F766965775F61677265656D656E745F74657874',X'30',0),
	(30802,0,X'73696D706C65',X'73696D706C655F636F6D6D6F6E5F766965775F61677265656D656E745F636865636B626F78',X'30',0),
	(30797,0,X'73696D706C65',X'73696D706C655F6D61785F7175616E74697479','',0),
	(30796,0,X'73696D706C65',X'73696D706C655F6D696E5F7175616E74697479','',0),
	(30795,0,X'73696D706C65',X'73696D706C655F6D61785F616D6F756E74','',0),
	(30790,0,X'73696D706C65',X'73696D706C655F636F6D6D656E745F746172676574','',0),
	(30791,0,X'73696D706C65',X'73696D706C655F6D696E696679',X'30',0),
	(30792,0,X'73696D706C65',X'73696D706C655F7573655F746F74616C',X'30',0),
	(30793,0,X'73696D706C65',X'73696D706C655F73686F775F776569676874',X'30',0),
	(30794,0,X'73696D706C65',X'73696D706C655F6D696E5F616D6F756E74','',0),
	(30778,0,X'73696D706C65',X'73696D706C655F73746570735F73756D6D617279',X'30',0),
	(30779,0,X'73696D706C65',X'73696D706C655F6465627567',X'30',0),
	(30780,0,X'73696D706C65',X'73696D706C655F64697361626C655F67756573745F636865636B6F7574',X'30',0),
	(30781,0,X'73696D706C65',X'73696D706C655F656D7074795F656D61696C','',0),
	(30782,0,X'73696D706C65',X'73696D706C655F7365745F666F725F72656C6F6164',X'6D61696E5F636F756E7472795F69642C6D61696E5F7A6F6E655F69642C6D61696E5F636974792C6D61696E5F706F7374636F64652C6D61696E5F616464726573735F31',0),
	(30783,0,X'73696D706C65',X'73696D706C655F7573655F636F6F6B696573',X'30',0),
	(30784,0,X'73696D706C65',X'73696D706C655F73686F775F6261636B',X'30',0),
	(30785,0,X'73696D706C65',X'73696D706C655F636865636B6F75745F617361705F666F725F6E6F745F6C6F67676564',X'31',0),
	(30786,0,X'73696D706C65',X'73696D706C655F636865636B6F75745F617361705F666F725F6C6F67676564',X'31',0),
	(30787,0,X'73696D706C65',X'73696D706C655F67656F69705F6D6F6465',X'31',0),
	(30788,0,X'73696D706C65',X'73696D706C655F747970655F6F665F73656C656374696F6E5F6F665F67726F7570',X'726164696F',0),
	(30789,0,X'73696D706C65',X'73696D706C655F637573746F6D65725F67726F75705F69645F61667465725F726567',X'31',0),
	(30777,0,X'73696D706C65',X'73696D706C655F7374657073',X'30',0),
	(30776,0,X'73696D706C65',X'73696D706C655F636F6D6D6F6E5F74656D706C617465',X'7B74687265655F636F6C756D6E7D7B637573746F6D65727D7B2F74687265655F636F6C756D6E7D7B74687265655F636F6C756D6E7D7B7061796D656E747D7B7368697070696E677D7B2F74687265655F636F6C756D6E7D7B74687265655F636F6C756D6E7D7B636172747D7B61677265656D656E747D7B7061796D656E745F666F726D7D7B2F74687265655F636F6C756D6E7D',0),
	(30906,0,X'6A6E655F6F6B65',X'6A6E655F6F6B655F33395F737461747573',X'31',0),
	(33324,0,X'636F6E666967',X'636F6E6669675F6F726465725F65646974',X'313030',0),
	(33323,0,X'636F6E666967',X'636F6E6669675F636865636B6F75745F6964',X'35',0),
	(33322,0,X'636F6E666967',X'636F6E6669675F67756573745F636865636B6F7574',X'31',0),
	(33321,0,X'636F6E666967',X'636F6E6669675F636172745F776569676874',X'31',0),
	(33320,0,X'636F6E666967',X'636F6E6669675F6163636F756E745F6964',X'33',0),
	(33319,0,X'636F6E666967',X'636F6E6669675F646973636F756E745F646973706C6179',X'30',0),
	(33318,0,X'636F6E666967',X'636F6E6669675F646973636F756E745F6C6F67696E',X'30',0),
	(33317,0,X'636F6E666967',X'636F6E6669675F637573746F6D65725F7072696365',X'30',0),
	(33316,0,X'636F6E666967',X'636F6E6669675F637573746F6D65725F67726F75705F646973706C6179',X'613A313A7B693A303B733A313A2231223B7D',1),
	(33315,0,X'636F6E666967',X'636F6E6669675F637573746F6D65725F67726F75705F6964',X'31',0),
	(33314,0,X'636F6E666967',X'636F6E6669675F637573746F6D65725F6F6E6C696E65',X'31',0),
	(33313,0,X'636F6E666967',X'636F6E6669675F7461785F637573746F6D6572',X'7368697070696E67',0),
	(33312,0,X'636F6E666967',X'636F6E6669675F7461785F64656661756C74',X'7368697070696E67',0),
	(33311,0,X'636F6E666967',X'636F6E6669675F766174',X'30',0),
	(33310,0,X'636F6E666967',X'636F6E6669675F746178',X'31',0),
	(33309,0,X'636F6E666967',X'636F6E6669675F766F75636865725F6D6178',X'31303030303030',0),
	(33308,0,X'636F6E666967',X'636F6E6669675F766F75636865725F6D696E',X'3530303030',0),
	(33307,0,X'636F6E666967',X'636F6E6669675F75706C6F61645F616C6C6F776564',X'6A70672C204A50472C206A7065672C206769662C20706E672C20747874',0),
	(33306,0,X'636F6E666967',X'636F6E6669675F646F776E6C6F6164',X'31',0),
	(33305,0,X'636F6E666967',X'636F6E6669675F7265766965775F737461747573',X'31',0),
	(33304,0,X'636F6E666967',X'636F6E6669675F70726F647563745F636F756E74',X'30',0),
	(33303,0,X'636F6E666967',X'636F6E6669675F61646D696E5F6C696D6974',X'3234',0),
	(33302,0,X'636F6E666967',X'636F6E6669675F636174616C6F675F6C696D6974',X'3234',0),
	(33301,0,X'636F6E666967',X'636F6E6669675F7765696768745F636C6173735F6964',X'31',0),
	(33300,0,X'636F6E666967',X'636F6E6669675F6C656E6774685F636C6173735F6964',X'31',0),
	(33299,0,X'636F6E666967',X'636F6E6669675F63757272656E63795F6175746F',X'31',0),
	(33298,0,X'636F6E666967',X'636F6E6669675F63757272656E6379',X'494452',0),
	(33297,0,X'636F6E666967',X'636F6E6669675F61646D696E5F6C616E6775616765',X'656E',0),
	(33296,0,X'636F6E666967',X'636F6E6669675F6C616E6775616765',X'656E',0),
	(33295,0,X'636F6E666967',X'636F6E6669675F7A6F6E655F6964',X'31353132',0),
	(33294,0,X'636F6E666967',X'636F6E6669675F636F756E7472795F6964',X'313030',0),
	(33293,0,X'636F6E666967',X'636F6E6669675F6F766572726964655F637373','',0),
	(33292,0,X'636F6E666967',X'636F6E6669675F646973706C61795F6F7074696F6E5F76616C7565',X'31',0),
	(33291,0,X'636F6E666967',X'636F6E6669675F646973706C61795F6272616E645F666F6F746572',X'31',0),
	(33290,0,X'636F6E666967',X'636F6E6669675F646973706C61795F6272616E64',X'31',0),
	(33289,0,X'636F6E666967',X'636F6E6669675F646973706C61795F6E65775F6172726976616C73',X'31',0),
	(33274,0,X'636F6E666967',X'636F6E6669675F61646472657373',X'4D656C666A6F7264766569656E2037350D0A3836313520534B4F4E53454E47',0),
	(33275,0,X'636F6E666967',X'636F6E6669675F656D61696C',X'53616E64794C6F6E65406461797265702E636F6D',0),
	(33276,0,X'636F6E666967',X'636F6E6669675F74656C6570686F6E65',X'34323920313720343035',0),
	(33277,0,X'636F6E666967',X'636F6E6669675F626C61636B6265727279','',0),
	(33278,0,X'636F6E666967',X'636F6E6669675F666178','',0),
	(33279,0,X'636F6E666967',X'636F6E6669675F676D6170','',0),
	(33280,0,X'636F6E666967',X'636F6E6669675F6C61796F75745F6964',X'34',0),
	(33281,0,X'636F6E666967',X'636F6E6669675F74656D706C617465',X'6D6F726F63636F',0),
	(33282,0,X'636F6E666967',X'636F6E6669675F7468656D65735F62675F696D67',X'646174612F7468656D65732F6D6F726F63636F2F7061747465726E2E706E67',0),
	(33283,0,X'636F6E666967',X'636F6E6669675F7468656D65735F62675F636F6C6F72',X'23666666666666',0),
	(33284,0,X'636F6E666967',X'636F6E6669675F636F6E74656E745F62675F636F6C6F72',X'31',0),
	(33285,0,X'636F6E666967',X'636F6E6669675F7468656D65735F62675F706F7369746F6E5F78',X'63656E746572',0),
	(33286,0,X'636F6E666967',X'636F6E6669675F7468656D65735F62675F706F7369746F6E5F79',X'746F70',0),
	(33287,0,X'636F6E666967',X'636F6E6669675F7468656D65735F62675F726570656174',X'726570656174',0),
	(33288,0,X'636F6E666967',X'636F6E6669675F646973706C61795F686F6D65',X'31',0),
	(33273,0,X'636F6E666967',X'636F6E6669675F6F776E6572',X'53616E6479204C6F6E65',0),
	(33272,0,X'636F6E666967',X'636F6E6669675F6D6574615F6465736372697074696F6E','',0),
	(33271,0,X'636F6E666967',X'636F6E6669675F7469746C65',X'4D6F726F63636F205468656D6573207C2042756B61746F6B6F2E636F6D',0),
	(33270,0,X'636F6E666967',X'636F6E6669675F6E616D65',X'4D6F726F63636F',0),
	(33258,0,X'77656C636F6D65',X'77656C636F6D655F6D6F64756C65',X'613A323A7B693A313B613A353A7B733A31313A226465736372697074696F6E223B613A313A7B693A313B733A3437343A22266C743B702667743B0D0A0943756D20736F63696973206E61746F7175652070656E617469627573206574206D61676E6973206469732070617274757269656E74206D6F6E7465732C206E61736365747572207269646963756C7573206D75732E2043726173206A7573746F206F64696F2C206461706962757320616320666163696C6973697320696E2C20656765737461732065676574207175616D2E20566976616D7573207361676974746973206C616375732076656C206175677565206C616F726565742072757472756D20666175636962757320646F6C6F7220617563746F722E204D616563656E6173206661756369627573206D6F6C6C697320696E74657264756D2E2044756973206D6F6C6C69732C20657374206E6F6E20636F6D6D6F646F206C75637475732C206E697369206572617420706F72747469746F72206C6967756C612C2065676574206C6163696E6961206F64696F2073656D206E656320656C69742E20446F6E656320756C6C616D636F72706572206E756C6C61206E6F6E206D6574757320617563746F72206672696E67696C6C612E20566573746962756C756D206964206C6967756C6120706F7274612066656C697320657569736D6F642073656D7065722E266C743B2F702667743B0D0A223B7D733A393A226C61796F75745F6964223B733A313A2231223B733A383A22706F736974696F6E223B733A31313A22636F6C756D6E5F6C656674223B733A363A22737461747573223B733A313A2231223B733A31303A22736F72745F6F72646572223B733A313A2230223B7D693A323B613A353A7B733A31313A226465736372697074696F6E223B613A313A7B693A313B733A3336393A22266C743B702667743B0D0A094E756C6C616D207175697320726973757320656765742075726E61206D6F6C6C6973206F726E6172652076656C206575206C656F2E20467573636520646170696275732C2074656C6C75732061632063757273757320636F6D6D6F646F2C20746F72746F72206D617572697320636F6E64696D656E74756D206E6962682C207574206665726D656E74756D206D61737361206A7573746F2073697420616D65742072697375732E2043726173206A7573746F206F64696F2C206461706962757320616320666163696C6973697320696E2C20656765737461732065676574207175616D2E20566573746962756C756D206964206C6967756C6120706F7274612066656C697320657569736D6F642073656D7065722E205072616573656E7420636F6D6D6F646F20637572737573206D61676E612C2076656C207363656C65726973717565206E69736C20636F6E73656374657475722065742E266C743B2F702667743B0D0A223B7D733A393A226C61796F75745F6964223B733A313A2231223B733A383A22706F736974696F6E223B733A31343A22636F6E74656E745F626F74746F6D223B733A363A22737461747573223B733A313A2230223B733A31303A22736F72745F6F72646572223B733A313A2230223B7D7D',1),
	(33373,0,X'636F6E666967',X'636F6E6669675F6D61696C5F706172616D65746572','',0),
	(33374,0,X'636F6E666967',X'636F6E6669675F736D74705F686F7374','',0),
	(33375,0,X'636F6E666967',X'636F6E6669675F736D74705F757365726E616D65','',0),
	(33376,0,X'636F6E666967',X'636F6E6669675F736D74705F70617373776F7264','',0),
	(33377,0,X'636F6E666967',X'636F6E6669675F736D74705F706F7274',X'3235',0),
	(33378,0,X'636F6E666967',X'636F6E6669675F736D74705F74696D656F7574',X'35',0),
	(33379,0,X'636F6E666967',X'636F6E6669675F616C6572745F6D61696C',X'31',0),
	(33380,0,X'636F6E666967',X'636F6E6669675F6163636F756E745F6D61696C',X'31',0),
	(33381,0,X'636F6E666967',X'636F6E6669675F616C6572745F656D61696C73','',0),
	(33382,0,X'636F6E666967',X'636F6E6669675F7573655F73736C',X'30',0),
	(33383,0,X'636F6E666967',X'636F6E6669675F73656F5F75726C',X'30',0),
	(33384,0,X'636F6E666967',X'636F6E6669675F6D61696E74656E616E6365',X'30',0),
	(33385,0,X'636F6E666967',X'636F6E6669675F656E6372797074696F6E',X'3434613239306164613330363062653461623964303737343739336638343361',0),
	(33386,0,X'636F6E666967',X'636F6E6669675F636F6D7072657373696F6E',X'35',0),
	(33387,0,X'636F6E666967',X'636F6E6669675F6572726F725F646973706C6179',X'31',0),
	(33388,0,X'636F6E666967',X'636F6E6669675F6572726F725F6C6F67',X'31',0),
	(33389,0,X'636F6E666967',X'636F6E6669675F6572726F725F66696C656E616D65',X'6572726F722E6C6F67',0),
	(33390,0,X'636F6E666967',X'636F6E6669675F676F6F676C655F616E616C7974696373','',0),
	(33391,0,X'636F6E666967',X'636F6E6669675F7961686F6F5F31',X'62756B61746F6B6F3031',0),
	(33392,0,X'636F6E666967',X'636F6E6669675F7961686F6F5F32',X'62756B61746F6B6F3032',0),
	(33393,0,X'636F6E666967',X'636F6E6669675F7961686F6F5F33','',0),
	(33394,0,X'636F6E666967',X'636F6E6669675F796D5F6F6E6C696E655F696D67',X'646174612F6F6E6C696E652D757262616E2E706E67',0),
	(33395,0,X'636F6E666967',X'636F6E6669675F796D5F6F66666C696E655F696D67',X'646174612F6F66666C696E652D757262616E2E706E67',0),
	(33396,0,X'636F6E666967',X'636F6E6669675F7A6F70696D','',0),
	(33397,0,X'636F6E666967',X'636F6E6669675F66616365626F6F6B',X'62756B61746F6B6F',0),
	(33398,0,X'636F6E666967',X'636F6E6669675F74776974746572',X'62756B61746F6B6F',0),
	(33399,0,X'636F6E666967',X'636F6E6669675F70696E746572657374',X'62756B61746F6B6F',0),
	(33400,0,X'636F6E666967',X'636F6E6669675F676F6F676C65706C7573',X'62756B61746F6B6F',0),
	(33401,0,X'636F6E666967',X'636F6E6669675F696E7374616772616D','',0),
	(33402,0,X'636F6E666967',X'636F6E6669675F62616E6B5F31',X'646174612F62616E6B2D6C6F676F2F6263612E706E67',0),
	(33403,0,X'636F6E666967',X'636F6E6669675F62616E6B5F32',X'646174612F7061796D656E742D7368697070696E672F6D616E646972692E706E67',0),
	(33404,0,X'636F6E666967',X'636F6E6669675F62616E6B5F33',X'646174612F7061796D656E742D7368697070696E672F70617970616C2E706E67',0),
	(33405,0,X'636F6E666967',X'636F6E6669675F62616E6B5F34','',0),
	(33406,0,X'636F6E666967',X'636F6E6669675F62616E6B5F35','',0),
	(33407,0,X'636F6E666967',X'636F6E6669675F61626F75745F7573','',0),
	(33408,0,X'636F6E666967',X'636F6E6669675F6C6F67696E5F74657874',X'266C743B68352667743B526567697374657220746F2063726561746520796F7572206163636F756E742E2E2E0D0A41732061206D656D6265722C20796F75276C6C2E2E2E266C743B2F68352667743B0D0A266C743B62722F2667743B0D0A266C743B756C2667743B0D0A09266C743B6C692667743B517569636B2026616D703B616D703B2045617379204F72646572696E672E266C743B2F6C692667743B0D0A09266C743B6C692667743B5361766520796F757220696E666F726D6174696F6E20666F722066617374657220636865636B6F75742E266C743B2F6C692667743B0D0A09266C743B6C692667743B41636365737320796F7572206F7264657220686973746F72792E266C743B2F6C692667743B0D0A09266C743B6C692667743B4372656174652026616D703B20736861726520796F75722077697368206C6973742E266C743B2F6C692667743B0D0A09266C743B6C692667743B47657420696E20746F7563682077697468206F7572206E6577736C65747465722E266C743B2F6C692667743B0D0A09266C743B6C692667743B47657420696E666F726D6174696F6E2061626F7574207370656369616C206F666665722E266C743B2F6C692667743B0D0A09266C743B6C692667743B42652074686520666972737420746F206B6E6F772061626F7574206F7572206E6577206974656D732E266C743B2F6C692667743B0D0A266C743B2F756C2667743B',0),
	(33409,0,X'636F6E666967',X'636F6E6669675F696E766F6963655F6E6F7465',X'266C743B702667743B5468616E6B20796F7520666F722073686F7070696E6720776974682075732E266C743B2F702667743B',0);



# Dump of table simple_custom_data
# ------------------------------------------------------------

